000
CXUS52 KGSP 220817
CF6GSP
PRELIMINARY LOCAL CLIMATOLOGICAL DATA (WS FORM: F-6)

                                          STATION:   GREENVILLE-SPARTANBURG SC
                                          MONTH:     JUNE
                                          YEAR:      2018
                                          LATITUDE:   34 54 N
                                          LONGITUDE:  82 13 W

  TEMPERATURE IN F:       :PCPN:    SNOW:  WIND      :SUNSHINE: SKY     :PK WND
================================================================================
1   2   3   4   5  6A  6B    7    8   9   10  11  12  13   14  15   16   17  18
                                     12Z  AVG MX 2MIN
DY MAX MIN AVG DEP HDD CDD  WTR  SNW DPTH SPD SPD DIR MIN PSBL S-S WX    SPD DR
================================================================================

 1  90  66  78   5   0  13 0.00  0.0    0  7.9 23 230   M    M   1 1      30 230
 2  88  64  76   2   0  11 0.00  0.0    0  3.9 12 280   M    M   1 13     18 280
 3  89  68  79   5   0  14 0.00  0.0    0  4.4 13 250   M    M   1        18 230
 4  87  65  76   2   0  11 0.00  0.0    0  6.3 15  10   M    M   0        20 360
 5  83  64  74   0   0   9 0.00  0.0    0  4.6 12 230   M    M   0        14 210
 6  90  61  76   1   0  11 0.00  0.0    0  3.7 13 260   M    M   2        19 300
 7  87  67  77   2   0  12 0.00  0.0    0  5.7 14  40   M    M   0        22  80
 8  88  69  79   4   0  14 0.00  0.0    0  4.7 10  80   M    M   1        14  90
 9  89  67  78   3   0  13 0.00  0.0    0  2.3  9 100   M    M   1 1      11 100
10  90  68  79   3   0  14 0.00  0.0    0  4.3 13 190   M    M   2 13     17 180
11  89  68  79   3   0  14 0.64  0.0    0  5.2 24  40   M    M   2 13     32  40
12  74  64  69  -7   0   4 0.01  0.0    0  7.3 15  50   M    M  10 1      18  50
13  86  66  76   0   0  11 0.00  0.0    0  6.3 16 240   M    M   6        22 220
14  91  70  81   4   0  16 0.00  0.0    0  3.7  9  70   M    M   1        12  60
15  91  69  80   3   0  15 0.00  0.0    0  3.6  9  50   M    M   0        12 110
16  90  70  80   3   0  15 0.01  0.0    0  4.3 16 270   M    M   0 3      22 270
17  91  70  81   4   0  16 0.00  0.0    0  3.7 12 180   M    M   0 3      16 280
18  93  68  81   4   0  16 0.00  0.0    0  4.5 12 190   M    M   1        16 180
19  96  72  84   6   0  19 1.90  0.0    0  3.1 31 210   M    M   2 138    39 200
20  94  73  84   6   0  19 0.00  0.0    0  2.8 10 360   M    M   1        16 300
21  90  73  82   4   0  17 0.17  0.0    0  6.3 31 210   M    M   2 13     42 200
================================================================================
SM 1866 1422         0 284  2.73     0.0  98.6          M       34
================================================================================
AV 88.9 67.7                               4.7 FASTST   M    M   2    MAX(MPH)
                                 MISC ---->  # 31 210               # 42  200
================================================================================
NOTES:
# LAST OF SEVERAL OCCURRENCES

COLUMN 17 PEAK WIND IN M.P.H.

PRELIMINARY LOCAL CLIMATOLOGICAL DATA (WS FORM: F-6) , PAGE 2

                                          STATION:  GREENVILLE-SPARTANBURG SC
                                          MONTH:    JUNE
                                          YEAR:     2018
                                          LATITUDE:   34 54 N
                                          LONGITUDE:  82 13 W

[TEMPERATURE DATA]      [PRECIPITATION DATA]       SYMBOLS USED IN COLUMN 16

AVERAGE MONTHLY: 78.3   TOTAL FOR MONTH:   2.73    1 = FOG OR MIST
DPTR FM NORMAL:   2.5   DPTR FM NORMAL:    0.10    2 = FOG REDUCING VISIBILITY
HIGHEST:    96 ON 19    GRTST 24HR  1.90 ON 19-19      TO 1/4 MILE OR LESS
LOWEST:     61 ON  6                               3 = THUNDER
                        SNOW, ICE PELLETS, HAIL    4 = ICE PELLETS
                        TOTAL MONTH:   0.0 INCH    5 = HAIL
                        GRTST 24HR     0.0         6 = FREEZING RAIN OR DRIZZLE
                        GRTST DEPTH:   0           7 = DUSTSTORM OR SANDSTORM:
                                                       VSBY 1/2 MILE OR LESS
                                                   8 = SMOKE OR HAZE
[NO. OF DAYS WITH]      [WEATHER - DAYS WITH]      9 = BLOWING SNOW
                                                   X = TORNADO
MAX 32 OR BELOW:   0    0.01 INCH OR MORE:   5
MAX 90 OR ABOVE:  11    0.10 INCH OR MORE:   3
MIN 32 OR BELOW:   0    0.50 INCH OR MORE:   2
MIN  0 OR BELOW:   0    1.00 INCH OR MORE:   1

[HDD (BASE 65) ]
TOTAL THIS MO.     0    CLEAR  (SCALE 0-3)  19
DPTR FM NORMAL     0    PTCLDY (SCALE 4-7)   1
TOTAL FM JUL 1  2916    CLOUDY (SCALE 8-10)  1
DPTR FM NORMAL  -128

[CDD (BASE 65) ]
TOTAL THIS MO.   284
DPTR FM NORMAL    56    [PRESSURE DATA]
TOTAL FM JAN 1   572    HIGHEST SLP M ON M
DPTR FM NORMAL   143    LOWEST  SLP 29.76 ON 21

[REMARKS]
