000
CXUS54 KFWD 270730
CF6GYI
PRELIMINARY LOCAL CLIMATOLOGICAL DATA (WS FORM: F-6)

                                          STATION:   SHERMAN DENISON
                                          MONTH:     MAY
                                          YEAR:      2018
                                          LATITUDE:   33 42 N
                                          LONGITUDE:  96 40 W

  TEMPERATURE IN F:       :PCPN:    SNOW:  WIND      :SUNSHINE: SKY     :PK WND
================================================================================
1   2   3   4   5  6A  6B    7    8   9   10  11  12  13   14  15   16   17  18
                                     12Z  AVG MX 2MIN
DY MAX MIN AVG DEP HDD CDD  WTR  SNW DPTH SPD SPD DIR MIN PSBL S-S WX    SPD DR
================================================================================

 1  78  67  73   7   0   8 0.00  0.0    0 17.5 22 170   M    M   9        30 150
 2  83  69  76   9   0  11 0.01  0.0    0 15.4 24 160   M    M   8 1      33 150
 3  76  68  72   5   0   7    M  0.0    0 15.3 23 150   M    M   5 3      30 150
 4  72  56  64  -3   1   0 0.15  0.0    0  5.7 14 170   M    M   3         M  M
 5  79  55  67  -1   0   2 0.00  0.0    0  4.0 12 350   M    M   2 12     18 360
 6  83  54  69   1   0   4 0.00  0.0    0  3.9 10 150   M    M   0         M  M
 7  89  60  75   7   0  10 0.00  0.0    0  7.4 13 150   M    M   0         M  M
 8  88  65  77   9   0  12 0.00  0.0    0 12.6 20 180   M    M   0        24 180
 9  86  63  75   6   0  10 0.00  0.0    0 12.8 22 200   M    M   0        27 200
10  85  60  73   4   0   8 0.00  0.0    0 11.7 22 160   M    M   0        28 160
11  86  67  77   8   0  12 0.00  0.0    0 15.8 23 190   M    M   1        29 190
12  88  70  79  10   0  14 0.00  0.0    0 13.6 20 150   M    M   2        27 190
13  88  69  79   9   0  14 0.00  0.0    0 12.1 17 150   M    M   2        23 150
14  89  71  80  10   0  15 0.00  0.0    0 12.6 18 180   M    M   1        24 200
15  89  64  77   7   0  12 0.21  0.0    0  9.4 15  90   M    M   4 3      23 110
16  85  64  75   5   0  10 0.00  0.0    0  4.6 13 100   M    M   1         M  M
17  89  60  75   4   0  10 0.00  0.0    0  5.0  9 100   M    M   0 3       M  M
18  94  68  81  10   0  16 0.01  0.0    0  8.6 14 150   M    M   0 3      17 150
19  91  72  82  11   0  17 0.00  0.0    0 12.4 23 170   M    M   0        28 170
20  82  66  74   2   0   9 0.14  0.0    0  6.9 16 160   M    M   3 3      25 310
21  85  62  74   2   0   9 0.00  0.0    0  2.3  7  10   M    M   3 1       M  M
22  89  67  78   6   0  13 0.00  0.0    0  6.2  9 150   M    M   2         M  M
23  91  66  79   7   0  14 0.00  0.0    0  6.3 12 150   M    M   1         M  M
24  92  70  81   8   0  16 0.00  0.0    0  7.6 12 140   M    M   1         M  M
25  87  66  77   4   0  12 0.56  0.0    0  8.9 28 340   M    M   3 3      43 340
26  94  65  80   7   0  15 0.00  0.0    0  4.8 10 110   M    M   2         M  M
================================================================================
SM 2238 1684         1 280  1.08     0.0 243.4          M       53
================================================================================
AV 86.1 64.8                               9.4 FASTST   M    M   2    MAX(MPH)
                                 MISC ---->  # 28 340               # 43  340
================================================================================
NOTES:
# LAST OF SEVERAL OCCURRENCES

COLUMN 17 PEAK WIND IN M.P.H.

PRELIMINARY LOCAL CLIMATOLOGICAL DATA (WS FORM: F-6) , PAGE 2

                                          STATION:  SHERMAN DENISON
                                          MONTH:    MAY
                                          YEAR:     2018
                                          LATITUDE:   33 42 N
                                          LONGITUDE:  96 40 W

[TEMPERATURE DATA]      [PRECIPITATION DATA]       SYMBOLS USED IN COLUMN 16

AVERAGE MONTHLY: 75.4   TOTAL FOR MONTH:   1.08    1 = FOG OR MIST
DPTR FM NORMAL:   5.6   DPTR FM NORMAL:   -3.36    2 = FOG REDUCING VISIBILITY
HIGHEST:    94 ON 26,18 GRTST 24HR  0.56 ON 25-25      TO 1/4 MILE OR LESS
LOWEST:     54 ON  6                               3 = THUNDER
                        SNOW, ICE PELLETS, HAIL    4 = ICE PELLETS
                        TOTAL MONTH:   0.0 INCH    5 = HAIL
                        GRTST 24HR     0.0         6 = FREEZING RAIN OR DRIZZLE
                        GRTST DEPTH:   0           7 = DUSTSTORM OR SANDSTORM:
                                                       VSBY 1/2 MILE OR LESS
                                                   8 = SMOKE OR HAZE
[NO. OF DAYS WITH]      [WEATHER - DAYS WITH]      9 = BLOWING SNOW
                                                   X = TORNADO
MAX 32 OR BELOW:   0    0.01 INCH OR MORE:   6
MAX 90 OR ABOVE:   5    0.10 INCH OR MORE:   4
MIN 32 OR BELOW:   0    0.50 INCH OR MORE:   1
MIN  0 OR BELOW:   0    1.00 INCH OR MORE:   0

[HDD (BASE 65) ]
TOTAL THIS MO.     1    CLEAR  (SCALE 0-3)  22
DPTR FM NORMAL   -21    PTCLDY (SCALE 4-7)   3
TOTAL FM JUL 1  2672    CLOUDY (SCALE 8-10)  1
DPTR FM NORMAL  -198

[CDD (BASE 65) ]
TOTAL THIS MO.   280
DPTR FM NORMAL   133    [PRESSURE DATA]
TOTAL FM JAN 1   332    HIGHEST SLP M ON M
DPTR FM NORMAL   111    LOWEST  SLP M ON M

[REMARKS]
