000
CXUS53 KGID 220730
CF6HDE
PRELIMINARY LOCAL CLIMATOLOGICAL DATA (WS FORM: F-6)

                                          STATION:   HOLDREGE
                                          MONTH:     APRIL
                                          YEAR:      2018
                                          LATITUDE:   40 27 N
                                          LONGITUDE:  99 20 W

  TEMPERATURE IN F:       :PCPN:    SNOW:  WIND      :SUNSHINE: SKY     :PK WND
================================================================================
1   2   3   4   5  6A  6B    7    8   9   10  11  12  13   14  15   16   17  18
                                     12Z  AVG MX 2MIN
DY MAX MIN AVG DEP HDD CDD  WTR  SNW DPTH SPD SPD DIR MIN PSBL S-S WX    SPD DR
================================================================================

 1  28  17  23 -21  42   0    M    M    M  7.6 20  30   M    M   6         M  M
 2  51  16  34 -10  31   0    T    M    M 13.7 24 180   M    M   4 1      29 180
 3  36  20  28 -17  37   0    T    M    M 16.7 29 320   M    M   5 1      39 330
 4  61  15  38  -7  27   0 0.00    M    M 11.7 23 190   M    M   1        35 190
 5  60  27  44  -2  21   0 0.00    M    M  9.1 15  40   M    M   2        22  40
 6  42  17  30 -16  35   0    M    M    M 16.4 27  10   M    M   9        37  30
 7  37   8  23 -23  42   0 0.00    M    M  5.8 14 160   M    M   0         M  M
 8  64  32  48   1  17   0 0.00    M    M 17.3 28 190   M    M   4        37 190
 9  42  25  34 -13  31   0 0.00    M    M  8.5 17 340   M    M   6        23  10
10  69  26  48   1  17   0    T    M    M  7.8 15 270   M    M   3        18 210
11  80  45  63  15   2   0 0.00    M    M  9.2 15 190   M    M   0        20 190
12  69  38  54   6  11   0 0.00    M    M 16.1 24  50   M    M   0        30  90
13  52  26  39  -9  26   0    M    M    M 21.5 32 340   M    M   8 1      44 340
14  28  24  26 -23  39   0    M    M    M 28.1 37 340   M    M  10 18     51 340
15  37  17  27 -22  38   0 0.00    M    M 13.7 20 340   M    M   2        28 350
16  55  17  36 -14  29   0 0.00    M    M  6.8 13 100   M    M   0        20 160
17  62  32  47  -3  18   0 0.06    M    M 17.2 28 110   M    M   1        33 110
18  51  32  42  -8  23   0 0.05    M    M 16.2 24 340   M    M   6        37 340
19  57  26  42  -9  23   0 0.00    M    M  7.2 12 140   M    M   0        22 140
20  53  37  45  -6  20   0 0.15    M    M 13.0 21 120   M    M   7        28 150
21  44  40  42  -9  23   0 0.06    M    M  8.7 15 100   M    M  10 13      M  M
================================================================================
SM 1078  537       552   0  0.32    M    272.3          M       84
================================================================================
AV 51.3 25.6                              13.0 FASTST   M    M   4    MAX(MPH)
                                 MISC ---->  # 37 340               # 51  340
================================================================================
NOTES:
# LAST OF SEVERAL OCCURRENCES

COLUMN 17 PEAK WIND IN M.P.H.

PRELIMINARY LOCAL CLIMATOLOGICAL DATA (WS FORM: F-6) , PAGE 2

                                          STATION:  HOLDREGE
                                          MONTH:    APRIL
                                          YEAR:     2018
                                          LATITUDE:   40 27 N
                                          LONGITUDE:  99 20 W

[TEMPERATURE DATA]      [PRECIPITATION DATA]       SYMBOLS USED IN COLUMN 16

AVERAGE MONTHLY: 38.5   TOTAL FOR MONTH:   0.32    1 = FOG OR MIST
DPTR FM NORMAL:  -9.3   DPTR FM NORMAL:   -1.11    2 = FOG REDUCING VISIBILITY
HIGHEST:    80 ON 11    GRTST 24HR  0.15 ON 20-20      TO 1/4 MILE OR LESS
LOWEST:      8 ON  7                               3 = THUNDER
                        SNOW, ICE PELLETS, HAIL    4 = ICE PELLETS
                        TOTAL MONTH:    M          5 = HAIL
                        GRTST 24HR    M  ON   M    6 = FREEZING RAIN OR DRIZZLE
                        GRTST DEPTH:  M  ON   M    7 = DUSTSTORM OR SANDSTORM:
                                                       VSBY 1/2 MILE OR LESS
                                                   8 = SMOKE OR HAZE
[NO. OF DAYS WITH]      [WEATHER - DAYS WITH]      9 = BLOWING SNOW
                                                   X = TORNADO
MAX 32 OR BELOW:   2    0.01 INCH OR MORE:   4
MAX 90 OR ABOVE:   0    0.10 INCH OR MORE:   1
MIN 32 OR BELOW:  17    0.50 INCH OR MORE:   0
MIN  0 OR BELOW:   0    1.00 INCH OR MORE:   0

[HDD (BASE 65) ]
TOTAL THIS MO.   552    CLEAR  (SCALE 0-3)  10
DPTR FM NORMAL   187    PTCLDY (SCALE 4-7)   7
TOTAL FM JUL 1  5997    CLOUDY (SCALE 8-10)  4
DPTR FM NORMAL    72

[CDD (BASE 65) ]
TOTAL THIS MO.     0
DPTR FM NORMAL     0    [PRESSURE DATA]
TOTAL FM JAN 1     0    HIGHEST SLP M ON M
DPTR FM NORMAL     0    LOWEST  SLP M ON M

[REMARKS]
