000
CXUS54 KMAF 251100
CF6HOB
PRELIMINARY LOCAL CLIMATOLOGICAL DATA (WS FORM: F-6)

                                          STATION:   Lea Airport, Hobbs
                                          MONTH:     MAY
                                          YEAR:      2018
                                          LATITUDE:   32 40 N
                                          LONGITUDE: 103-12 E

  TEMPERATURE IN F:       :PCPN:    SNOW:  WIND      :SUNSHINE: SKY     :PK WND
================================================================================
1   2   3   4   5  6A  6B    7    8   9   10  11  12  13   14  15   16   17  18
                                     12Z  AVG MX 2MIN
DY MAX MIN AVG DEP HDD CDD  WTR  SNW DPTH SPD SPD DIR MIN PSBL S-S WX    SPD DR
================================================================================

 1   M   M   M   M   M   M 0.00  0.0    0 13.2 24 210   M    M   4        32 210
 2   M   M   M   M   M   M 0.00  0.0    0 16.4 24 290   M    M   4        36 190
 3  79  54  67   M   0   2 0.00  0.0    0 14.5 27 260   M    M   1        35 280
 4  79  52  66   M   0   1 0.00  0.0    0  9.5 21  20   M    M   1        27  20
 5  82  46  64   M   1   0 0.00  0.0    0  4.9  8 250   M    M   0        15 180
 6  88  52  70   M   0   5 0.00  0.0    0  8.1 16 190   M    M   0        23 170
 7  91  55  73   M   0   8 0.00  0.0    0 13.3 20 190   M    M   0        27 190
 8  97  63  80   M   0  15 0.00  0.0    0 12.3 21 230   M    M   0        38 200
 9  97  59  78   M   0  13 0.00  0.0    0 11.1 25 170   M    M   0        36 170
10  99  63  81   M   0  16 0.00  0.0    0 14.8 23 160   M    M   2        35 160
11  99  66  83   M   0  18 0.00  0.0    0 16.4 23 220   M    M   0        32 210
12  97  61  79   M   0  14 0.00  0.0    0 12.4 20 230   M    M   0        30 160
13  93  61  77   M   0  12 0.00  0.0    0  9.4 22 180   M    M   0        29 190
14  91  59  75   M   0  10 0.00  0.0    0  7.9 14 180   M    M   1        24 170
15   M   M   M   M   M   M 0.00  0.0    0 10.4 15 120   M    M   2 18     23 250
16   M   M   M   M   M   M 0.00  0.0    0  8.4 17 120   M    M   1        25 110
17  97  66  82   M   0  17 0.00  0.0    0 14.7 30 170   M    M   1        37 170
18  97  59  78   M   0  13 0.00  0.0    0 13.1 25 220   M    M   1        32 210
19  93  59  76   M   0  11 0.00  0.0    0  8.2 16 170   M    M   1        23 160
20   M   M   M   M   M   M 0.00  0.0    0 13.2 30  30   M    M   6        37  30
21  82  57  70   M   0   5 0.00  0.0    0 13.4 20 120   M    M   5        29 120
22  84  63  74   M   0   9 0.00  0.0    0 14.0 21  30   M    M   6 3      29 140
23   M   M   M   M   M   M 0.62    M    0 13.7 22 250   M    M   5 3      32 130
24  90  57  74   M   0   9 0.00  0.0    0  7.6 14 170   M    M   1        16 140
================================================================================
SM 1635 1052         1 178  0.62     0.0 280.9          M       42
================================================================================
AV 90.8 58.4                              11.7 FASTST   M    M   2    MAX(MPH)
                                 MISC ---->  # 30 170               # 38  200
================================================================================
NOTES:
# LAST OF SEVERAL OCCURRENCES

COLUMN 17 PEAK WIND IN M.P.H.

PRELIMINARY LOCAL CLIMATOLOGICAL DATA (WS FORM: F-6) , PAGE 2

                                          STATION:  Lea Airport, Hobbs
                                          MONTH:    MAY
                                          YEAR:     2018
                                          LATITUDE:   32 40 N
                                          LONGITUDE: 103-12 E

[TEMPERATURE DATA]      [PRECIPITATION DATA]       SYMBOLS USED IN COLUMN 16

AVERAGE MONTHLY: 74.6   TOTAL FOR MONTH:   0.62    1 = FOG OR MIST
DPTR FM NORMAL:     M   DPTR FM NORMAL:       M    2 = FOG REDUCING VISIBILITY
HIGHEST:    99 ON 11,10 GRTST 24HR  0.62 ON 23-23      TO 1/4 MILE OR LESS
LOWEST:     46 ON  5                               3 = THUNDER
                        SNOW, ICE PELLETS, HAIL    4 = ICE PELLETS
                        TOTAL MONTH:   0.0 INCH    5 = HAIL
                        GRTST 24HR     0.0         6 = FREEZING RAIN OR DRIZZLE
                        GRTST DEPTH:   0           7 = DUSTSTORM OR SANDSTORM:
                                                       VSBY 1/2 MILE OR LESS
                                                   8 = SMOKE OR HAZE
[NO. OF DAYS WITH]      [WEATHER - DAYS WITH]      9 = BLOWING SNOW
                                                   X = TORNADO
MAX 32 OR BELOW:   0    0.01 INCH OR MORE:   1
MAX 90 OR ABOVE:  12    0.10 INCH OR MORE:   1
MIN 32 OR BELOW:   0    0.50 INCH OR MORE:   1
MIN  0 OR BELOW:   0    1.00 INCH OR MORE:   0

[HDD (BASE 65) ]
TOTAL THIS MO.     1    CLEAR  (SCALE 0-3)  18
DPTR FM NORMAL     M    PTCLDY (SCALE 4-7)   6
TOTAL FM JUL 1  2399    CLOUDY (SCALE 8-10)  0
DPTR FM NORMAL     M

[CDD (BASE 65) ]
TOTAL THIS MO.   178
DPTR FM NORMAL     M    [PRESSURE DATA]
TOTAL FM JAN 1   222    HIGHEST SLP M ON M
DPTR FM NORMAL     M    LOWEST  SLP M ON M

[REMARKS]
