000
CXUS54 KFWD 260730
CF6LUD
PRELIMINARY LOCAL CLIMATOLOGICAL DATA (WS FORM: F-6)

                                          STATION:   DECATUR
                                          MONTH:     APRIL
                                          YEAR:      2018
                                          LATITUDE:   33 15 N
                                          LONGITUDE:  97 30 W

  TEMPERATURE IN F:       :PCPN:    SNOW:  WIND      :SUNSHINE: SKY     :PK WND
================================================================================
1   2   3   4   5  6A  6B    7    8   9   10  11  12  13   14  15   16   17  18
                                     12Z  AVG MX 2MIN
DY MAX MIN AVG DEP HDD CDD  WTR  SNW DPTH SPD SPD DIR MIN PSBL S-S WX    SPD DR
================================================================================

 1  67  41  54  -4  11   0 0.00  0.0    0  3.7 10 170   M    M   8        16 330
 2  59  37  48 -10  17   0 0.00  0.0    0  1.1 14 160   M    M   8 1      17 160
 3  79  47  63   5   2   0 0.00  0.0    0 12.0 22 330   M    M   2        33 330
 4  62  37  50  -8  15   0 0.00  0.0    0  4.0 12  10   M    M   0        18  10
 5  74  41  58  -1   7   0 0.00  0.0    0  9.0 17 150   M    M   3        27 150
 6  86  46  66   7   0   1 0.00  0.0    0  8.7 17  10   M    M   8        31 360
 7  46  31  39 -20  26   0 0.00  0.0    0  5.7 18 360   M    M   8 1      27  10
 8  56  31  44 -16  21   0 0.00  0.0    0  1.4  7 130   M    M   4 1       M  M
 9  70  40  55  -5  10   0 0.00  0.0    0  1.4 10  30   M    M   1        16  30
10  71  42  57  -3   8   0 0.00  0.0    0  0.7  7 150   M    M   0         M  M
11  81  52  67   7   0   2 0.00  0.0    0 13.5 23 160   M    M   0        31 150
12  85  59  72  11   0   7 0.00  0.0    0 17.3 27 160   M    M   0        39 160
13  91  58  75  14   0  10 0.00  0.0    0 13.9 21 170   M    M   5 8      35 170
14  59  40  50 -11  15   0 0.00  0.0    0  9.3 20 320   M    M   0        33 310
15  63  34  49 -13  16   0 0.00  0.0    0  7.7 16 320   M    M   0        27 320
16  83  39  61  -1   4   0 0.00  0.0    0  8.9 18 170   M    M   0        28 160
17  88  58  73  11   0   8 0.00  0.0    0 13.9 21 160   M    M   0        30 170
18  74  54  64   2   1   0 0.00  0.0    0  7.2 13 330   M    M   1        22 340
19  71  46  59  -4   6   0 0.00  0.0    0  3.7  9  10   M    M   0        20  20
20  68  44  56  -7   9   0 0.00  0.0    0  9.7 20 120   M    M   0        25 120
21  57  49  53 -10  12   0 0.64  0.0    0  5.4 14 130   M    M   9 1      22 130
22  66  47  57  -7   8   0 0.00  0.0    0  4.4 10 290   M    M   5        22 330
23  74  47  61  -3   4   0 0.00  0.0    0  1.5 12 300   M    M   2        17 300
24  81  53  67   3   0   2 0.26  0.0    0  0.7  8  80   M    M   1         M  M
25  66  47  57  -8   8   0 0.28  0.0    0  3.2 17 110   M    M   6        22 340
================================================================================
SM 1777 1120       200  30  1.18     0.0 168.0          M       71
================================================================================
AV 71.1 44.8                               6.7 FASTST   M    M   3    MAX(MPH)
                                 MISC ---->  # 27 160               # 39  160
================================================================================
NOTES:
# LAST OF SEVERAL OCCURRENCES

COLUMN 17 PEAK WIND IN M.P.H.

PRELIMINARY LOCAL CLIMATOLOGICAL DATA (WS FORM: F-6) , PAGE 2

                                          STATION:  DECATUR
                                          MONTH:    APRIL
                                          YEAR:     2018
                                          LATITUDE:   33 15 N
                                          LONGITUDE:  97 30 W

[TEMPERATURE DATA]      [PRECIPITATION DATA]       SYMBOLS USED IN COLUMN 16

AVERAGE MONTHLY: 57.9   TOTAL FOR MONTH:   1.18    1 = FOG OR MIST
DPTR FM NORMAL:  -3.1   DPTR FM NORMAL:   -1.37    2 = FOG REDUCING VISIBILITY
HIGHEST:    91 ON 13    GRTST 24HR  0.64 ON 21-21      TO 1/4 MILE OR LESS
LOWEST:     31 ON  8, 7                            3 = THUNDER
                        SNOW, ICE PELLETS, HAIL    4 = ICE PELLETS
                        TOTAL MONTH:   0.0 INCH    5 = HAIL
                        GRTST 24HR     0.0         6 = FREEZING RAIN OR DRIZZLE
                        GRTST DEPTH:   0           7 = DUSTSTORM OR SANDSTORM:
                                                       VSBY 1/2 MILE OR LESS
                                                   8 = SMOKE OR HAZE
[NO. OF DAYS WITH]      [WEATHER - DAYS WITH]      9 = BLOWING SNOW
                                                   X = TORNADO
MAX 32 OR BELOW:   0    0.01 INCH OR MORE:   3
MAX 90 OR ABOVE:   1    0.10 INCH OR MORE:   3
MIN 32 OR BELOW:   2    0.50 INCH OR MORE:   1
MIN  0 OR BELOW:   0    1.00 INCH OR MORE:   0

[HDD (BASE 65) ]
TOTAL THIS MO.   200    CLEAR  (SCALE 0-3)  15
DPTR FM NORMAL    62    PTCLDY (SCALE 4-7)   8
TOTAL FM JUL 1  1269    CLOUDY (SCALE 8-10)  2
DPTR FM NORMAL -1641

[CDD (BASE 65) ]
TOTAL THIS MO.    30
DPTR FM NORMAL   -10    [PRESSURE DATA]
TOTAL FM JAN 1    75    HIGHEST SLP M ON M
DPTR FM NORMAL    23    LOWEST  SLP M ON M

[REMARKS]
