000
CXUS54 KMEG 230641
CF6MEM
PRELIMINARY LOCAL CLIMATOLOGICAL DATA (WS FORM: F-6)

                                          STATION:   MEMPHIS
                                          MONTH:     MAY
                                          YEAR:      2018
                                          LATITUDE:   35  3 N
                                          LONGITUDE:  89 59 W

  TEMPERATURE IN F:       :PCPN:    SNOW:  WIND      :SUNSHINE: SKY     :PK WND
================================================================================
1   2   3   4   5  6A  6B    7    8   9   10  11  12  13   14  15   16   17  18
                                     12Z  AVG MX 2MIN
DY MAX MIN AVG DEP HDD CDD  WTR  SNW DPTH SPD SPD DIR MIN PSBL S-S WX    SPD DR
================================================================================

 1  82  56  69   1   0   4 0.00  0.0    0  9.7 18 180   M    M   3        26 170
 2  85  67  76   8   0  11 0.00  0.0    0 11.5 20 190   M    M   5        27 200
 3  82  69  76   8   0  11 0.00  0.0    0 11.4 22 300   M    M   9        27 230
 4  77  66  72   4   0   7 0.02  0.0    0  8.3 16 220   M    M   9 3      26 170
 5  77  59  68  -1   0   3 0.37  0.0    0  4.6 18 360   M    M   7 13     22 360
 6  86  56  71   2   0   6 0.00  0.0    0  3.3 17  30   M    M   4        21  20
 7  86  59  73   4   0   8 0.00  0.0    0  5.2 14  30   M    M   1        19  30
 8  87  63  75   5   0  10 0.00  0.0    0  6.9  9 150   M    M   3         M  M
 9  89  69  79   9   0  14 0.00  0.0    0 11.1 22 230   M    M   4        30 210
10  90  67  79   9   0  14 0.00  0.0    0  8.2 16 210   M    M   5        26 190
11  89  67  78   8   0  13 0.00  0.0    0 12.1 22 220   M    M   2        31 230
12  88  67  78   7   0  13 0.00  0.0    0  9.0 17 170   M    M   6        25 140
13  92  68  80   9   0  15 0.00  0.0    0  7.1 17 180   M    M   1        22 260
14  93  71  82  11   0  17 0.00  0.0    0  6.2 13 210   M    M   3        16 210
15  93  71  82  11   0  17 0.00  0.0    0  5.3 15 310   M    M   4        20 290
16  88  72  80   8   0  15 0.03  0.0    0  5.8 18 130   M    M   8 38     22  50
17  85  68  77   5   0  12 1.06  0.0    0  3.9 22 330   M    M   7 13     28 330
18  85  66  76   4   0  11 0.00  0.0    0  3.5 12 240   M    M   7 18     17 250
19  89  70  80   8   0  15 0.07  0.0    0  8.1 33  40   M    M   4 3      41 230
20  92  70  81   8   0  16 0.10  0.0    0  8.0 20 130   M    M   5 3      26 140
21  81  69  75   2   0  10 0.42  0.0    0  6.9 14 160   M    M   8 13     18 130
22  88  70  79   6   0  14    T  0.0    0  5.1 23 110   M    M   7 138    29 130
================================================================================
SM 1904 1460         0 256  2.07     0.0 161.2          M      112
================================================================================
AV 86.6 66.4                               7.3 FASTST   M    M   5    MAX(MPH)
                                 MISC ---->  # 33  40               # 41  230
================================================================================
NOTES:
# LAST OF SEVERAL OCCURRENCES

COLUMN 17 PEAK WIND IN M.P.H.

PRELIMINARY LOCAL CLIMATOLOGICAL DATA (WS FORM: F-6) , PAGE 2

                                          STATION:  MEMPHIS
                                          MONTH:    MAY
                                          YEAR:     2018
                                          LATITUDE:   35  3 N
                                          LONGITUDE:  89 59 W

[TEMPERATURE DATA]      [PRECIPITATION DATA]       SYMBOLS USED IN COLUMN 16

AVERAGE MONTHLY: 76.5   TOTAL FOR MONTH:   2.07    1 = FOG OR MIST
DPTR FM NORMAL:   6.0   DPTR FM NORMAL:   -1.78    2 = FOG REDUCING VISIBILITY
HIGHEST:    93 ON 15,14 GRTST 24HR  1.06 ON 17-17      TO 1/4 MILE OR LESS
LOWEST:     56 ON  6, 1                            3 = THUNDER
                        SNOW, ICE PELLETS, HAIL    4 = ICE PELLETS
                        TOTAL MONTH:   0.0 INCH    5 = HAIL
                        GRTST 24HR     0.0         6 = FREEZING RAIN OR DRIZZLE
                        GRTST DEPTH:   0           7 = DUSTSTORM OR SANDSTORM:
                                                       VSBY 1/2 MILE OR LESS
                                                   8 = SMOKE OR HAZE
[NO. OF DAYS WITH]      [WEATHER - DAYS WITH]      9 = BLOWING SNOW
                                                   X = TORNADO
MAX 32 OR BELOW:   0    0.01 INCH OR MORE:   7
MAX 90 OR ABOVE:   5    0.10 INCH OR MORE:   4
MIN 32 OR BELOW:   0    0.50 INCH OR MORE:   1
MIN  0 OR BELOW:   0    1.00 INCH OR MORE:   1

[HDD (BASE 65) ]
TOTAL THIS MO.     0    CLEAR  (SCALE 0-3)   3
DPTR FM NORMAL   -17    PTCLDY (SCALE 4-7)  16
TOTAL FM JUL 1  3018    CLOUDY (SCALE 8-10)  3
DPTR FM NORMAL    56

[CDD (BASE 65) ]
TOTAL THIS MO.   256
DPTR FM NORMAL   119    [PRESSURE DATA]
TOTAL FM JAN 1   286    HIGHEST SLP M ON M
DPTR FM NORMAL    54    LOWEST  SLP 29.79 ON 18

[REMARKS]
