000
CXUS55 KBYZ 261056
CF6MLS
PRELIMINARY LOCAL CLIMATOLOGICAL DATA (WS FORM: F-6)

                                          STATION:   MILES CITY MT
                                          MONTH:     MAY
                                          YEAR:      2018
                                          LATITUDE:   46 25 N
                                          LONGITUDE: 105 53 W

  TEMPERATURE IN F:       :PCPN:    SNOW:  WIND      :SUNSHINE: SKY     :PK WND
================================================================================
1   2   3   4   5  6A  6B    7    8   9   10  11  12  13   14  15   16   17  18
                                     12Z  AVG MX 2MIN
DY MAX MIN AVG DEP HDD CDD  WTR  SNW DPTH SPD SPD DIR MIN PSBL S-S WX    SPD DR
================================================================================

 1  56  43  50  -1  15   0 0.26    M    M  4.3  8 160   M    M   7 1      11  80
 2  63  41  52   0  13   0 0.00    M    M  6.4 13 300   M    M   5        16 300
 3  72  46  59   7   6   0 0.00    M    M  9.0 18 300   M    M   5        31 290
 4  78  44  61   9   4   0 0.00    M    M 10.4 23 270   M    M   1        31 260
 5  78  50  64  12   1   0    T    M    M  8.1 30 330   M    M   2        37 340
 6  79  49  64  11   1   0 0.00    M    M  6.0 15 130   M    M   1        18 150
 7  79  55  67  14   0   2 0.32    M    M  8.2 33 270   M    M   2 13     43 270
 8  74  52  63  10   2   0 0.14    M    M  6.5 39 270   M    M   3 13     50 280
 9  74  49  62   8   3   0 0.33    M    M  9.5 16  50   M    M   2 1      21 320
10  51  43  47  -7  18   0 0.91    M    M 10.7 20 360   M    M  10 1      26 360
11  46  42  44 -10  21   0 0.35    M    M  7.9 15  40   M    M  10 1      18  30
12  50  43  47  -8  18   0 0.08    M    M  3.9 10  30   M    M  10 1      13  20
13  61  43  52  -3  13   0    T    M    M  4.9 12 240   M    M   8 1      13 240
14  73  50  62   7   3   0 0.00    M    M  8.5 14 340   M    M   4        18 310
15  77  46  62   6   3   0 0.00    M    M  6.9 14 170   M    M   0        19 160
16  84  50  67  11   0   2 0.00    M    M  7.1 28 250   M    M   0        35 250
17  79  59  69  13   0   4    T    M    M 11.6 35 330   M    M   2 3      44 330
18  60  45  53  -3  12   0 0.36    M    M 13.2 21  40   M    M  10 1      25  30
19  62  45  54  -3  11   0 0.00    M    M  8.6 17 130   M    M   5        22 130
20  72  43  58   1   7   0 0.00    M    M 13.7 26 160   M    M   0        33 160
21  78  48  63   6   2   0 0.00    M    M  7.2 17 280   M    M   0        21 140
22  79  56  68  10   0   3 0.05    M    M  5.6 18 170   M    M   2 3      24 170
23  77  54  66   8   0   1 1.10    M    M  6.3 26 200   M    M   5 13     33 200
24  79  54  67   9   0   2    T    M    M  9.9 23 260   M    M   4        32 280
25  82  57  70  11   0   5 0.00    M    M  7.9 18 280   M    M   0        25 270
================================================================================
SM 1763 1207       153  19  3.90    M    202.3          M       98
================================================================================
AV 70.5 48.3                               8.1 FASTST   M    M   4    MAX(MPH)
                                 MISC ---->  # 39 270               # 50  280
================================================================================
NOTES:
# LAST OF SEVERAL OCCURRENCES

COLUMN 17 PEAK WIND IN M.P.H.

PRELIMINARY LOCAL CLIMATOLOGICAL DATA (WS FORM: F-6) , PAGE 2

                                          STATION:  MILES CITY MT
                                          MONTH:    MAY
                                          YEAR:     2018
                                          LATITUDE:   46 25 N
                                          LONGITUDE: 105 53 W

[TEMPERATURE DATA]      [PRECIPITATION DATA]       SYMBOLS USED IN COLUMN 16

AVERAGE MONTHLY: 59.4   TOTAL FOR MONTH:   3.90    1 = FOG OR MIST
DPTR FM NORMAL:   4.5   DPTR FM NORMAL:    2.22    2 = FOG REDUCING VISIBILITY
HIGHEST:    84 ON 16    GRTST 24HR  1.10 ON 23-23      TO 1/4 MILE OR LESS
LOWEST:     41 ON  2                               3 = THUNDER
                        SNOW, ICE PELLETS, HAIL    4 = ICE PELLETS
                        TOTAL MONTH:    M          5 = HAIL
                        GRTST 24HR    M  ON   M    6 = FREEZING RAIN OR DRIZZLE
                        GRTST DEPTH:  M  ON   M    7 = DUSTSTORM OR SANDSTORM:
                                                       VSBY 1/2 MILE OR LESS
                                                   8 = SMOKE OR HAZE
[NO. OF DAYS WITH]      [WEATHER - DAYS WITH]      9 = BLOWING SNOW
                                                   X = TORNADO
MAX 32 OR BELOW:   0    0.01 INCH OR MORE:  10
MAX 90 OR ABOVE:   0    0.10 INCH OR MORE:   8
MIN 32 OR BELOW:   0    0.50 INCH OR MORE:   2
MIN  0 OR BELOW:   0    1.00 INCH OR MORE:   1

[HDD (BASE 65) ]
TOTAL THIS MO.   153    CLEAR  (SCALE 0-3)  13
DPTR FM NORMAL  -111    PTCLDY (SCALE 4-7)   7
TOTAL FM JUL 1  8315    CLOUDY (SCALE 8-10)  5
DPTR FM NORMAL   805

[CDD (BASE 65) ]
TOTAL THIS MO.    19
DPTR FM NORMAL     7    [PRESSURE DATA]
TOTAL FM JAN 1    19    HIGHEST SLP  0.00 ON  8
DPTR FM NORMAL     6    LOWEST  SLP 29.71 ON M

[REMARKS]
