000
CXUS51 KCAR 260600
CF6MLT
PRELIMINARY LOCAL CLIMATOLOGICAL DATA (WS FORM: F-6)

                                          STATION:   MILLINOCKET ME
                                          MONTH:     APRIL
                                          YEAR:      2018
                                          LATITUDE:   45 39 N
                                          LONGITUDE:  68 41 W

  TEMPERATURE IN F:       :PCPN:    SNOW:  WIND      :SUNSHINE: SKY     :PK WND
================================================================================
1   2   3   4   5  6A  6B    7    8   9   10  11  12  13   14  15   16   17  18
                                     12Z  AVG MX 2MIN
DY MAX MIN AVG DEP HDD CDD  WTR  SNW DPTH SPD SPD DIR MIN PSBL S-S WX    SPD DR
================================================================================

 1  47  27  37   3  28   0 0.00    M    M  9.1 23 300   M    M   6        35 280
 2  39  19  29  -5  36   0 0.00    M    M  3.6 14 310   M    M   3        19 290
 3  47  21  34  -1  31   0    T    M    M  3.9 12 170   M    M   8 1      19 180
 4  35  31  33  -2  32   0 0.76    M    M  5.2 17 290   M    M   9 16     28 290
 5  33  18  26 -10  39   0    T    M    M 12.5 22 300   M    M   6 8      38 280
 6  38  10  24 -12  41   0 0.11    M    M  5.1 15 170   M    M   4 128    30 190
 7  38  24  31  -6  34   0    T    M    M  6.8 17 290   M    M   7 1      27 290
 8  39  21  30  -7  35   0 0.00    M    M  6.6 20 310   M    M   2        26 310
 9  30  18  24 -14  41   0 0.00    M    M 10.6 23 310   M    M   1        34 300
10  39  14  27 -11  38   0 0.00    M    M  2.9 10 260   M    M   3        14 270
11  49  18  34  -5  31   0 0.00    M    M  1.8 10 150   M    M   3        16 150
12  50  25  38  -1  27   0 0.15    M    M  4.6 12 150   M    M   5 1      19 160
13  50  34  42   2  23   0 0.13    M    M  6.3 16 310   M    M   7 1      23 310
14  40  25  33  -7  32   0 0.00    M    M  9.2 20 310   M    M  10        26 310
15  34  20  27 -14  38   0 0.00    M    M  8.0 14  30   M    M   6        21 360
16  34  29  32  -9  33   0 0.38    M    M 10.4 20  90   M    M  10 16     25  90
17  53  34  44   2  21   0 0.61    M    M  6.6 15  90   M    M   8 12     24 100
18  44  34  39  -3  26   0    T    M    M  6.0 14 270   M    M   9 8      22 250
19  47  35  41  -2  24   0    T    M    M  2.9 14 310   M    M   9        20 290
20  47  34  41  -2  24   0 0.10    M    M  6.1 17 360   M    M  10 18     22 360
21  51  30  41  -3  24   0 0.00    M    M  7.7 20 300   M    M   7        27 310
22  55  28  42  -2  23   0 0.00    M    M  5.8 16 340   M    M   0        23 310
23  62  24  43  -2  22   0 0.00    M    M  3.8 14 310   M    M   0        21 290
24  72  29  51   6  14   0 0.00    M    M  3.5 10 200   M    M   0        18 170
25  64  42  53   7  12   0 0.43    M    M  6.1 13 240   M    M   5 1      22 180
================================================================================
SM 1137  644       729   0  2.67    M    155.1          M      138
================================================================================
AV 45.5 25.8                               6.2 FASTST   M    M   6    MAX(MPH)
                                 MISC ---->  # 23 300               # 38  280
================================================================================
NOTES:
# LAST OF SEVERAL OCCURRENCES

COLUMN 17 PEAK WIND IN M.P.H.

PRELIMINARY LOCAL CLIMATOLOGICAL DATA (WS FORM: F-6) , PAGE 2

                                          STATION:  MILLINOCKET ME
                                          MONTH:    APRIL
                                          YEAR:     2018
                                          LATITUDE:   45 39 N
                                          LONGITUDE:  68 41 W

[TEMPERATURE DATA]      [PRECIPITATION DATA]       SYMBOLS USED IN COLUMN 16

AVERAGE MONTHLY: 35.6   TOTAL FOR MONTH:   2.67    1 = FOG OR MIST
DPTR FM NORMAL:  -4.1   DPTR FM NORMAL:   -0.35    2 = FOG REDUCING VISIBILITY
HIGHEST:    72 ON 24    GRTST 24HR  0.76 ON  4- 4      TO 1/4 MILE OR LESS
LOWEST:     10 ON  6                               3 = THUNDER
                        SNOW, ICE PELLETS, HAIL    4 = ICE PELLETS
                        TOTAL MONTH:    M          5 = HAIL
                        GRTST 24HR    M  ON   M    6 = FREEZING RAIN OR DRIZZLE
                        GRTST DEPTH:  M  ON   M    7 = DUSTSTORM OR SANDSTORM:
                                                       VSBY 1/2 MILE OR LESS
                                                   8 = SMOKE OR HAZE
[NO. OF DAYS WITH]      [WEATHER - DAYS WITH]      9 = BLOWING SNOW
                                                   X = TORNADO
MAX 32 OR BELOW:   1    0.01 INCH OR MORE:   8
MAX 90 OR ABOVE:   0    0.10 INCH OR MORE:   8
MIN 32 OR BELOW:  19    0.50 INCH OR MORE:   2
MIN  0 OR BELOW:   0    1.00 INCH OR MORE:   0

[HDD (BASE 65) ]
TOTAL THIS MO.   729    CLEAR  (SCALE 0-3)   7
DPTR FM NORMAL    98    PTCLDY (SCALE 4-7)  11
TOTAL FM JUL 1  7543    CLOUDY (SCALE 8-10)  7
DPTR FM NORMAL  -287

[CDD (BASE 65) ]
TOTAL THIS MO.     0
DPTR FM NORMAL     0    [PRESSURE DATA]
TOTAL FM JAN 1     0    HIGHEST SLP M ON M
DPTR FM NORMAL     0    LOWEST  SLP 29.25 ON  4

[REMARKS]
