205
CXUS54 KTSA 240840
CF6RVS
PRELIMINARY LOCAL CLIMATOLOGICAL DATA (WS FORM: F-6)

                                          STATION:   TULSA-RIVERSIDE  OKLAHOMA
                                          MONTH:     MAY
                                          YEAR:      2018
                                          LATITUDE:   36  2 N
                                          LONGITUDE:  95 59 W

  TEMPERATURE IN F:       :PCPN:    SNOW:  WIND      :SUNSHINE: SKY     :PK WND
================================================================================
1   2   3   4   5  6A  6B    7    8   9   10  11  12  13   14  15   16   17  18
                                     12Z  AVG MX 2MIN
DY MAX MIN AVG DEP HDD CDD  WTR  SNW DPTH SPD SPD DIR MIN PSBL S-S WX    SPD DR
================================================================================

 1  80  67  74  10   0   9 0.00  0.0    0 13.5 23 170   M    M   9        35 160
 2  82  65  74  10   0   9 0.26  0.0    0 12.0 35 220   M    M   8 13     55 200
 3  79  65  72   7   0   7 1.03  0.0    0 11.4 24 220   M    M   5 13     34 210
 4  74  55  65   0   0   0 0.00  0.0    0  3.6 15 200   M    M   2 1      21 290
 5  84  51  68   3   0   3 0.00  0.0    0  1.6  9  10   M    M   0 1      14  10
 6  89  54  72   6   0   7 0.00  0.0    0  4.4 17 190   M    M   0        24 200
 7  90  57  74   8   0   9 0.00  0.0    0  3.3 12 190   M    M   0        17 180
 8  93  63  78  12   0  13    T  0.0    0  8.8 22 180   M    M   0        35 190
 9  92  66  79  13   0  14 0.00  0.0    0  6.0 15 190   M    M   0        21 180
10  88  68  78  11   0  13    T  0.0    0 10.3 21 170   M    M   0        28 160
11  88  69  79  12   0  14    T  0.0    0 14.8 29 180   M    M   0        40 170
12  88  72  80  13   0  15 0.00  0.0    0 13.5 23 190   M    M   1        32 180
13  91  69  80  12   0  15 0.00  0.0    0  9.4 21 180   M    M   0        27 190
14  92  71  82  14   0  17 0.00  0.0    0  9.9 20 190   M    M   0 3      25 180
15  82  66  74   6   0   9 0.00  0.0    0  5.3 24  40   M    M   2 3      33  40
16  82  65  74   5   0   9 0.25  0.0    0  2.8 10  10   M    M   2 13     16  10
17  89  61  75   6   0  10 0.00  0.0    0  2.5 12  70   M    M   1 1      15  80
18  91  64  78   9   0  13 0.00  0.0    0  5.9 14 120   M    M   0 1      21 130
19  93  73  83  14   0  18    T  0.0    0  6.5 18 190   M    M   1 3      25 180
20  80  66  73   3   0   8 0.20  0.0    0  4.0 26 190   M    M   3 13     35 190
21  85  62  74   4   0   9 0.00  0.0    0  2.8 12  10   M    M   2        14  10
22  92  64  78   8   0  13 0.00  0.0    0  4.5 12 140   M    M   1 1      18 200
23  91  67  79   8   0  14 0.23  0.0    0  4.4 21  40   M    M   1 13     25  40
================================================================================
SM 1995 1480         0 248  1.97     0.0 161.2          M       38
================================================================================
AV 86.7 64.4                               7.0 FASTST   M    M   2    MAX(MPH)
                                 MISC ---->  # 35 220               # 55  200
================================================================================
NOTES:
# LAST OF SEVERAL OCCURRENCES

COLUMN 17 PEAK WIND IN M.P.H.

PRELIMINARY LOCAL CLIMATOLOGICAL DATA (WS FORM: F-6) , PAGE 2

                                          STATION:  TULSA-RIVERSIDE  OKLAHOMA
                                          MONTH:    MAY
                                          YEAR:     2018
                                          LATITUDE:   36  2 N
                                          LONGITUDE:  95 59 W

[TEMPERATURE DATA]      [PRECIPITATION DATA]       SYMBOLS USED IN COLUMN 16

AVERAGE MONTHLY: 75.5   TOTAL FOR MONTH:   1.97    1 = FOG OR MIST
DPTR FM NORMAL:   8.2   DPTR FM NORMAL:   -2.18    2 = FOG REDUCING VISIBILITY
HIGHEST:    93 ON 19, 8 GRTST 24HR  1.03 ON  3- 3      TO 1/4 MILE OR LESS
LOWEST:     51 ON  5                               3 = THUNDER
                        SNOW, ICE PELLETS, HAIL    4 = ICE PELLETS
                        TOTAL MONTH:   0.0 INCH    5 = HAIL
                        GRTST 24HR     0.0         6 = FREEZING RAIN OR DRIZZLE
                        GRTST DEPTH:   0           7 = DUSTSTORM OR SANDSTORM:
                                                       VSBY 1/2 MILE OR LESS
                                                   8 = SMOKE OR HAZE
[NO. OF DAYS WITH]      [WEATHER - DAYS WITH]      9 = BLOWING SNOW
                                                   X = TORNADO
MAX 32 OR BELOW:   0    0.01 INCH OR MORE:   5
MAX 90 OR ABOVE:   9    0.10 INCH OR MORE:   5
MIN 32 OR BELOW:   0    0.50 INCH OR MORE:   1
MIN  0 OR BELOW:   0    1.00 INCH OR MORE:   1

[HDD (BASE 65) ]
TOTAL THIS MO.     0    CLEAR  (SCALE 0-3)  19
DPTR FM NORMAL   -39    PTCLDY (SCALE 4-7)   2
TOTAL FM JUL 1  3433    CLOUDY (SCALE 8-10)  2
DPTR FM NORMAL  -257

[CDD (BASE 65) ]
TOTAL THIS MO.   248
DPTR FM NORMAL   155    [PRESSURE DATA]
TOTAL FM JAN 1   278    HIGHEST SLP M ON M
DPTR FM NORMAL   133    LOWEST  SLP 29.77 ON 18

[REMARKS]
