000
CXUS53 KLSX 241600
CF6SET
PRELIMINARY LOCAL CLIMATOLOGICAL DATA (WS FORM: F-6)

                                          STATION:   ST_CHARLES MO
                                          MONTH:     MAY
                                          YEAR:      2018
                                          LATITUDE:   38 55 N
                                          LONGITUDE:  90 26 W

  TEMPERATURE IN F:       :PCPN:    SNOW:  WIND      :SUNSHINE: SKY     :PK WND
================================================================================
1   2   3   4   5  6A  6B    7    8   9   10  11  12  13   14  15   16   17  18
                                     12Z  AVG MX 2MIN
DY MAX MIN AVG DEP HDD CDD  WTR  SNW DPTH SPD SPD DIR MIN PSBL S-S WX    SPD DR
================================================================================

 1  89  49  69   8   0   4 0.00  0.0    0 13.9 24 170   M    M   2        32 180
 2  89  69  79  17   0  14 0.00  0.0    0 14.4 24 220   M    M   4        36 230
 3  77  65  71   9   0   6 1.29  0.0    0 12.6 29 150   M    M   6 138    39 140
 4  75  54  65   3   0   0 0.00  0.0    0  7.8 18 310   M    M   2        24 310
 5  81  52  67   5   0   2 0.00  0.0    0  2.4 12  30   M    M   1 1      16  30
 6  86  55  71   8   0   6 0.00  0.0    0  6.0 18 290   M    M   3 3      26 280
 7  79  54  67   4   0   2 0.00  0.0    0  6.8 17  40   M    M   1        23  70
 8  82  50  66   3   0   1 0.00  0.0    0  9.9 18 130   M    M   0        30 130
 9  88  63  76  12   0  11 1.10  0.0    0 11.1 21 240   M    M   4 13     28 210
10  88  58  73   9   0   8 0.00  0.0    0  3.6 12 230   M    M   0 1      16 240
11  88  61  75  11   0  10 0.00  0.0    0  8.2 36 170   M    M   0 1      48 180
12  89  64  77  13   0  12 0.00  0.0    0  8.3 23 170   M    M   1        32 150
13  92  64  78  13   0  13 0.00  0.0    0  6.5 17 240   M    M   2 1      23 250
14  90  67  79  14   0  14 0.31  0.0    0  8.4 44 300   M    M   3 138    57 300
15  82  65  74   9   0   9 0.02  0.0    0  6.2 20  20   M    M   3 1      25  20
16  82  62  72   6   0   7 0.00  0.0    0  5.6 12  30   M    M   1        17  30
17  85  66  76  10   0  11 0.00  0.0    0  8.2 16  60   M    M   1        23  70
18  70  64  67   1   0   2 1.29  0.0    0  4.6 12 340   M    M   8 13     15 340
19  79  64  72   6   0   7 0.15  0.0    0  5.5 28 260   M    M   6 138    37 240
20  80  62  71   4   0   6    M  0.0    0  7.9 24 270   M    M   3 13     31 280
21  81  66  74   7   0   9 0.17  0.0    0  4.7 14 230   M    M   6 13     18 220
22  84  65  75   8   0  10 0.00  0.0    0  3.9 12  20   M    M   1        15  30
23  86  64  75   7   0  10 0.00  0.0    0  4.2 12  90   M    M   0        15 130
================================================================================
SM 1922 1403         0 174  4.33     0.0 170.7          M       58
================================================================================
AV 83.6 61.0                               7.4 FASTST   M    M   3    MAX(MPH)
                                 MISC ---->  # 44 300               # 57  300
================================================================================
NOTES:
# LAST OF SEVERAL OCCURRENCES

COLUMN 17 PEAK WIND IN M.P.H.

PRELIMINARY LOCAL CLIMATOLOGICAL DATA (WS FORM: F-6) , PAGE 2

                                          STATION:  ST_CHARLES MO
                                          MONTH:    MAY
                                          YEAR:     2018
                                          LATITUDE:   38 55 N
                                          LONGITUDE:  90 26 W

[TEMPERATURE DATA]      [PRECIPITATION DATA]       SYMBOLS USED IN COLUMN 16

AVERAGE MONTHLY: 72.3   TOTAL FOR MONTH:   4.33    1 = FOG OR MIST
DPTR FM NORMAL:   7.8   DPTR FM NORMAL:    0.89    2 = FOG REDUCING VISIBILITY
HIGHEST:    92 ON 13    GRTST 24HR  1.29 ON 18-18      TO 1/4 MILE OR LESS
LOWEST:     49 ON  1                               3 = THUNDER
                        SNOW, ICE PELLETS, HAIL    4 = ICE PELLETS
                        TOTAL MONTH:   0.0 INCH    5 = HAIL
                        GRTST 24HR     0.0         6 = FREEZING RAIN OR DRIZZLE
                        GRTST DEPTH:   0           7 = DUSTSTORM OR SANDSTORM:
                                                       VSBY 1/2 MILE OR LESS
                                                   8 = SMOKE OR HAZE
[NO. OF DAYS WITH]      [WEATHER - DAYS WITH]      9 = BLOWING SNOW
                                                   X = TORNADO
MAX 32 OR BELOW:   0    0.01 INCH OR MORE:   7
MAX 90 OR ABOVE:   2    0.10 INCH OR MORE:   6
MIN 32 OR BELOW:   0    0.50 INCH OR MORE:   3
MIN  0 OR BELOW:   0    1.00 INCH OR MORE:   3

[HDD (BASE 65) ]
TOTAL THIS MO.     0    CLEAR  (SCALE 0-3)  16
DPTR FM NORMAL   -75    PTCLDY (SCALE 4-7)   6
TOTAL FM JUL 1  4608    CLOUDY (SCALE 8-10)  1
DPTR FM NORMAL  -228

[CDD (BASE 65) ]
TOTAL THIS MO.   174
DPTR FM NORMAL   111    [PRESSURE DATA]
TOTAL FM JAN 1   185    HIGHEST SLP M ON M
DPTR FM NORMAL    98    LOWEST  SLP 29.72 ON  9

[REMARKS]
