000
CXUS54 KEPZ 251200
CF6SRR
PRELIMINARY LOCAL CLIMATOLOGICAL DATA (WS FORM: F-6)

                                          STATION:   RUIDOSO        AWOS
                                          MONTH:     APRIL
                                          YEAR:      2018
                                          LATITUDE:   33 28 N
                                          LONGITUDE: 105 32 W

  TEMPERATURE IN F:       :PCPN:    SNOW:  WIND      :SUNSHINE: SKY     :PK WND
================================================================================
1   2   3   4   5  6A  6B    7    8   9   10  11  12  13   14  15   16   17  18
                                     12Z  AVG MX 2MIN
DY MAX MIN AVG DEP HDD CDD  WTR  SNW DPTH SPD SPD DIR MIN PSBL S-S WX    SPD DR
================================================================================

 1  68  50  59   M   6   0 0.01  0.0    0  9.5 15 220   M    M   0        21 280
 2  68  48  58   M   7   0 0.00  0.0    0 16.2 30 240   M    M   0        41 230
 3  66  36  51   M  14   0 0.00  0.0    0 11.5 17 120   M    M   2        28 270
 4  66  28  47   M  18   0 0.00  0.0    0 10.0 27 230   M    M   0        36 220
 5  68  48  58   M   7   0 0.00  0.0    0 10.2 17 310   M    M   1        28 310
 6  68  32  50   M  15   0 0.00  0.0    0 11.2 17 140   M    M   0        25 310
 7  70  25  48   M  17   0 0.00  0.0    0 12.2 24 230   M    M   0        32 230
 8  75  57  66   M   0   1 0.00  0.0    0 20.0 33 300   M    M   0        48 300
 9  68  41  55   M  10   0 0.00  0.0    0 10.7 18 300   M    M   1        23 110
10  70  36  53   M  12   0 0.01    M    0  7.4 10 220   M    M   2        18 320
11  75  52  64   M   1   0 0.00  0.0    0 13.8 27 240   M    M   1        38 240
12  72  54  63   M   2   0 0.00  0.0    0 21.6 48 240   M    M   1        66 240
13  55  36  46   M  19   0 0.02    M    0 23.4 38 260   M    M   4        53 290
14  54  32  43   M  22   0 0.02    M    0 12.0 17 330   M    M   2        27 310
15  68  39  54   M  11   0 0.00  0.0    0  8.1 14 300   M    M   1        25  90
16  73  45  59   M   6   0 0.00  0.0    0 13.6 27 240   M    M   0        38 230
17  68  48  58   M   7   0 0.00  0.0    0 28.4 41 240   M    M   0        54 240
18  59  37  48   M  17   0 0.00  0.0    0 12.3 20 330   M    M   0        30 330
19  63  37  50   M  15   0 0.00  0.0    0 16.7 28 130   M    M   2        37 130
20  63  37  50   M  15   0 0.00  0.0    0 17.5 44 240   M    M   2        58 230
21  57  36  47   M  18   0 0.00  0.0    0 13.6 24 300   M    M   1        32 300
22  63  32  48   M  17   0 0.00  0.0    0  7.9 16 140   M    M   2        23 140
23  72  39  56   M   9   0 0.00  0.0    0  6.3 13 300   M    M   3        23 290
24  77  39  58   M   7   0 0.00  0.0    0 11.2 20 200   M    M   1        27 200
================================================================================
SM 1606  964       272   1  0.06     0.0 325.3          M       26
================================================================================
AV 66.9 40.2                              13.6 FASTST   M    M   1    MAX(MPH)
                                 MISC ---->  # 48 240               # 66  240
================================================================================
NOTES:
# LAST OF SEVERAL OCCURRENCES

COLUMN 17 PEAK WIND IN M.P.H.

PRELIMINARY LOCAL CLIMATOLOGICAL DATA (WS FORM: F-6) , PAGE 2

                                          STATION:  RUIDOSO        AWOS
                                          MONTH:    APRIL
                                          YEAR:     2018
                                          LATITUDE:   33 28 N
                                          LONGITUDE: 105 32 W

[TEMPERATURE DATA]      [PRECIPITATION DATA]       SYMBOLS USED IN COLUMN 16

AVERAGE MONTHLY: 53.5   TOTAL FOR MONTH:   0.06    1 = FOG OR MIST
DPTR FM NORMAL:     M   DPTR FM NORMAL:       M    2 = FOG REDUCING VISIBILITY
HIGHEST:    77 ON 24    GRTST 24HR  0.02 ON 14-14      TO 1/4 MILE OR LESS
LOWEST:     25 ON  7                               3 = THUNDER
                        SNOW, ICE PELLETS, HAIL    4 = ICE PELLETS
                        TOTAL MONTH:   0.0 INCH    5 = HAIL
                        GRTST 24HR     0.0         6 = FREEZING RAIN OR DRIZZLE
                        GRTST DEPTH:   0           7 = DUSTSTORM OR SANDSTORM:
                                                       VSBY 1/2 MILE OR LESS
                                                   8 = SMOKE OR HAZE
[NO. OF DAYS WITH]      [WEATHER - DAYS WITH]      9 = BLOWING SNOW
                                                   X = TORNADO
MAX 32 OR BELOW:   0    0.01 INCH OR MORE:   4
MAX 90 OR ABOVE:   0    0.10 INCH OR MORE:   0
MIN 32 OR BELOW:   5    0.50 INCH OR MORE:   0
MIN  0 OR BELOW:   0    1.00 INCH OR MORE:   0

[HDD (BASE 65) ]
TOTAL THIS MO.   272    CLEAR  (SCALE 0-3)  22
DPTR FM NORMAL     M    PTCLDY (SCALE 4-7)   2
TOTAL FM JUL 1  3705    CLOUDY (SCALE 8-10)  0
DPTR FM NORMAL     M

[CDD (BASE 65) ]
TOTAL THIS MO.     1
DPTR FM NORMAL     M    [PRESSURE DATA]
TOTAL FM JAN 1     1    HIGHEST SLP M ON M
DPTR FM NORMAL     M    LOWEST  SLP M ON M

[REMARKS]
