000
CXUS54 KEWX 220910
CF6SSF
PRELIMINARY LOCAL CLIMATOLOGICAL DATA (WS FORM: F-6)

                                          STATION:   SAN ANTONIO STINSON FIELD
                                          MONTH:     MAY
                                          YEAR:      2018
                                          LATITUDE:   29 19 N
                                          LONGITUDE:  98 29 W

  TEMPERATURE IN F:       :PCPN:    SNOW:  WIND      :SUNSHINE: SKY     :PK WND
================================================================================
1   2   3   4   5  6A  6B    7    8   9   10  11  12  13   14  15   16   17  18
                                     12Z  AVG MX 2MIN
DY MAX MIN AVG DEP HDD CDD  WTR  SNW DPTH SPD SPD DIR MIN PSBL S-S WX    SPD DR
================================================================================

 1  87  72  80   6   0  15    T    M    M 12.1 24 130   M    M  10 1      29 150
 2  90  75  83   9   0  18    T    M    M 12.7 24 120   M    M  10 18     31 140
 3  94  76  85  11   0  20 0.00    M    M 11.0 20 120   M    M   8        26 130
 4  77  67  72  -2   0   7 0.49    M    M  9.9 22  30   M    M  10 138    34  10
 5  88  64  76   1   0  11 0.00    M    M  5.0 16  30   M    M   3        21 360
 6  92  58  75   0   0  10 0.00    M    M  3.2 10  90   M    M   0        13  30
 7  93  59  76   1   0  11 0.00    M    M  3.7 13 150   M    M   0        16 140
 8  92  62  77   1   0  12 0.00    M    M  7.1 14 140   M    M   0        23 150
 9  91  61  76   0   0  11 0.00    M    M  8.1 18 130   M    M   1 1      23 150
10  92  65  79   3   0  14 0.00    M    M  9.4 20 120   M    M   3 1      25 130
11  93  70  82   6   0  17 0.00    M    M 11.3 22 120   M    M   3        27 150
12  95  72  84   8   0  19 0.00    M    M 10.9 21 150   M    M   4        27 150
13  95  76  86   9   0  21 0.00    M    M 10.4 22 140   M    M   6        28 140
14  94  76  85   8   0  20 0.00    M    M  9.8 14 130   M    M   5        20 140
15  94  73  84   7   0  19    T    M    M  6.0 16 110   M    M   4 3      21 130
16  98  71  85   7   0  20    T    M    M  4.3 12 140   M    M   1        17 130
17 100  69  85   7   0  20 0.00    M    M  5.4 15 150   M    M   0        20 130
18 100  68  84   6   0  19 0.00    M    M 10.3 26 130   M    M   1 1      33 140
19  96  73  85   7   0  20 0.00    M    M 14.4 25 140   M    M   5 3      36 140
20  90  69  80   2   0  15 1.32    M    M  9.3 31 270   M    M   5 138    42 280
21  90  68  79   0   0  14 0.00  0.0    0  6.1 20 130   M    M   2 1      25 130
================================================================================
SM 1941 1444         0 333  1.81     0.0 180.4          M       81
================================================================================
AV 92.4 68.8                               8.6 FASTST   M    M   4    MAX(MPH)
                                 MISC ---->  # 31 270               # 42  280
================================================================================
NOTES:
# LAST OF SEVERAL OCCURRENCES

COLUMN 17 PEAK WIND IN M.P.H.

PRELIMINARY LOCAL CLIMATOLOGICAL DATA (WS FORM: F-6) , PAGE 2

                                          STATION:  SAN ANTONIO STINSON FIELD
                                          MONTH:    MAY
                                          YEAR:     2018
                                          LATITUDE:   29 19 N
                                          LONGITUDE:  98 29 W

[TEMPERATURE DATA]      [PRECIPITATION DATA]       SYMBOLS USED IN COLUMN 16

AVERAGE MONTHLY: 80.6   TOTAL FOR MONTH:   1.81    1 = FOG OR MIST
DPTR FM NORMAL:   4.4   DPTR FM NORMAL:   -0.50    2 = FOG REDUCING VISIBILITY
HIGHEST:   100 ON 18,17 GRTST 24HR  1.32 ON 20-20      TO 1/4 MILE OR LESS
LOWEST:     58 ON  6                               3 = THUNDER
                        SNOW, ICE PELLETS, HAIL    4 = ICE PELLETS
                        TOTAL MONTH:   0.0 INCH    5 = HAIL
                        GRTST 24HR     0.0         6 = FREEZING RAIN OR DRIZZLE
                        GRTST DEPTH:   0           7 = DUSTSTORM OR SANDSTORM:
                                                       VSBY 1/2 MILE OR LESS
                                                   8 = SMOKE OR HAZE
[NO. OF DAYS WITH]      [WEATHER - DAYS WITH]      9 = BLOWING SNOW
                                                   X = TORNADO
MAX 32 OR BELOW:   0    0.01 INCH OR MORE:   2
MAX 90 OR ABOVE:  18    0.10 INCH OR MORE:   2
MIN 32 OR BELOW:   0    0.50 INCH OR MORE:   1
MIN  0 OR BELOW:   0    1.00 INCH OR MORE:   1

[HDD (BASE 65) ]
TOTAL THIS MO.     0    CLEAR  (SCALE 0-3)  10
DPTR FM NORMAL     0    PTCLDY (SCALE 4-7)   8
TOTAL FM JUL 1  1099    CLOUDY (SCALE 8-10)  3
DPTR FM NORMAL  -311

[CDD (BASE 65) ]
TOTAL THIS MO.   333
DPTR FM NORMAL    95    [PRESSURE DATA]
TOTAL FM JAN 1   755    HIGHEST SLP M ON M
DPTR FM NORMAL   231    LOWEST  SLP 29.63 ON 18

[REMARKS]
