000
CXUS51 KPHI 240800
CF6TTN
PRELIMINARY LOCAL CLIMATOLOGICAL DATA (WS FORM: F-6)

                                          STATION:   TRENTON NJ
                                          MONTH:     APRIL
                                          YEAR:      2018
                                          LATITUDE:   40 16 N
                                          LONGITUDE:  74 49 W

  TEMPERATURE IN F:       :PCPN:    SNOW:  WIND      :SUNSHINE: SKY     :PK WND
================================================================================
1   2   3   4   5  6A  6B    7    8   9   10  11  12  13   14  15   16   17  18
                                     12Z  AVG MX 2MIN
DY MAX MIN AVG DEP HDD CDD  WTR  SNW DPTH SPD SPD DIR MIN PSBL S-S WX    SPD DR
================================================================================

 1  63  42  53   7  12   0 0.00    M    M  9.0 18 270   M    M   3        27 260
 2  45  32  39  -8  26   0 0.16    M    M  6.3 15  40   M    M   7 1      20  30
 3  43  32  38  -9  27   0 0.07    M    M  4.2 10 110   M    M   8 12     13 100
 4  65  39  52   5  13   0 0.09    M    M 11.5 29 290   M    M   7 12     46 250
 5  45  32  39  -9  26   0 0.00    M    M 10.3 23 290   M    M   4        34 290
 6  61  31  46  -2  19   0 0.04    M    M  8.4 25 200   M    M   7 1      32 210
 7  53  37  45  -3  20   0 0.00    M    M  8.4 20 350   M    M   8        26 350
 8  46  30  38 -11  27   0 0.00    M    M  8.1 21 340   M    M   2        26 290
 9  47  27  37 -12  28   0    T    M    M  4.7 13 210   M    M   5        17 210
10  50  35  43  -6  22   0 0.02    M    M  5.8 16 300   M    M   7 18     23 290
11  53  26  40 -10  25   0 0.00    M    M  5.6 15 250   M    M   5        21 240
12  70  40  55   5  10   0 0.00    M    M  9.1 25 200   M    M   3        34 210
13  83  59  71  21   0   6 0.00    M    M 11.7 22 200   M    M   1        28 200
14  83  46  65  14   0   0 0.00    M    M 11.3 26  60   M    M   2 1      35  70
15  46  39  43  -8  22   0 0.48    M    M 19.7 30  80   M    M  10 1      39  70
16  66  40  53   2  12   0 1.85    M    M 15.7 31  60   M    M  10 13     40  60
17  46  36  41 -11  24   0    T    M    M 11.7 21 250   M    M   8        28 300
18  54  36  45  -7  20   0 0.00    M    M  8.0 18 270   M    M   5        26 260
19  49  38  44  -8  21   0 0.06    M    M  9.1 23 340   M    M   8 1      30 340
20  53  36  45  -8  20   0 0.00    M    M 11.8 24 350   M    M   2        33 330
21  61  33  47  -6  18   0 0.00    M    M  5.7 14 290   M    M   0        19 270
22  66  35  51  -2  14   0 0.00    M    M  4.4 14 250   M    M   0        22 220
23  70  38  54   0  11   0 0.00    M    M  6.1 17 130   M    M   0        23 140
================================================================================
SM 1318  839       417   6  2.77    M    206.6          M      112
================================================================================
AV 57.3 36.5                               9.0 FASTST   M    M   5    MAX(MPH)
                                 MISC ---->  # 31  60               # 46  250
================================================================================
NOTES:
# LAST OF SEVERAL OCCURRENCES

COLUMN 17 PEAK WIND IN M.P.H.

PRELIMINARY LOCAL CLIMATOLOGICAL DATA (WS FORM: F-6) , PAGE 2

                                          STATION:  TRENTON NJ
                                          MONTH:    APRIL
                                          YEAR:     2018
                                          LATITUDE:   40 16 N
                                          LONGITUDE:  74 49 W

[TEMPERATURE DATA]      [PRECIPITATION DATA]       SYMBOLS USED IN COLUMN 16

AVERAGE MONTHLY: 46.9   TOTAL FOR MONTH:   2.77    1 = FOG OR MIST
DPTR FM NORMAL:  -3.1   DPTR FM NORMAL:   -0.10    2 = FOG REDUCING VISIBILITY
HIGHEST:    83 ON 14,13 GRTST 24HR  1.85 ON 16-16      TO 1/4 MILE OR LESS
LOWEST:     26 ON 11                               3 = THUNDER
                        SNOW, ICE PELLETS, HAIL    4 = ICE PELLETS
                        TOTAL MONTH:    M          5 = HAIL
                        GRTST 24HR    M  ON   M    6 = FREEZING RAIN OR DRIZZLE
                        GRTST DEPTH:  M  ON   M    7 = DUSTSTORM OR SANDSTORM:
                                                       VSBY 1/2 MILE OR LESS
                                                   8 = SMOKE OR HAZE
[NO. OF DAYS WITH]      [WEATHER - DAYS WITH]      9 = BLOWING SNOW
                                                   X = TORNADO
MAX 32 OR BELOW:   0    0.01 INCH OR MORE:   8
MAX 90 OR ABOVE:   0    0.10 INCH OR MORE:   3
MIN 32 OR BELOW:   7    0.50 INCH OR MORE:   1
MIN  0 OR BELOW:   0    1.00 INCH OR MORE:   1

[HDD (BASE 65) ]
TOTAL THIS MO.   417    CLEAR  (SCALE 0-3)   7
DPTR FM NORMAL    70    PTCLDY (SCALE 4-7)  11
TOTAL FM JUL 1  4698    CLOUDY (SCALE 8-10)  5
DPTR FM NORMAL  -195

[CDD (BASE 65) ]
TOTAL THIS MO.     6
DPTR FM NORMAL     6    [PRESSURE DATA]
TOTAL FM JAN 1     9    HIGHEST SLP M ON M
DPTR FM NORMAL     9    LOWEST  SLP 29.47 ON M

[REMARKS]
