000
CXUS55 KREV 200837
CF6TVL
PRELIMINARY LOCAL CLIMATOLOGICAL DATA (WS FORM: F-6)

                                          STATION:   SOUTH LAKE TAHOE CA
                                          MONTH:     MAY
                                          YEAR:      2018
                                          LATITUDE:   38 53 N
                                          LONGITUDE: 119 60 W

  TEMPERATURE IN F:       :PCPN:    SNOW:  WIND      :SUNSHINE: SKY     :PK WND
================================================================================
1   2   3   4   5  6A  6B    7    8   9   10  11  12  13   14  15   16   17  18
                                     12Z  AVG MX 2MIN
DY MAX MIN AVG DEP HDD CDD  WTR  SNW DPTH SPD SPD DIR MIN PSBL S-S WX    SPD DR
================================================================================

 1  54  33  44   0  21   0 0.00  0.0    0  1.7 13  30   M    M   8        16  40
 2  58  29  44   0  21   0 0.00  0.0    0  2.3 14  30   M    M   4        19  40
 3  65  30  48   3  17   0 0.00  0.0    0  3.3 13  20   M    M   0        17  20
 4  70  33  52   7  13   0 0.00  0.0    0  3.9 12 210   M    M   1        18 210
 5  68  34  51   6  14   0 0.00  0.0    0  2.7 13 180   M    M   0        20 180
 6  68  34  51   5  14   0 0.00  0.0    0  6.6 21 180   M    M   0        35 180
 7  73  35  54   8  11   0 0.00  0.0    0  3.7 12  40   M    M   0        16  30
 8  76  35  56  10   9   0 0.00  0.0    0  5.3 21 190   M    M   0        29 180
 9  67  41  54   8  11   0 0.00  0.0    0  5.2 20 180   M    M   0        26 170
10  66  33  50   4  15   0 0.00  0.0    0  3.4 17 190   M    M   0        21 180
11  54  31  43  -4  22   0 0.02  0.0    0  6.1 18  50   M    M   3        26  30
12  52  31  42  -5  23   0 0.10  0.0    0  4.5 16  30   M    M   5 1      22  30
13  58  37  48   1  17   0 0.04  0.0    0  1.4  8 180   M    M   9 1      12  20
14  61  37  49   1  16   0 0.08  0.0    0  3.5 15  30   M    M   4 12     19  30
15  61  38  50   2  15   0 0.06  0.0    0  2.7 16  30   M    M   8 12     21  30
16  50  38  44  -4  21   0 0.38  0.0    0  2.6 13  40   M    M  10 123    15  40
17  59  41  50   2  15   0    T  0.0    0  2.9 14  30   M    M   8        19  30
18  65  37  51   3  14   0    T  0.0    0  3.3 15 190   M    M   3 3      21  20
19  65  36  51   2  14   0    T  0.0    0  4.8 17 180   M    M   4 3      22 170
================================================================================
SM 1190  663       303   0  0.68     0.0  69.9          M       67
================================================================================
AV 62.6 34.9                               3.7 FASTST   M    M   4    MAX(MPH)
                                 MISC ---->  # 21 180               # 35  180
================================================================================
NOTES:
# LAST OF SEVERAL OCCURRENCES

COLUMN 17 PEAK WIND IN M.P.H.

PRELIMINARY LOCAL CLIMATOLOGICAL DATA (WS FORM: F-6) , PAGE 2

                                          STATION:  SOUTH LAKE TAHOE CA
                                          MONTH:    MAY
                                          YEAR:     2018
                                          LATITUDE:   38 53 N
                                          LONGITUDE: 119 60 W

[TEMPERATURE DATA]      [PRECIPITATION DATA]       SYMBOLS USED IN COLUMN 16

AVERAGE MONTHLY: 48.8   TOTAL FOR MONTH:   0.68    1 = FOG OR MIST
DPTR FM NORMAL:   2.3   DPTR FM NORMAL:   -0.06    2 = FOG REDUCING VISIBILITY
HIGHEST:    76 ON  8    GRTST 24HR  0.38 ON 16-16      TO 1/4 MILE OR LESS
LOWEST:     29 ON  2                               3 = THUNDER
                        SNOW, ICE PELLETS, HAIL    4 = ICE PELLETS
                        TOTAL MONTH:   0.0 INCH    5 = HAIL
                        GRTST 24HR     0.0         6 = FREEZING RAIN OR DRIZZLE
                        GRTST DEPTH:   0           7 = DUSTSTORM OR SANDSTORM:
                                                       VSBY 1/2 MILE OR LESS
                                                   8 = SMOKE OR HAZE
[NO. OF DAYS WITH]      [WEATHER - DAYS WITH]      9 = BLOWING SNOW
                                                   X = TORNADO
MAX 32 OR BELOW:   0    0.01 INCH OR MORE:   6
MAX 90 OR ABOVE:   0    0.10 INCH OR MORE:   2
MIN 32 OR BELOW:   4    0.50 INCH OR MORE:   0
MIN  0 OR BELOW:   0    1.00 INCH OR MORE:   0

[HDD (BASE 65) ]
TOTAL THIS MO.   303    CLEAR  (SCALE 0-3)  10
DPTR FM NORMAL   -49    PTCLDY (SCALE 4-7)   7
TOTAL FM JUL 1  6669    CLOUDY (SCALE 8-10)  2
DPTR FM NORMAL  -573

[CDD (BASE 65) ]
TOTAL THIS MO.     0
DPTR FM NORMAL     0    [PRESSURE DATA]
TOTAL FM JAN 1     0    HIGHEST SLP M ON M
DPTR FM NORMAL     0    LOWEST  SLP 29.76 ON  1

[REMARKS]
