000
CXUS56 KLKN 181210
CF6WMC
PRELIMINARY LOCAL CLIMATOLOGICAL DATA (WS FORM: F-6)
STATION: WINNEMUCCA AIRPORT NV
MONTH: APRIL
YEAR: 2024
LATITUDE: 40 54 N
LONGITUDE: 117 48 W
TEMPERATURE IN F: :PCPN: SNOW: WIND :SUNSHINE: SKY :PK WND
================================================================================
1 2 3 4 5 6A 6B 7 8 9 10 11 12 13 14 15 16 17 18
12Z AVG MX 2MIN
DY MAX MIN AVG DEP HDD CDD WTR SNW DPTH SPD SPD DIR MIN PSBL S-S WX SPD DR
================================================================================
1 58 26 42 -3 23 0 0.00 0.0 0 5.4 14 320 M M 0 21 310
2 67 27 47 2 18 0 0.00 0.0 0 5.7 15 250 M M 0 20 230
3 71 37 54 9 11 0 T 0.0 0 9.6 23 210 M M 4 32 180
4 53 32 43 -2 22 0 0.81 4.9 0 8.8 24 150 M M 10 12 34 220
5 35 20 28 -17 37 0 0.28 5.2 0 10.3 22 230 M M 8 128 30 230
6 43 20 32 -14 33 0 0.00 0.0 7 7.2 21 280 M M 7 27 280
7 49 25 37 -9 28 0 0.00 0.0 6 7.0 16 40 M M 2 20 60
8 54 22 38 -8 27 0 0.00 0.0 0 4.2 13 180 M M 1 18 180
9 64 26 45 -1 20 0 0.00 0.0 0 6.2 15 170 M M 0 20 170
10 69 30 50 4 15 0 0.00 0.0 0 3.5 13 290 M M 0 16 290
11 75 32 54 8 11 0 0.00 0.0 0 7.4 20 230 M M 1 30 210
12 78 38 58 12 7 0 T 0.0 0 9.8 37 220 M M 2 54 230
13 77 35 56 9 9 0 0.00 0.0 0 12.0 24 170 M M 1 37 120
14 57 36 47 0 18 0 0.21 0.0 0 9.4 26 150 M M 9 1 36 150
15 59 37 48 1 17 0 0.00 0.0 0 4.3 14 250 M M 9 21 230
16 66 31 49 2 16 0 0.00 0.0 0 7.3 16 210 M M 1 25 240
17 58 35 47 -1 18 0 0.00 0.0 0 11.6 23 50 M M 1 31 60
================================================================================
SM 1033 509 330 0 1.30 10.1 129.7 M 56
================================================================================
AV 60.8 29.9 7.6 FASTST M M 3 MAX(MPH)
MISC ----> 37 220 54 230
================================================================================
NOTES:
# LAST OF SEVERAL OCCURRENCES
COLUMN 17 PEAK WIND IN M.P.H.
PRELIMINARY LOCAL CLIMATOLOGICAL DATA (WS FORM: F-6) , PAGE 2
STATION: WINNEMUCCA AIRPORT NV
MONTH: APRIL
YEAR: 2024
LATITUDE: 40 54 N
LONGITUDE: 117 48 W
[TEMPERATURE DATA] [PRECIPITATION DATA] SYMBOLS USED IN COLUMN 16
AVERAGE MONTHLY: 45.4 TOTAL FOR MONTH: 1.30 1 = FOG OR MIST
DPTR FM NORMAL: -0.7 DPTR FM NORMAL: 0.74 2 = FOG REDUCING VISIBILITY
HIGHEST: 78 ON 12 GRTST 24HR 0.81 ON 4- 4 TO 1/4 MILE OR LESS
LOWEST: 20 ON 6, 5 3 = THUNDER
SNOW, ICE PELLETS, HAIL 4 = ICE PELLETS
TOTAL MONTH: 12.0 INCHES 5 = HAIL
GRTST 24HR 5.2 ON 5- 5 6 = FREEZING RAIN OR DRIZZLE
GRTST DEPTH: 7 ON 6 7 = DUSTSTORM OR SANDSTORM:
VSBY 1/2 MILE OR LESS
8 = SMOKE OR HAZE
[NO. OF DAYS WITH] [WEATHER - DAYS WITH] 9 = BLOWING SNOW
X = TORNADO
MAX 32 OR BELOW: 0 0.01 INCH OR MORE: 3
MAX 90 OR ABOVE: 0 0.10 INCH OR MORE: 3
MIN 32 OR BELOW: 11 0.50 INCH OR MORE: 1
MIN 0 OR BELOW: 0 1.00 INCH OR MORE: 0
[HDD (BASE 65) ]
TOTAL THIS MO. 330 CLEAR (SCALE 0-3) 11
DPTR FM NORMAL 8 PTCLDY (SCALE 4-7) 3
TOTAL FM JUL 1 4967 CLOUDY (SCALE 8-10) 3
DPTR FM NORMAL -350
[CDD (BASE 65) ]
TOTAL THIS MO. 0
DPTR FM NORMAL 0 [PRESSURE DATA]
TOTAL FM JAN 1 0 HIGHEST SLP M ON M
DPTR FM NORMAL 0 LOWEST SLP 29.51 ON 4
[REMARKS]