000
CXUS56 KPDT 261032
CF6YKM
PRELIMINARY LOCAL CLIMATOLOGICAL DATA (WS FORM: F-6)

                                          STATION:   YAKIMA WA
                                          MONTH:     MAY
                                          YEAR:      2018
                                          LATITUDE:   46 34 N
                                          LONGITUDE: 120 32 W

  TEMPERATURE IN F:       :PCPN:    SNOW:  WIND      :SUNSHINE: SKY     :PK WND
================================================================================
1   2   3   4   5  6A  6B    7    8   9   10  11  12  13   14  15   16   17  18
                                     12Z  AVG MX 2MIN
DY MAX MIN AVG DEP HDD CDD  WTR  SNW DPTH SPD SPD DIR MIN PSBL S-S WX    SPD DR
================================================================================

 1  73  44  59   6   6   0 0.00  0.0    0  8.2 16 320   M    M   4        20 320
 2  82  40  61   8   4   0 0.00  0.0    0  5.5 12 330   M    M   0        15 320
 3  84  43  64  11   1   0 0.00  0.0    0  4.8 14 350   M    M   0 8      17 350
 4  84  56  70  16   0   5 0.00  0.0    0  2.3 14  30   M    M   1        17  30
 5  79  58  69  15   0   4    T  0.0    0  4.1 13 320   M    M   3        15 320
 6  76  57  67  13   0   2 0.10  0.0    0  6.9 13 300   M    M   5        16 250
 7  84  54  69  14   0   4 0.00  0.0    0  3.9 10 150   M    M   3        13  10
 8  84  53  69  14   0   4 0.01  0.0    0  4.7 30 270   M    M   1        37 270
 9  75  55  65  10   0   0 0.01  0.0    0  8.2 23 290   M    M   4        27 280
10  69  42  56   0   9   0 0.01  0.0    0  9.4 22 320   M    M   3        32 320
11  77  49  63   7   2   0    T  0.0    0  9.8 23 320   M    M   6        30 310
12  85  48  67  11   0   2 0.00  0.0    0  9.0 22 360   M    M   1        29 350
13  89  54  72  16   0   7 0.00  0.0    0  7.5 16  50   M    M   0        22  40
14  89  50  70  13   0   5 0.00  0.0    0  5.4 14 150   M    M   0        17 150
15  92  49  71  14   0   6 0.00  0.0    0  6.8 16 330   M    M   0        21 310
16  84  64  74  17   0   9    T  0.0    0  9.5 28 290   M    M   3 3      26 300
17  87  57  72  14   0   7 0.00  0.0    0 10.7 20 320   M    M   1        25 330
18  73  52  63   5   2   0    T  0.0    0  8.8 20  40   M    M   7        30  10
19  75  48  62   4   3   0 0.00  0.0    0  5.1 15 310   M    M   6        25 210
20  79  53  66   8   0   1    T  0.0    0  6.9 18 260   M    M   3        22 260
21  84  54  69  10   0   4 0.00  0.0    0  5.8 13 330   M    M   0        26 320
22  88  55  72  13   0   7 0.00  0.0    0  6.5 17 290   M    M   0        29 220
23  89  54  72  13   0   7 0.00  0.0    0  6.2 20 320   M    M   0 3      25 310
24  88  58  73  14   0   8 0.00  0.0    0  5.4 16 330   M    M   1        26 320
25  82  57  70  10   0   5    T  0.0    0  5.9 23 330   M    M   1        31 320
================================================================================
SM 2051 1304        27  87  0.13     0.0 167.3          M       53
================================================================================
AV 82.0 52.2                               6.7 FASTST   M    M   2    MAX(MPH)
                                 MISC ---->  # 30 270               # 37  270
================================================================================
NOTES:
# LAST OF SEVERAL OCCURRENCES

COLUMN 17 PEAK WIND IN M.P.H.

PRELIMINARY LOCAL CLIMATOLOGICAL DATA (WS FORM: F-6) , PAGE 2

                                          STATION:  YAKIMA WA
                                          MONTH:    MAY
                                          YEAR:     2018
                                          LATITUDE:   46 34 N
                                          LONGITUDE: 120 32 W

[TEMPERATURE DATA]      [PRECIPITATION DATA]       SYMBOLS USED IN COLUMN 16

AVERAGE MONTHLY: 67.1   TOTAL FOR MONTH:   0.13    1 = FOG OR MIST
DPTR FM NORMAL:  10.7   DPTR FM NORMAL:   -0.32    2 = FOG REDUCING VISIBILITY
HIGHEST:    92 ON 15    GRTST 24HR  0.10 ON  6- 6      TO 1/4 MILE OR LESS
LOWEST:     40 ON  2                               3 = THUNDER
                        SNOW, ICE PELLETS, HAIL    4 = ICE PELLETS
                        TOTAL MONTH:   0.0 INCH    5 = HAIL
                        GRTST 24HR     0.0         6 = FREEZING RAIN OR DRIZZLE
                        GRTST DEPTH:   0           7 = DUSTSTORM OR SANDSTORM:
                                                       VSBY 1/2 MILE OR LESS
                                                   8 = SMOKE OR HAZE
[NO. OF DAYS WITH]      [WEATHER - DAYS WITH]      9 = BLOWING SNOW
                                                   X = TORNADO
MAX 32 OR BELOW:   0    0.01 INCH OR MORE:   4
MAX 90 OR ABOVE:   1    0.10 INCH OR MORE:   1
MIN 32 OR BELOW:   0    0.50 INCH OR MORE:   0
MIN  0 OR BELOW:   0    1.00 INCH OR MORE:   0

[HDD (BASE 65) ]
TOTAL THIS MO.    27    CLEAR  (SCALE 0-3)  19
DPTR FM NORMAL  -200    PTCLDY (SCALE 4-7)   6
TOTAL FM JUL 1  4806    CLOUDY (SCALE 8-10)  0
DPTR FM NORMAL -1103

[CDD (BASE 65) ]
TOTAL THIS MO.    87
DPTR FM NORMAL    73    [PRESSURE DATA]
TOTAL FM JAN 1    87    HIGHEST SLP 30.13 ON  4
DPTR FM NORMAL    72    LOWEST  SLP 29.66 ON 23

[REMARKS]
