000
CDUS43 KEAX 220634
CLIMCI

CLIMATE REPORT
NATIONAL WEATHER SERVICE
1232 AM CST FRI NOV 22 2019

...................................

...THE KANSAS CITY INTERNATIONAL MO CLIMATE SUMMARY FOR NOVEMBER 21 2019...

CLIMATE NORMAL PERIOD: 1981 TO 2010
CLIMATE RECORD PERIOD: 1888 TO 2019


WEATHER ITEM   OBSERVED TIME   RECORD YEAR NORMAL DEPARTURE LAST
                VALUE   (LST)  VALUE       VALUE  FROM      YEAR
                                                  NORMAL
...................................................................
TEMPERATURE (F)
 YESTERDAY
  MAXIMUM         59   3:32 AM  78    1966  50      9       61
  MINIMUM         36  11:59 PM   5    1937  31      5       31
  AVERAGE         48                        41      7       46

PRECIPITATION (IN)
  YESTERDAY        0.17          1.90 1934   0.06   0.11     0.00
  MONTH TO DATE    0.34                      1.55  -1.21     0.72
  SINCE SEP 1      8.85                      9.33  -0.48    12.78
  SINCE JAN 1     50.89                     36.73  14.16    36.85

SNOWFALL (IN)
  YESTERDAY        0.0           1.8  1906   0.0    0.0      0.0
  MONTH TO DATE    0.6                       0.5    0.1      1.8
  SINCE SEP 1      1.9                       0.7    1.2      2.0
  SINCE JUL 1      1.9                       0.7    1.2      2.0
  SNOW DEPTH       0

DEGREE DAYS
 HEATING
  YESTERDAY       17                        24     -7       19
  MONTH TO DATE  490                       403     87      606
  SINCE SEP 1    926                       761    165      977
  SINCE JUL 1    926                       763    163      977

 COOLING
  YESTERDAY        0                         0      0        0
  MONTH TO DATE    0                         0      0        0
  SINCE SEP 1    326                       185    141      257
  SINCE JAN 1   1449                      1358     91     1757
...................................................................


WIND (MPH)
  HIGHEST WIND SPEED    25   HIGHEST WIND DIRECTION     S (190)
  HIGHEST GUST SPEED    38   HIGHEST GUST DIRECTION     S (180)
  AVERAGE WIND SPEED    13.9


SKY COVER
  POSSIBLE SUNSHINE  MM
  AVERAGE SKY COVER 1.0


WEATHER CONDITIONS
THE FOLLOWING WEATHER WAS RECORDED YESTERDAY.
  RAIN
  LIGHT RAIN
  FOG


RELATIVE HUMIDITY (PERCENT)
 HIGHEST   100           3:00 AM
 LOWEST     75           9:00 PM
 AVERAGE    88

..........................................................


THE KANSAS CITY INTERNATIONAL MO CLIMATE NORMALS FOR TODAY
                         NORMAL    RECORD    YEAR
 MAXIMUM TEMPERATURE (F)   50        76      1966
 MINIMUM TEMPERATURE (F)   31         7      1898


SUNRISE AND SUNSET
NOVEMBER 22 2019......SUNRISE   7:10 AM CST   SUNSET   5:00 PM CST
NOVEMBER 23 2019......SUNRISE   7:11 AM CST   SUNSET   4:59 PM CST


-  INDICATES NEGATIVE NUMBERS.
R  INDICATES RECORD WAS SET OR TIED.
MM INDICATES DATA IS MISSING.
T  INDICATES TRACE AMOUNT.



&&

...MISCELLANEOUS CLIMATE DATA FROM YESTERDAY...

LOCATION                HIGH    LOW      PRECIP
ST. JOSEPH               60      35       0.00
DOWNTOWN KANSAS CITY     59      38       0.10
OLATHE NEW CENTURY       59      36       0.39
OLATHE JO CO EXEC        58      36       0.11
LEES SUMMIT              59      36       0.06
KIRKSVILLE               57      34       0.20
CHILLICOTHE              58      36       0.06
SEDALIA                  60      38       0.13
NWS PLEASANT HILL MO     56      36       0.07


THIS PRODUCT...ALONG WITH OTHER WEATHER...HYDROLOGICAL AND CLIMATE
INFORMATION...IS AVAILABLE ON THE WEB AT HTTP://WWW.WEATHER.GOV/EAX
OR AT HTTP://WEATHER.GOV

$$
