000
CXUS54 KEWX 012227
CLMAUS

CLIMATE REPORT...UPDATED FOR 24-HR MAX PRECIP
NATIONAL WEATHER SERVICE AUSTIN/SAN ANTONIO, TX
527 PM CDT SUN APR 1 2018

...................................

...THE AUSTIN BERGSTROM CLIMATE SUMMARY FOR THE MONTH OF MARCH 2018...

CLIMATE NORMAL PERIOD 1981 TO 2010
CLIMATE RECORD PERIOD 1943 TO 2018

WEATHER         OBSERVED          NORMAL  DEPART  LAST YEAR`S
                 VALUE   DATE(S)  VALUE   FROM    VALUE  DATE(S)
                                          NORMAL
................................................................
TEMPERATURE (F)
HIGHEST            89   03/10                         88  03/28
LOWEST             33   03/14                         34  03/03
AVG. MAXIMUM     77.6              71.8     5.8     78.7
AVG. MINIMUM     51.8              46.6     5.2     56.1
MEAN             64.7              59.2     5.5     67.4
DAYS MAX >= 90      0                                  0
DAYS MAX <= 32      0                                  0
DAYS MIN <= 32      0                                  0
DAYS MIN <= 0       0                                  0

PRECIPITATION (INCHES)
TOTALS           6.21              2.78    3.43     3.33
DAILY AVG.       0.20              0.09    0.11     0.11
DAYS >= .01         5                                  7
DAYS >= .10         2                                  4
DAYS >= .50         1                                  3
DAYS >= 1.00        1                                  1
GREATEST
 24 HR. TOTAL    6.00   03/27 TO 03/28

SNOWFALL (INCHES)
TOTALS            0.0                MM      MM      0.0
SINCE 7/1         1.3                MM      MM      0.0

DEGREE_DAYS
HEATING TOTAL     107               222    -115       73
 SINCE 7/1       1633              1837    -204      947
COOLING TOTAL     108                42      66      153
 SINCE 1/1        150                58      92      262
.................................................................

WIND (MPH)
AVERAGE WIND SPEED              9.5
HIGHEST WIND SPEED/DIRECTION    38/010    DATE  03/11
HIGHEST GUST SPEED/DIRECTION    44/360    DATE  03/11

SKY COVER
POSSIBLE SUNSHINE (PERCENT)   MM
AVERAGE SKY COVER           0.60
NUMBER OF DAYS FAIR            4
NUMBER OF DAYS PC             17
NUMBER OF DAYS CLOUDY         10

AVERAGE RH (PERCENT)     66

WEATHER CONDITIONS. NUMBER OF DAYS WITH
THUNDERSTORM              3    MIXED PRECIP             0
HEAVY RAIN                1    RAIN                     2
LIGHT RAIN               13    FREEZING RAIN            0
LT FREEZING RAIN          0    HAIL                     0
HEAVY SNOW                0    SNOW                     0
LIGHT SNOW                0    SLEET                    0
FOG                      15    FOG W/VIS <= 1/4 MILE    1
HAZE                      0

MONTHLY CLIMATE SUMMARY:
MARCH 2018 WAS THE 12TH WARMEST AND 2ND WETTEST MARCH
SINCE RECORD KEEPING BEGAN.

SEA LEVEL PRESSURE DATA:
HIGHEST SLP 30.38 ON THE 12TH.
LOWEST SLP 29.61 ON THE 10TH.

-  INDICATES NEGATIVE NUMBERS.
R  INDICATES RECORD WAS SET OR TIED.
MM INDICATES DATA IS MISSING.
T  INDICATES TRACE AMOUNT.


PRELIMINARY LOCAL CLIMATOLOGICAL DATA (WS FORM: F-6)

                                          STATION:   AUSTIN BERGSTROM
                                          MONTH:     MARCH
                                          YEAR:      2018
                                          LATITUDE:   30 13 N
                                          LONGITUDE:  97 40 W

  TEMPERATURE IN F:       :PCPN:    SNOW:  WIND      :SUNSHINE: SKY     :PK WND
================================================================================
1   2   3   4   5  6A  6B    7    8   9   10  11  12  13   14  15   16   17  18
                                     12Z  AVG MX 2MIN
DY MAX MIN AVG DEP HDD CDD  WTR  SNW DPTH SPD SPD DIR MIN PSBL S-S WX    SPD DR
================================================================================

 1  71  50  61   6   4   0    T  0.0    0 12.7 35 330   M    M   7        44 330
 2  76  47  62   7   3   0 0.00  0.0    0  6.7 12 140   M    M   5 1      14 130
 3  72  43  58   2   7   0 0.10  0.0    0  6.0 16 150   M    M   7 1      22 120
 4  81  64  73  17   0   8    T  0.0    0 12.4 24 170   M    M   8 1      28 180
 5  84  61  73  17   0   8    T  0.0    0 11.5 25  20   M    M   9        32  30
 6  74  47  61   5   4   0 0.00  0.0    0  8.9 20  40   M    M   7        26  50
 7  66  39  53  -4  12   0 0.00  0.0    0  7.5 21  20   M    M   4        26  10
 8  71  41  56  -1   9   0 0.00  0.0    0  6.9 18 190   M    M   7        28 190
 9  73  46  60   3   5   0 0.00  0.0    0 10.9 23 190   M    M   9        27 190
10  89  66  78  20   0  13    T  0.0    0 10.0 20 150   M    M   7 1      26 160
11  70  54  62   4   3   0 0.00  0.0    0 17.3 38  10   M    M   8 1      44 360
12  66  39  53  -5  12   0 0.00  0.0    0 11.7 24  20   M    M   3        28  30
13  70  34  52  -6  13   0 0.00  0.0    0  5.6 16  30   M    M   4        20  60
14  72  33  53  -6  12   0 0.00  0.0    0  4.8 13 160   M    M   4        18 100
15  76  40  58  -1   7   0 0.00  0.0    0  9.8 24 180   M    M   6        30 170
16  88  61  75  16   0  10    T  0.0    0  6.7 15 190   M    M   7 1      20 190
17  84  59  72  12   0   7    T  0.0    0  9.5 24 150   M    M   8 1      27 150
18  82  62  72  12   0   7 0.02  0.0    0  5.4 16 150   M    M   7 13     22 120
19  84  57  71  11   0   6    T  0.0    0 11.2 21 320   M    M   5 1      30 300
20  74  43  59  -1   6   0 0.00  0.0    0  9.0 22 350   M    M   2        27 350
21  78  38  58  -3   7   0 0.00  0.0    0  6.7 17 120   M    M   5        23 120
22  82  43  63   2   2   0 0.00  0.0    0  9.9 24 150   M    M   3        32 180
23  81  54  68   7   0   3 0.00  0.0    0 13.6 25 200   M    M   8        33 150
24  84  66  75  14   0  10 0.00  0.0    0  9.1 20 190   M    M   9        25 200
25  77  68  73  11   0   8 0.01  0.0    0  8.3 18 160   M    M  10 1      26 150
26  86  66  76  14   0  11 0.00  0.0    0 15.0 29 150   M    M   7 1      38 130
27  83  63  73  11   0   8 0.09  0.0    0 11.2 26  10   M    M   8 13     30  10
28  71  59  65   3   0   0 5.99  0.0    0  9.6 28  20   M    M  10 13     34 350
29  83  56  70   7   0   5    T  0.0    0  7.8 21  10   M    M   5 12     25 360
30  74  53  64   1   1   0 0.00  0.0    0  9.3 18  30   M    M   1        24  30
31  83  54  69   6   0   4 0.00  0.0    0 10.8 23 180   M    M   6 1      29 180
================================================================================
SM 2405 1606       107 108  6.21     0.0 295.8          M      196
================================================================================
AV 77.6 51.8                               9.5 FASTST   M    M   6    MAX(MPH)
                                 MISC ---->  # 38  10               # 44  330
================================================================================
NOTES:
# LAST OF SEVERAL OCCURRENCES

COLUMN 17 PEAK WIND IN M.P.H.
SYMBOLS USED IN COLUMN 16
1 = FOG OR MIST
2 = FOG REDUCING VISIBILITY
3 = THUNDER
4 = ICE PELLETS
5 = HAIL
6 = FREEZING RAIN OR DRIZZLE
7 = DUSTSTORM OR SANDSTORM:
8 = SMOKE OR HAZE
9 = BLOWING SNOW
X = TORNADO
$$
