000
CXUS54 KLUB 011501
CLMCDS
CLIMATE REPORT
NATIONAL WEATHER SERVICE LUBBOCK TX
1001 AM CDT MON APR 01 2024
...................................
...THE CHILDRESS CLIMATE SUMMARY FOR THE MONTH OF MARCH 2024...
CLIMATE NORMAL PERIOD 1991 TO 2020
CLIMATE RECORD PERIOD 1893 TO 2024
WEATHER OBSERVED NORMAL DEPART LAST YEAR`S
VALUE DATE(S) VALUE FROM VALUE DATE(S)
NORMAL
................................................................
TEMPERATURE (F)
RECORD
HIGH 100 03/12/1989
03/27/1971
03/20/1907
LOW 2 03/11/1948
HIGHEST 84 03/03 88 03/22
03/12
LOWEST 30 03/01 22 03/19
03/26
AVG. MAXIMUM 69.2 67.7 1.5 66.4
AVG. MINIMUM 41.4 40.2 1.2 37.8
MEAN 55.3 54.0 1.3 52.1
DAYS MAX >= 90 0 0.9 -0.9 0
DAYS MAX <= 32 0 0.2 -0.2 0
DAYS MIN <= 32 3 6.5 -3.5 7
DAYS MIN <= 0 0 0.0 0.0 0
PRECIPITATION (INCHES)
RECORD
MAXIMUM 5.12 1929
MINIMUM 0.00 1940
TOTALS 0.95 1.36 -0.41 0.23
DAILY AVG. 0.03 0.04 -0.01 0.01
DAYS >= .01 8 5.1 2.9 3
DAYS >= .10 3 2.8 0.2 1
DAYS >= .50 0 0.8 -0.8 0
DAYS >= 1.00 0 0.2 -0.2 0
GREATEST
24 HR. TOTAL 0.36 03/16 TO 03/17
SNOWFALL (INCHES)
RECORDS
TOTAL 12.0 1969
TOTALS T 0.6 -0.6 T
SINCE 7/1 4.0 5.3 -1.3 MM
SNOWDEPTH AVG. 0 0
DAYS >= TRACE 2 0.4 1.6 1
DAYS >= 1.0 0 0.3 -0.3 0
GREATEST
SNOW DEPTH 0 0 MM
24 HR TOTAL MM MM
DEGREE DAYS
HEATING TOTAL 296 362 -66 404
SINCE 7/1 2632 2886 -254 MM
COOLING TOTAL 6 19 -13 9
SINCE 1/1 13 21 -8 MM
................................................................
WIND (MPH)
AVERAGE WIND SPEED 10.7
HIGHEST WIND SPEED/DIRECTION 37/210 DATE 03/21
37/250 03/24
HIGHEST GUST SPEED/DIRECTION 60/200 DATE 03/24
SKY COVER
POSSIBLE SUNSHINE (PERCENT) MM
AVERAGE SKY COVER 0.20
NUMBER OF DAYS FAIR 23
NUMBER OF DAYS PC 5
NUMBER OF DAYS CLOUDY 3
AVERAGE RH (PERCENT) 56
WEATHER CONDITIONS. NUMBER OF DAYS WITH
THUNDERSTORM 1 MIXED PRECIP 0
HEAVY RAIN 0 RAIN 4
LIGHT RAIN 9 FREEZING RAIN 0
LT FREEZING RAIN 0 HAIL 0
HEAVY SNOW 0 SNOW 0
LIGHT SNOW 2 SLEET 0
FOG 8 FOG W/VIS <= 1/4 MILE 2
HAZE 1
- INDICATES NEGATIVE NUMBERS.
R INDICATES RECORD WAS SET OR TIED.
MM INDICATES DATA IS MISSING.
T INDICATES TRACE AMOUNT.
$$