000
CXUS53 KDLH 070211 CCA
CLMDLH

CLIMATE REPORT...CORRECTED
NATIONAL WEATHER SERVICE DULUTH MN
1222 PM CDT SUN MAY 6 2018

...................................

...THE DULUTH CLIMATE SUMMARY FOR THE MONTH OF APRIL 2018...

CLIMATE NORMAL PERIOD 1981 TO 2010
CLIMATE RECORD PERIOD 1870 TO 2018

WEATHER         OBSERVED          NORMAL  DEPART  LAST YEAR`S
                 VALUE   DATE(S)  VALUE   FROM    VALUE  DATE(S)
                                          NORMAL
................................................................
TEMPERATURE (F)
RECORD
 HIGH              88   04/27/1952
 LOW               -5   04/04/1975
                        04/03/1954
HIGHEST            71   04/30        MM      MM       70  04/15
LOWEST              2   04/08        MM      MM       23  04/27
AVG. MAXIMUM     42.8              49.2    -6.4     52.2
AVG. MINIMUM     22.8              30.0    -7.2     32.2
MEAN             32.8              39.6    -6.8     42.2
DAYS MAX >= 90      0               0.0     0.0        0
DAYS MAX <= 32     10               1.5     8.5        1
DAYS MIN <= 32     26              17.8     8.2       15
DAYS MIN <= 0       0               0.0     0.0        0

PRECIPITATION (INCHES)
RECORD
 MAXIMUM         8.18   2001
 MINIMUM         0.24   1987
TOTALS           1.39              2.43   -1.04     3.02
DAILY AVG.       0.05              0.08   -0.03     0.10
DAYS >= .01        11              10.6     0.4       11
DAYS >= .10         4               5.5    -1.5        7
DAYS >= .50         1               1.6    -0.6        2
DAYS >= 1.00        0               0.3    -0.3        0
GREATEST
 24 HR. TOTAL    0.63   04/15 TO 04/15

SNOWFALL (INCHES)
RECORDS
 TOTAL           50.8   2013
TOTALS           18.5               6.9    11.6      1.9
SINCE 7/1        91.9              85.7     6.2       MM
SNOWDEPTH AVG.      5                MM      MM        0
DAYS >= 1.0         3               1.8     1.2        0
GREATEST
 SNOW DEPTH        14   04/16
 24 HR TOTAL     12.7R  04/15 TO 04/15

DEGREE_DAYS
HEATING TOTAL     958               762     196      678
 SINCE 7/1       9176              8839     337       MM
COOLING TOTAL       0                 0       0        0
 SINCE 1/1          0                 0       0       MM
.................................................................

WIND (MPH)
AVERAGE WIND SPEED              10.2
HIGHEST WIND SPEED/DIRECTION    36/070    DATE  04/14
HIGHEST GUST SPEED/DIRECTION    49/060    DATE  04/14

SKY COVER
POSSIBLE SUNSHINE (PERCENT)   MM
AVERAGE SKY COVER           0.40
NUMBER OF DAYS FAIR           17
NUMBER OF DAYS PC              7
NUMBER OF DAYS CLOUDY          6

AVERAGE RH (PERCENT)     58

WEATHER CONDITIONS. NUMBER OF DAYS WITH
THUNDERSTORM              1     MIXED PRECIP               0
HEAVY RAIN                0     RAIN                       1
LIGHT RAIN                3     FREEZING RAIN              0
LT FREEZING RAIN          0     HAIL                       0
HEAVY SNOW                1     SNOW                       3
LIGHT SNOW               12     SLEET                      0
FOG                       8     FOG W/VIS <= 1/4 MILE      0
HAZE                      5

-  INDICATES NEGATIVE NUMBERS.
R  INDICATES RECORD WAS SET OR TIED.
MM INDICATES DATA IS MISSING.
T  INDICATES TRACE AMOUNT.

$$

.APRIL 2018 WAS COOLER THAN NORMAL WITH BELOW NORMAL PRECIPITATION
AT DULUTH MN...

THE AVERAGE TEMPERATURE FOR APRIL WAS 32.8 DEGREES WHICH WAS 6.8
DEGREES BELOW THE NORMAL OF 39.6 DEGREES MAKING THIS THE 5TH COLDEST
APRIL IN STATION HISTORY. THE HIGHEST TEMPERATURE FOR THE MONTH WAS
71 DEGREES ON THE 30TH. THE LOWEST TEMPERATURE WAS 2 DEGREES ON THE
8TH. TWO DAILY TEMPERATURE RECORDS WERE BROKEN FOR THE MONTH. THE
RECORD LOW TEMPERATURE OF 2 DEGREES WAS SET ON THE 8TH. THIS BROKE
THE PREVIOUS RECORD OF 5 DEGREES SET IN 1885 AND TIED IN 1972 AND
1974. IN ADDITION, THIS WAS THE 6TH COLDEST LOW TEMPERATURE FOR THE
MONTH OF APRIL. THE RECORD COLDEST HIGH TEMPERATURE OF 26 DEGREES
WAS SET ON THE 15TH. THIS BROKE THE PREVIOUS RECORD OF 28 DEGREES
SET IN 1951. SEVEN DAYS HAD AVERAGE TEMPERATURES ABOVE NORMAL.

APRIL 2018 WAS BELOW NORMAL FOR PRECIPITATION WITH A TOTAL OF 1.39
INCHES OF PRECIPITATION RECORDED FOR THE MONTH. THIS WAS 1.04 INCHES
BELOW THE NORMAL OF 2.43 INCHES. THE GREATEST AMOUNT OF
PRECIPITATION IN A 24 HOUR PERIOD OCCURRED ON THE 15TH WHEN 0.63
INCHES WAS RECORDED. AT LEAST A TRACE OF PRECIPITATION WAS RECORDED
ON 14 DAYS. AT LEAST 0.01 INCHES OF PRECIPITATION FELL ON 11 DAYS.
AT LEAST 0.10 INCHES FELL ON 4 DAYS. AT LEAST 0.50 INCHES FELL ON
1 DAY. NO DAILY PRECIPITATION RECORDS WERE BROKEN IN APRIL.

APRIL 2018 WAS ABOVE NORMAL FOR SNOWFALL WITH A TOTAL OF 18.5 INCHES
OF SNOW FOR THE MONTH. THIS WAS 11.6 INCHES ABOVE THE NORMAL OF 6.9
INCHES...MAKING THIS THE 8TH SNOWIEST APRIL IN STATION HISTORY. THE
GREATEST AMOUNT OF SNOWFALL IN A 24 HOUR PERIOD OCCURRED ON THE
15TH TO THE 16TH WHERE 12.9 INCHES OF SNOW WAS RECORDED. ONE DAILY
SNOWFALL RECORD WAS SET FOR THE MONTH OF APRIL. ON THE 15TH 12.7
INCHES OF SNOW WAS RECORDED. THIS BROKE THE RECORD DAILY MAXIMUM
SNOWFALL OF 9.7 INCHES SET IN 1961. IN ADDITION...THE 12.7 INCHES OF
SNOW RECORDED ON THE 15TH BROKE THE RECORD HIGHEST SINGLE DAY
SNOWFALL FOR THE MONTH OF APRIL. THE PREVIOUS RECORD WAS 12.1 INCHES
SET ON APRIL 3RD 2007.

THE AVERAGE WIND SPEED FOR THE MONTH WAS 10.2 MPH. THE WINDIEST DAY
OF THE MONTH WAS ON THE 14TH WITH AN AVERAGE WIND OF 27.7 MPH. THE
HIGHEST SUSTAINED WIND OCCURRED ON THE 14TH WITH A WIND FROM THE
EAST NORTHEAST AT 36 MPH. A PEAK WIND GUST OF 49 MPH WAS RECORDED ON
THE 14TH OUT OF THE EAST NORTHEAST.

THERE WERE 958 HEATING DEGREE DAYS FOR THE MONTH WHICH WAS 196 ABOVE
THE NORMAL OF 762. THIS BROUGHT THE SEASONAL TOTAL TO 9176 WHICH IS
337 ABOVE THE NORMAL OF 8839. THERE WERE 0 COOLING DEGREE DAYS FOR
THE MONTH WHICH WAS NORMAL. THE SEASONAL TOTAL COOLING DEGREE DAYS
STANDS AT 0 WHICH WAS NORMAL.

THE OUTLOOK FOR MAY...NORMAL HIGHS START IN THE MID TO UPPER 50S AND
WARM TO THE MID 60S AT THE END OF THE MONTH. NORMAL LOWS FOR THE
MONTH START IN THE MID 30S AND WARM TO THE MID 40S AT THE END OF THE
MONTH. NORMAL PRECIPITATION FOR MAY IS 3.23 INCHES. NORMAL SNOWFALL
FOR MAY IS 0.4 INCHES. THE LATEST CLIMATE PREDICTION CENTER OUTLOOK
INDICATES THAT ODDS ARE TILTED TOWARD ABOVE NORMAL TEMPERATURES AND
SLIGHTLY TILTED TOWARD ABOVE NORMAL PRECIPITATION.

$$

WL
