000
CXUS52 KMHX 040955
CLMEWN


CLIMATE REPORT
NATIONAL WEATHER SERVICE NEWPORT/MOREHEAD CITY NC
555 AM EDT FRI MAY 4 2018

...................................

...THE NEW BERN NC CLIMATE SUMMARY FOR THE MONTH OF APRIL 2018...

CLIMATE NORMAL PERIOD 1981 TO 2010
CLIMATE RECORD PERIOD 1948 TO 2018

WEATHER         OBSERVED          NORMAL  DEPART  LAST YEAR`S
                 VALUE   DATE(S)  VALUE   FROM    VALUE  DATE(S)
                                          NORMAL
................................................................
TEMPERATURE (F)
RECORD
 HIGH              95   04/26/1990
 LOW               29   04/10/2007
                        04/15/1950
HIGHEST            83   04/18                         89  04/21
                        04/02
LOWEST             35   04/08                         34  04/08
AVG. MAXIMUM     70.6              73.5    -2.9     78.2
AVG. MINIMUM     45.9              50.1    -4.2     56.3
MEAN             58.2              61.8    -3.6     67.2
DAYS MAX >= 90      0               0.6    -0.6        0
DAYS MAX <= 32      0               0.0     0.0        0
DAYS MIN <= 32      0               0.3    -0.3        0
DAYS MIN <= 0       0               0.0     0.0        0

PRECIPITATION (INCHES)
RECORD
 MAXIMUM         8.36   2000
 MINIMUM         0.53   2010
TOTALS           3.88              3.17    0.71     4.37
DAILY AVG.       0.14              0.11    0.03     0.15
DAYS >= .01         6               8.5    -2.5        9
DAYS >= .10         3               5.8    -2.8        7
DAYS >= .50         2               2.2    -0.2        3
DAYS >= 1.00        2               1.0     1.0        1
GREATEST
 24 HR. TOTAL    1.99   04/16 TO 04/16

SNOWFALL (INCHES)
RECORDS
 TOTAL             MM   5
 24 HR TOTAL       MM
 SNOW DEPTH        MM   MM
TOTALS            0.0               0.1    -0.1      0.0
 LIQUID EQUIV    0.00              0.00    0.00     0.00
SINCE 7/1         6.0               1.5     4.5        T
 LIQUID 7/1      0.60              0.20    0.40       MM
SNOWDEPTH AVG.      0                MM      MM        0
DAYS >= TRACE       0               0.1    -0.1        0
DAYS >= 1.0         0               0.1    -0.1        0
GREATEST
 SNOW DEPTH         0   MM                             0  MM
 24 HR TOTAL      0.0   04/30 TO 04/30
 STORM TOTAL       MM                                 MM
 (MM/DD(HH))

DEGREE_DAYS
HEATING TOTAL     210               152      58       55
 SINCE 7/1       2902              2667     235     2206
.................................................................

WIND (MPH)
AVERAGE WIND SPEED              8.2
RESULTANT WIND SPEED/DIRECTION   2/209
HIGHEST WIND SPEED/DIRECTION    29/200    DATE  04/16
HIGHEST GUST SPEED/DIRECTION    44/210    DATE  04/16

SKY COVER
POSSIBLE SUNSHINE (PERCENT)   MM
AVERAGE SKY COVER           0.30
NUMBER OF DAYS FAIR           20
NUMBER OF DAYS PC              6
NUMBER OF DAYS CLOUDY          4

AVERAGE RH (PERCENT)     71

WEATHER CONDITIONS. NUMBER OF DAYS WITH
  0
  7
  0
  0
  0
  0
  1
HAZE                      2

-  INDICATES NEGATIVE NUMBERS.
R  INDICATES RECORD WAS SET OR TIED.
MM INDICATES DATA IS MISSING.
T  INDICATES TRACE AMOUNT.

$$
