000
CXUS52 KMFL 011335
CLMFLL


CLIMATE REPORT
NATIONAL WEATHER SERVICE MIAMI, FL
924 AM EDT TUE MAY 1 2018

...................................

...THE FORT LAUDERDALE CLIMATE SUMMARY FOR THE MONTH OF APRIL 2018...

CLIMATE NORMAL PERIOD 1981 TO 2010
CLIMATE RECORD PERIOD 1912 TO 2018

WEATHER         OBSERVED          NORMAL  DEPART  LAST YEAR`S
                 VALUE   DATE(S)  VALUE   FROM    VALUE
                                          NORMAL
.............................................................
TEMPERATURE (F)
RECORD
 HIGH              98   04/04/1980
                        04/04/1926
 LOW               40   04/07/1960
HIGHEST            91   04/24                         89
LOWEST             58   04/17                         56
AVG. MAXIMUM     83.7              82.7     1.0     83.3
AVG. MINIMUM     70.3              69.7     0.6     71.5
MEAN             77.0              76.2     0.8     77.4
DAYS MAX >= 90      1                                  0
DAYS MAX <= 32      0                                  0
DAYS MIN <= 32      0                                  0
DAYS MIN <= 0       0                                  0

PRECIPITATION (INCHES)
RECORD
 MAXIMUM        19.47   1979
 MINIMUM         0.02   1946
TOTALS           2.27              2.89   -0.62     4.00
DAILY AVG.       0.08              0.10   -0.02     0.13
DAYS >= .01         6                                  7
DAYS >= .10         5                                  2
DAYS >= .50         2                                  1
DAYS >= 1.00        1                                  1
GREATEST
 24 HR. TOTAL    1.03   04/27 TO 04/27              3.70

DEGREE_DAYS
HEATING TOTAL       0                 1      -1        0
 SINCE 7/1        141               112      29       35
COOLING TOTAL     368               337      31      377
 SINCE 1/1        978               947      31     1086
..............................................................

WIND (MPH)
AVERAGE WIND SPEED              9.9
HIGHEST WIND SPEED/DIRECTION    39/340    DATE  04/10
HIGHEST GUST SPEED/DIRECTION    53/330    DATE  04/10

SKY COVER
POSSIBLE SUNSHINE (PERCENT)   MM
AVERAGE SKY COVER           0.40
NUMBER OF DAYS FAIR           10
NUMBER OF DAYS PC             20
NUMBER OF DAYS CLOUDY          0

AVERAGE RH (PERCENT)     74

WEATHER CONDITIONS. NUMBER OF DAYS WITH
  0
  5
  0
  0
  0
  0
  0
HAZE                      1

-  INDICATES NEGATIVE NUMBERS.
R  INDICATES RECORD WAS SET OR TIED.
MM INDICATES DATA IS MISSING.
T  INDICATES TRACE AMOUNT.

$$
