000
CXUS53 KFGF 011456
CLMGFK

CLIMATE REPORT
NATIONAL WEATHER SERVICE EASTERN NORTH DAKOTA/GRAND FORKS
956 AM CDT SUN APR 1 2018

...................................

...THE GRAND FORKS CLIMATE SUMMARY FOR THE MONTH OF MARCH 2018...

CLIMATE NORMAL PERIOD 1981 TO 2010
CLIMATE RECORD PERIOD 1948 TO 2018

WEATHER         OBSERVED          NORMAL  DEPART  LAST YEAR`S
                 VALUE   DATE(S)  VALUE   FROM    VALUE  DATE(S)
                                          NORMAL
................................................................
TEMPERATURE (F)
RECORD
 HIGH              80   03/31/1963
 LOW              -36   03/10/1948
HIGHEST            41   03/18        34       7       62  03/29
                        03/03
LOWEST              0   03/09        17     -17       -5  03/10
AVG. MAXIMUM     32.2              34.2    -2.0     36.3
AVG. MINIMUM     16.5              16.1     0.4     18.7
MEAN             24.3              25.2    -0.9     27.5
DAYS MAX >= 90      0               0.0     0.0        0
DAYS MAX <= 32     15              11.7     3.3       11
DAYS MIN <= 32     30              28.7     1.3       25
DAYS MIN <= 0       1               4.2    -3.2        2

PRECIPITATION (INCHES)
RECORD
 MAXIMUM         3.08   1966
 MINIMUM         0.04   1986
TOTALS           1.85              0.96    0.89     0.85
DAILY AVG.       0.06              0.03    0.03     0.03
DAYS >= .01        10               7.5     2.5        5
DAYS >= .10         5               2.9     2.1        2
DAYS >= .50         1               0.4     0.6        0
DAYS >= 1.00        0               0.0     0.0        0
GREATEST
 24 HR. TOTAL    0.56   03/04 TO 03/04

SNOWFALL (INCHES)
RECORDS
 TOTAL           29.3   1966
TOTALS           13.9               7.2     6.7      0.2
SINCE 7/1        49.4              44.4     5.0     38.5
SNOWDEPTH AVG.      6                 4       2        0
DAYS >= 1.0         3               2.3     0.7        0
GREATEST
 SNOW DEPTH         8   03/26                          1  03/04
                        03/07                             03/03
                        03/06                             03/02
 24 HR TOTAL      5.3   03/25 TO 03/25

DEGREE_DAYS
HEATING TOTAL    1252              1235      17     1155
 SINCE 7/1       8242              8385    -143     7124
COOLING TOTAL       0                 0       0        0
 SINCE 1/1          0                 0       0        0
.................................................................

WIND (MPH)
AVERAGE WIND SPEED              9.8
HIGHEST WIND SPEED/DIRECTION    32/310    DATE  03/28
HIGHEST GUST SPEED/DIRECTION    43/310    DATE  03/28

SKY COVER
POSSIBLE SUNSHINE (PERCENT)   MM
AVERAGE SKY COVER           0.60
NUMBER OF DAYS FAIR            7
NUMBER OF DAYS PC             10
NUMBER OF DAYS CLOUDY         14

AVERAGE RH (PERCENT)     81



-  INDICATES NEGATIVE NUMBERS.
R  INDICATES RECORD WAS SET OR TIED.
MM INDICATES DATA IS MISSING.
T  INDICATES TRACE AMOUNT.
&&

THE MONTH OF MARCH AT GRAND FORKS INTERNATIONAL AIRPORT FARGO WAS ABOUT A
DEGREE COLDER THAN NORMAL WITH RESPECT TO ATMOSPHERIC TEMPERATURE AND WETTER
AND SNOWIER THAN AVERAGE. LIQUID EQUIVALENT PRECIPITATION OF 1.85 INCHES WAS
ABOUT TWICE THE AVERAGE AMOUNT FOR MARCH.  THE SNOWFALL TOTAL OF 13.9 INCHES
WAS THE SIXTH HIGHEST ON RECORD, ALTHOUGH THE PERIOD OF INSPECTION ONLY DATES
BACK TO 1965. THE HIGHEST MARCH SNOWFALL AT THE AIRPORT OCCURRED IN 1966 ( 29.3
INCHES). THE HIGHEST DAILY PRECIPITATION AMOUNT OF 0.56 INCHES ON THE 4TH WAS
DUE LARGELY TO RAIN AND EARLY SEASON THUNDERSTORMS MIXED WITH WET SNOW AND
SLEET.

REMEMBER...THIS DATA IS PROVISIONAL AND IS SUBJECT TO CHANGE. THE FINAL AND
OFFICIAL RECORDS WILL BE AVAILABLE FROM THE NATIONAL CENTERS FOR ENVIRONMENTAL
INFORMATION (FORMERLY THE NATIONAL CLIMATIC DATA CENTER).

$$
