000
CXUS51 KRLX 011430
CLMHTS


CLIMATE REPORT
NATIONAL WEATHER SERVICE CHARLESTON WV
1030 AM EDT TUE MAY 1 2018

...................................

...THE HUNTINGTON WV CLIMATE SUMMARY FOR THE MONTH OF APRIL 2018...

CLIMATE NORMAL PERIOD 1981 TO 2010
CLIMATE RECORD PERIOD 1897 TO 2018

WEATHER         OBSERVED          NORMAL  DEPART  LAST YEAR`S
                 VALUE   DATE(S)  VALUE   FROM    VALUE  DATE(S)
                                          NORMAL
................................................................
TEMPERATURE (F)
RECORD
 HIGH              92   04/21/1985
                        04/26/1957
                        04/30/1942
 LOW               15   04/05/1898
HIGHEST            86   04/13                         89
LOWEST             23   04/08                         31
AVG. MAXIMUM     62.7              67.9    -5.2     73.5
AVG. MINIMUM     40.5              44.5    -4.0     51.3
MEAN             51.6              56.2    -4.6     62.4
DAYS MAX >= 90      0               0.2    -0.2        0
DAYS MAX <= 32      0               0.0     0.0        0
DAYS MIN <= 32      4               2.7     1.3        1
DAYS MIN <= 0       0               0.0     0.0        0

PRECIPITATION (INCHES)
RECORD
 MAXIMUM         9.98   2011
 MINIMUM         0.74   1976
TOTALS           2.98              3.44   -0.46     1.83
DAILY AVG.       0.10              0.11   -0.01     0.06
DAYS >= .01        12              12.8    -0.8       13
DAYS >= .10        10               8.1     1.9        8
DAYS >= .50         2               2.0     0.0        0
DAYS >= 1.00        0               0.5    -0.5        0
GREATEST
 24 HR. TOTAL    0.87   04/15 TO 04/15              0.94

SNOWFALL (INCHES)
RECORDS
 TOTAL           14.4   1987
 24 HR TOTAL      1.6   MM
 SNOW DEPTH        MM   MM
TOTALS            1.2               0.9     0.3      0.0
SINCE 7/1        12.5              23.6   -11.1      5.9
SNOWDEPTH AVG.      0                                  0
DAYS >= 1.0         1               0.2     0.8        0
GREATEST
 SNOW DEPTH         1   04/09                          0  MM
 24 HR TOTAL      1.0   04/09 TO 04/09               0.0

DEGREE_DAYS
HEATING TOTAL     417               291     126      139
 SINCE 7/1       4365              4388     -23     3340
COOLING TOTAL      21                27      -6       68
 SINCE 1/1         28                32      -4       71
.................................................................

WIND (MPH)
AVERAGE WIND SPEED              6.7
HIGHEST WIND SPEED/DIRECTION    25/310    DATE  04/18
HIGHEST GUST SPEED/DIRECTION   178/090    DATE  04/20

SKY COVER
POSSIBLE SUNSHINE (PERCENT)   MM
AVERAGE SKY COVER           0.50
NUMBER OF DAYS FAIR           14
NUMBER OF DAYS PC              8
NUMBER OF DAYS CLOUDY          8

AVERAGE RH (PERCENT)     58

WEATHER CONDITIONS. NUMBER OF DAYS WITH
THUNDERSTORM              0     MIXED PRECIP               0
HEAVY RAIN                3     RAIN                       8
LIGHT RAIN               14     FREEZING RAIN              0
LT FREEZING RAIN          0     HAIL                       0
HEAVY SNOW                0     SNOW                       0
LIGHT SNOW                3     SLEET                      0
FOG                      12     FOG W/VIS <= 1/4 MILE      2
HAZE                      2

-  INDICATES NEGATIVE NUMBERS.
R  INDICATES RECORD WAS SET OR TIED.
MM INDICATES DATA IS MISSING.
T  INDICATES TRACE AMOUNT.

$$
