000
CXUS53 KEAX 012210
CLMIRK
CLIMATE REPORT
NATIONAL WEATHER SERVICE KANSAS CITY/PLEASANT HILL MO
503 PM CDT MON APR 01 2024
...................................
...THE KIRKSVILLE MO CLIMATE SUMMARY FOR THE MONTH OF MARCH 2024...
CLIMATE NORMAL PERIOD: 1991 TO 2020
CLIMATE RECORD PERIOD: 9999 TO 9999
WEATHER OBSERVED NORMAL DEPART LAST YEAR`S
VALUE DATE(S) VALUE FROM VALUE DATE(S)
NORMAL
................................................................
TEMPERATURE (F)
HIGHEST 79 03/03 75 4 72 03/31
LOWEST 20 03/10 11 9 11 03/18
03/18
AVG. MAXIMUM 58.2 51.8 6.4 49.5
AVG. MINIMUM 34.4 30.6 3.8 29.6
MEAN 46.3 41.2 5.1 39.5
DAYS MAX >= 90 0 0.0 0.0 0
DAYS MAX <= 32 0 1.7 -1.7 2
DAYS MIN <= 32 15 18.6 -3.6 20
DAYS MIN <= 0 0 0.2 -0.2 0
PRECIPITATION (INCHES)
TOTALS 2.02 2.62 -0.60 3.29
DAILY AVG. 0.07 0.08 -0.01 0.11
DAYS >= .01 10 9.7 0.3 14
DAYS >= .10 4 5.7 -1.7 8
DAYS >= .50 1 1.7 -0.7 2
DAYS >= 1.00 0 0.6 -0.6 0
GREATEST
24 HR. TOTAL 1.27 03/13 TO 03/14
DEGREE DAYS
HEATING TOTAL 571 739 -168 781
SINCE 7/1 4382 5182 -800 MM
COOLING TOTAL 0 1 -1 0
SINCE 1/1 0 1 -1 MM
................................................................
WIND (MPH)
AVERAGE WIND SPEED 11.0
HIGHEST WIND SPEED/DIRECTION 38/300 DATE 03/14
HIGHEST GUST SPEED/DIRECTION 58/300 DATE 03/14
SKY COVER
POSSIBLE SUNSHINE (PERCENT) MM
AVERAGE SKY COVER 0.36
NUMBER OF DAYS FAIR 17
NUMBER OF DAYS PC 10
NUMBER OF DAYS CLOUDY 4
AVERAGE RH (PERCENT) 62
WEATHER CONDITIONS. NUMBER OF DAYS WITH
THUNDERSTORM 5 MIXED PRECIP 0
HEAVY RAIN 2 RAIN 2
LIGHT RAIN 8 FREEZING RAIN 0
LT FREEZING RAIN 0 HAIL 0
HEAVY SNOW 0 SNOW 0
LIGHT SNOW 2 SLEET 0
FOG 8 FOG W/VIS <= 1/4 MILE 2
HAZE 1
- INDICATES NEGATIVE NUMBERS.
R INDICATES RECORD WAS SET OR TIED.
MM INDICATES DATA IS MISSING.
T INDICATES TRACE AMOUNT.
$$