000
CXUS53 KEAX 010813
CLMMCI

STLCLMWRK 000
TTAA00 KEAX 010809


CLIMATE REPORT
NATIONAL WEATHER SERVICE KANSAS CITY/PLEASANT HILL MO
308 AM CDT TUE MAY 1 2018

...................................

...THE KANSAS CITY INTERNATIONAL MO CLIMATE SUMMARY FOR THE MONTH
OF APRIL 2018...

CLIMATE NORMAL PERIOD 1981 TO 2010
CLIMATE RECORD PERIOD 1888 TO 2018

WEATHER         OBSERVED          NORMAL  DEPART  LAST YEAR`S
                 VALUE   DATE(S)  VALUE   FROM    VALUE  DATE(S)
                                          NORMAL
................................................................
TEMPERATURE (F)
RECORD
 HIGH              95   04/29/1910
 LOW               12   04/03/1975
HIGHEST            83   04/13        85      -2       81  04/19
                                                          04/15
LOWEST             16   04/07        27     -11       34  04/07
AVG. MAXIMUM     59.1              65.7    -6.6     66.8
AVG. MINIMUM     35.6              44.0    -8.4     47.3
MEAN             47.3              54.8    -7.5     57.0
DAYS MAX >= 90      0               0.2    -0.2        0
DAYS MAX <= 32      1               0.0     1.0        0
DAYS MIN <= 32     13               3.7     9.3        0
DAYS MIN <= 0       0               0.0     0.0        0

PRECIPITATION (INCHES)
RECORD
 MAXIMUM        10.57   1944
 MINIMUM         0.65   2000
TOTALS           1.04              3.70   -2.66     6.64
DAILY AVG.       0.03              0.12   -0.09     0.22
DAYS >= .01         8              11.0    -3.0       15
DAYS >= .10         4               6.8    -2.8       12
DAYS >= .50         0               2.6    -2.6        4
DAYS >= 1.00        0               0.8    -0.8        2
GREATEST
 24 HR. TOTAL    0.45   04/25 TO 04/25

SNOWFALL (INCHES)
RECORDS
 TOTAL            7.2   1983
                        0
                        0
TOTALS            1.9               0.6     1.3      0.0
SINCE 7/1         7.7              18.8   -11.1      4.9
SNOWDEPTH AVG.      0                MM      MM        0
DAYS >= 1.0         1               0.2     0.8        0
GREATEST
 SNOW DEPTH         1R  04/08                          0  MM
                        04/02
                        04/01
 24 HR TOTAL      1.1   04/01 TO 04/01

DEGREE_DAYS
HEATING TOTAL     532               329     203      258
 SINCE 7/1       5114              5020      94     4037
COOLING TOTAL      11                25     -14       27
 SINCE 1/1         11                28     -17       33
.................................................................

WIND (MPH)
AVERAGE WIND SPEED              12.3
HIGHEST WIND SPEED/DIRECTION    36/190    DATE  04/30
HIGHEST GUST SPEED/DIRECTION    47/190    DATE  04/30

SKY COVER
POSSIBLE SUNSHINE (PERCENT)   MM
AVERAGE SKY COVER           0.60
NUMBER OF DAYS FAIR            6
NUMBER OF DAYS PC             12
NUMBER OF DAYS CLOUDY         12

AVERAGE RH (PERCENT)     59

-  INDICATES NEGATIVE NUMBERS.
R  INDICATES RECORD WAS SET OR TIED.
MM INDICATES DATA IS MISSING.
T  INDICATES TRACE AMOUNT.

$$
