000
CXUS54 KMEG 011416
CLMMKL


CLIMATE REPORT
NATIONAL WEATHER SERVICE MEMPHIS TN
914 AM CDT TUE MAY 1 2018

...................................

...THE JACKSON CLIMATE SUMMARY FOR THE MONTH OF APRIL 2018...

CLIMATE NORMAL PERIOD 1981 TO 2010
CLIMATE RECORD PERIOD 1948 TO 2018

WEATHER         OBSERVED          NORMAL  DEPART  LAST YEAR`S
                 VALUE   DATE(S)  VALUE   FROM    VALUE  DATE(S)
                                          NORMAL
................................................................
TEMPERATURE (F)
RECORD
 HIGH              95   04/21/1987
 LOW               21   04/08/2007
HIGHEST            83   04/12        72      11       87  04/29
                        04/03
LOWEST             27   04/08        49     -22       34  04/08
AVG. MAXIMUM     66.7              72.1    -5.4     76.1
AVG. MINIMUM     42.5              47.9    -5.4     54.2
MEAN             54.6              60.0    -5.4     65.1
DAYS MAX >= 90      0               0.3    -0.3        0
DAYS MAX <= 32      0               0.0     0.0        0
DAYS MIN <= 32      5               1.7     3.3        0
DAYS MIN <= 0       0               0.0     0.0        0

PRECIPITATION (INCHES)
RECORD
 MAXIMUM        11.35   1983
 MINIMUM         1.15   2012
TOTALS           6.87              4.86    2.01     5.78
DAILY AVG.       0.23              0.16    0.07     0.19
DAYS >= .01         7              10.1    -3.1       14
DAYS >= .10         7               6.9     0.1       10
DAYS >= .50         3               3.3    -0.3        5
DAYS >= 1.00        2               1.6     0.4        1
GREATEST
 24 HR. TOTAL    2.53   04/22 TO 04/22

SNOWFALL (INCHES)
RECORDS
 TOTAL            3.5   2004
TOTALS            0.0               0.0     0.0      0.0
SINCE 7/1         4.0               4.6    -0.6        T
SNOWDEPTH AVG.      0                MM      MM        0
DAYS >= 1.0         0               0.0     0.0        0
GREATEST
 SNOW DEPTH         0   MM                             0  MM
 24 HR TOTAL      0.0   04/30 TO 04/30

DEGREE_DAYS
HEATING TOTAL     318               198     120       79
 SINCE 7/1       3496              3526     -30     2478
COOLING TOTAL      14                48     -34       89
 SINCE 1/1         33                59     -26      104
.................................................................

WIND (MPH)
AVERAGE WIND SPEED              8.2
HIGHEST WIND SPEED/DIRECTION    33/250    DATE  04/03
HIGHEST GUST SPEED/DIRECTION    44/240    DATE  04/03

SKY COVER
POSSIBLE SUNSHINE (PERCENT)   MM
AVERAGE SKY COVER           0.40
NUMBER OF DAYS FAIR           16
NUMBER OF DAYS PC              5
NUMBER OF DAYS CLOUDY          9

AVERAGE RH (PERCENT)     68

WEATHER CONDITIONS. NUMBER OF DAYS WITH
  0
  6
  0
  0
  0
  0
  4
HAZE                      0

-  INDICATES NEGATIVE NUMBERS.
R  INDICATES RECORD WAS SET OR TIED.
MM INDICATES DATA IS MISSING.
T  INDICATES TRACE AMOUNT.

$$
