000
CXUS53 KGID 012329
CLMODX


CLIMATE REPORT
NATIONAL WEATHER SERVICE HASTINGS NE
623 PM CDT SUN APR 1 2018

...................................

...THE ORD NE CLIMATE SUMMARY FOR THE MONTH OF MARCH 2018...

CLIMATE NORMAL PERIOD 1981 TO 2010
CLIMATE RECORD PERIOD 1895 TO 2018

WEATHER         OBSERVED          NORMAL  DEPART  LAST YEAR`S
                 VALUE   DATE(S)  VALUE   FROM    VALUE
                                          NORMAL
.............................................................
TEMPERATURE (F)
HIGHEST            71   03/04        MM      MM       83
LOWEST              9   03/08        MM      MM       14
AVG. MAXIMUM     49.9              50.8    -0.9     53.7
AVG. MINIMUM     25.5              24.6     0.9     28.7
MEAN             37.7              37.7     0.0     41.2
DAYS MAX >= 90      0               0.0     0.0        0
DAYS MAX <= 32      1
DAYS MIN <= 32     27              24.2     2.8       19
DAYS MIN <= 0       0

PRECIPITATION (INCHES)
TOTALS           0.62              1.45   -0.83     1.83
DAILY AVG.       0.02              0.05   -0.03     0.06
DAYS >= .01         6                MM      MM        9
DAYS >= .10         1                MM      MM        3
DAYS >= .50         0                MM      MM        2
DAYS >= 1.00        0                MM      MM        0
GREATEST
 24 HR. TOTAL    0.43   03/16 TO 03/16

DEGREE_DAYS
HEATING TOTAL     840
 SINCE 7/1       5977
COOLING TOTAL       0
 SINCE 1/1          0
..............................................................

WIND (MPH)
AVERAGE WIND SPEED              10.9
HIGHEST WIND SPEED/DIRECTION    46/310    DATE  03/05
HIGHEST GUST SPEED/DIRECTION    62/310    DATE  03/06

SKY COVER
POSSIBLE SUNSHINE (PERCENT)   MM
NUMBER OF DAYS FAIR           14
NUMBER OF DAYS PC              7
NUMBER OF DAYS CLOUDY         10

AVERAGE RH (PERCENT)     68

WEATHER CONDITIONS. NUMBER OF DAYS WITH
THUNDERSTORM              1     MIXED PRECIP               0
HEAVY RAIN                1     RAIN                       1
LIGHT RAIN                8     FREEZING RAIN              0
LT FREEZING RAIN          1     HAIL                       0
HEAVY SNOW                0     SNOW                       1
LIGHT SNOW                5     SLEET                      0
FOG                       9     FOG W/VIS <= 1/4 MILE      3
HAZE                      2

-  INDICATES NEGATIVE NUMBERS.
R  INDICATES RECORD WAS SET OR TIED.
MM INDICATES DATA IS MISSING.
T  INDICATES TRACE AMOUNT.

$$
