000
CXUS54 KLZK 012044
CLMPBF


CLIMATE REPORT
NATIONAL WEATHER SERVICE LITTLE ROCK AR
333 PM CDT TUE MAY 1 2018

...................................

...THE PINE BLUFF CLIMATE SUMMARY FOR THE MONTH OF APRIL 2018...

CLIMATE NORMAL PERIOD 1981 TO 2010
CLIMATE RECORD PERIOD 1883 TO 2018

WEATHER         OBSERVED          NORMAL  DEPART  LAST YEAR`S
                 VALUE   DATE(S)  VALUE   FROM    VALUE  DATE(S)
                                          NORMAL
................................................................
TEMPERATURE (F)
RECORD
 HIGH              96   04/23/1905
 LOW               26   04/05/1996
HIGHEST            83   04/18        74       9       86  04/29
                        04/17                             04/28
LOWEST             30   04/08        51     -21       42  04/07
AVG. MAXIMUM     69.0              74.1    -5.1     77.0
AVG. MINIMUM     46.5              51.8    -5.3     55.8
MEAN             57.8              62.9    -5.1     66.4
DAYS MAX >= 90      0               0.3    -0.3        0
DAYS MAX <= 32      0               0.0     0.0        0
DAYS MIN <= 32      2               0.2     1.8        0
DAYS MIN <= 0       0               0.0     0.0        0

PRECIPITATION (INCHES)
RECORD
 MAXIMUM        14.69   1966
 MINIMUM         0.54   1930
TOTALS           8.14              4.93    3.21     7.34
DAILY AVG.       0.27              0.16    0.11     0.24
DAYS >= .01        10               9.0     1.0       11
DAYS >= .10         7                                  8
DAYS >= .50         5                                  6
DAYS >= 1.00        4               1.7     2.3        3
GREATEST
 24 HR. TOTAL    3.87   04/13 TO 04/14

SNOWFALL (INCHES)
RECORDS
 TOTAL            2.5   1886
 24 HR TOTAL      2.5   04/05/1886 TO 04/05/1886
TOTALS              T               0.0     0.0      0.0
 LIQUID EQUIV       T              0.00    0.00     0.00
SINCE 7/1         4.1               3.1     1.0      1.5
 LIQUID 7/1      0.41              0.30    0.11     0.15
SNOWDEPTH AVG.      0
DAYS >= TRACE       1               0.0     1.0        0
DAYS >= 1.0         0                                  0
GREATEST
 SNOW DEPTH         0   MM
 24 HR TOTAL        T   04/07 TO 04/07

DEGREE_DAYS
HEATING TOTAL     226               129      97       52
 SINCE 7/1       2900              2864      36     2010
COOLING TOTAL      17                67     -50      102
 SINCE 1/1         56                87     -31      159

FREEZE DATES
RECORD
 EARLIEST     10/10/2000
 LATEST       04/25/1910
EARLIEST                        11/12
LATEST                          03/16
.................................................................

WIND (MPH)
AVERAGE WIND SPEED              9.1
HIGHEST WIND SPEED/DIRECTION    31/170    DATE  04/02
HIGHEST GUST SPEED/DIRECTION    42/210    DATE  04/03

SKY COVER
POSSIBLE SUNSHINE (PERCENT)   MM
AVERAGE SKY COVER           0.30
NUMBER OF DAYS FAIR           17
NUMBER OF DAYS PC              9
NUMBER OF DAYS CLOUDY          4

AVERAGE RH (PERCENT)     66

-  INDICATES NEGATIVE NUMBERS.
R  INDICATES RECORD WAS SET OR TIED.
MM INDICATES DATA IS MISSING.
T  INDICATES TRACE AMOUNT.

&&

...Data for Pine Bluff for April 2018...

.Summary...
April marked a significant change in temperature trends at Pine Bluff.
After a few warmer than average months in the late winter and
early spring, April ended a little over five degrees below the 30-year
average. Both high and low temperatures (which included several late-
season freezes) were significantly cooler than we would normally see
in April.

Rainfall was well above average, and it was the wettest April in six
years.

For the first time in 35 years, snow fell during April, though it
was not measurable.

.Monthly Temperatures...
The average high temperature was the coldest since 1993, and the 3rd
coldest on record. The average low temperature was the coldest since
1984 and the 5th coldest on record. The average monthly temperature was
the coldest since 1983, and the 3rd coldest on record.

.Daily Temperatures...
Daily temperatures were above average on five days, average on three
days, and below average on 22 days.

There were two days with low temperatures at or below freezing during
the month, which tied 1891, 1924, and 1975 for the most on record for
the month of April.

There were six days with high temperatures at or above 80 degrees,
which was the fewest in the month since 2007.

The freeze on April 8th was the latest freeze at Pine Bluff since
2007.

.Daily Record Temperatures Tied or Broken During the Month...
Date  Record Type                 New Record        Previous Record
 7th  Coldest High Temperature    49 in 2018           49 in 1982
      Low Temperature             32 in 2018           32 in 1898
 8th  Low Temperature             30 in 2018           31 in 2007

On the 8th, the low temperature of 30 degrees most recently tied April
1, 1926 for the 4th coldest on record for the month of April.

On the 7th, the daily average temperature of 40.5 degrees was the 6th
coldest on record for the month of April.

.Monthly Rainfall...
It was the wettest April since 2011.

.Daily Rainfall Records Tied or Broken During the Month...
None.

.Monthly Snowfall...
For the first time since 1983, snowfall was recorded during the month
of April. This made April 2018 the 2nd snowiest on record, tying 1983,
1971, 1936, and 1928. The only recorded instance of measurable snowfall
at Pine Bluff (since records began in 1883) was on April 5, 1886 when
2.5 inches fell.

.Daily Record Snowfall Tied or Broken During the Month...
Date     New Record        Previous Record
 7th      T in 2018    None-----Record Established

On the 7th, the trace of snowfall also most recently tied April 20, 1983
for the 2nd highest calendar day and 24-hour snowfall on record for April.

.Miscellaneous Phenomena...
None.

$$

57
