000
CXUS53 KABR 011810
CLMPIR


CLIMATE REPORT
NATIONAL WEATHER SERVICE ABERDEEN SD
100 PM CDT SUN APR 1 2018

...................................

...THE PIERRE SD CLIMATE SUMMARY FOR THE MONTH OF MARCH 2018...

CLIMATE NORMAL PERIOD 1981 TO 2010
CLIMATE RECORD PERIOD 1892 TO 2018

WEATHER         OBSERVED          NORMAL  DEPART  LAST YEAR`S
                 VALUE   DATE(S)  VALUE   FROM    VALUE  DATE(S)
                                          NORMAL
................................................................
TEMPERATURE (F)
RECORD
 HIGH              88   03/18/2012
 LOW              -20   03/02/2014
HIGHEST            59   03/27        MM      MM       73  03/05
                                                          03/04
LOWEST              0   03/08        MM      MM        0  03/13
AVG. MAXIMUM     39.3              45.4    -6.1     48.0
AVG. MINIMUM     22.4              23.5    -1.1     25.3
MEAN             30.8              34.4    -3.6     36.6
DAYS MAX >= 90      0               0.0     0.0        0
DAYS MAX <= 32      6               5.3     0.7        7
DAYS MIN <= 32     30              25.0     5.0       21
DAYS MIN <= 0       1               1.0     0.0        1

PRECIPITATION (INCHES)
RECORD
 MAXIMUM         3.73   1977
 MINIMUM         0.02   1918
TOTALS           1.40              1.23    0.17     0.34
DAYS >= .01         9               6.3     2.7        8
DAYS >= .10         4               2.9     1.1        1
DAYS >= .50         1               0.6     0.4        0
DAYS >= 1.00        0               0.2    -0.2        0

SNOWFALL (INCHES)
RECORDS
 TOTAL           31.8   1975
 SNOW DEPTH        29   03/30/1975
TOTALS           11.0               6.0     5.0      4.5
SINCE 7/1        32.0              27.8     4.2     32.6
SNOWDEPTH AVG.      2                 3      -1        0
DAYS >= TRACE       7               3.8     3.2       10
DAYS >= 1.0         3               1.7     1.3        1
GREATEST
 SNOW DEPTH        10   03/06                          3  03/15
                                                          03/14
                                                          03/13

DEGREE_DAYS
HEATING TOTAL    1052               947     105      870
 SINCE 7/1       6713              6445     268     6026
COOLING TOTAL       0                 0       0        0
 SINCE 1/1          0                 0       0        0

FREEZE DATES
RECORD
 EARLIEST     MM
 LATEST       MM
EARLIEST                        MM
LATEST                          MM
.................................................................

WIND (MPH)
AVERAGE WIND SPEED              11.9
RESULTANT WIND SPEED/DIRECTION   3/045
HIGHEST WIND SPEED/DIRECTION    44/320    DATE  03/05
HIGHEST GUST SPEED/DIRECTION    54/310    DATE  03/05

SKY COVER
POSSIBLE SUNSHINE (PERCENT)   MM
AVERAGE SKY COVER           0.50
NUMBER OF DAYS FAIR           14
NUMBER OF DAYS PC              4
NUMBER OF DAYS CLOUDY         13

AVERAGE RH (PERCENT)     82

WEATHER CONDITIONS. NUMBER OF DAYS WITH
  0
  0
  3
  0
  3
  0
  5
HAZE                      0

-  INDICATES NEGATIVE NUMBERS.
R  INDICATES RECORD WAS SET OR TIED.
MM INDICATES DATA IS MISSING.
T  INDICATES TRACE AMOUNT.

$$
