000
CXUS51 KRLX 031747
CLMPKB


CLIMATE REPORT
NATIONAL WEATHER SERVICE CHARLESTON WV
146 PM EDT TUE APR 3 2018

...................................

...THE PARKERSBURG WV CLIMATE SUMMARY FOR THE MONTH OF MARCH 2018...

CLIMATE NORMAL PERIOD 1981 TO 2010
CLIMATE RECORD PERIOD 1889 TO 2018

WEATHER         OBSERVED          NORMAL  DEPART  LAST YEAR`S
                 VALUE   DATE(S)  VALUE   FROM    VALUE  DATE(S)
                                          NORMAL
................................................................
TEMPERATURE (F)
RECORD
 HIGH              89   03/25/1929
 LOW               -5   03/03/1980
HIGHEST            68   03/29                         77
LOWEST             21   03/10                         15
AVG. MAXIMUM     49.5              54.1    -4.6     54.3
AVG. MINIMUM     29.6              32.8    -3.2     34.3
MEAN             39.6              43.5    -3.9     44.3
DAYS MAX >= 90      0               0.0     0.0        0
DAYS MAX <= 32      0               0.9    -0.9        0
DAYS MIN <= 32     24              15.4     8.6       14
DAYS MIN <= 0       0               0.0     0.0        0

PRECIPITATION (INCHES)
RECORD
 MAXIMUM         9.39   1963
 MINIMUM         0.10   1910
TOTALS           3.28              3.73   -0.45     4.55
DAILY AVG.       0.11              0.12   -0.01     0.15
DAYS >= .01        11              13.1    -2.1       13
DAYS >= .10         7               7.7    -0.7       10
DAYS >= .50         4               2.4     1.6
DAYS >= 1.00        0               0.7    -0.7        1
GREATEST
 24 HR. TOTAL    0.80   03/20 TO 03/20           03/31 TO 03/31
                                                          03/31 TO 03/31
                                                          03/31 TO 03/31
 STORM TOTAL       MM                                 MM
 (MM/DD(HH))            MM                    03/31(00) TO 03/31(00)
                                                 03/31(00) TO 03/31(00)1
                                                 03/31(00) TO 03/31(00)1

SNOWFALL (INCHES)
TOTALS             MM

DEGREE_DAYS
HEATING TOTAL     778               671     107      636
 SINCE 7/1       4433              4461     -28     3667
COOLING TOTAL       0                 3      -3        2
 SINCE 1/1          6                 3       3        6
..................................................

WIND (MPH)
AVERAGE WIND SPEED              7.1
HIGHEST WIND SPEED/DIRECTION    32/280    DATE  03/01
HIGHEST GUST SPEED/DIRECTION    49/270    DATE  03/01

SKY COVER
POSSIBLE SUNSHINE (PERCENT)    0
AVERAGE SKY COVER           0.50
NUMBER OF DAYS FAIR           15
NUMBER OF DAYS PC              2
NUMBER OF DAYS CLOUDY         14

AVERAGE RH (PERCENT)     58

WEATHER CONDITIONS. NUMBER OF DAYS WITH
THUNDERSTORM              0     MIXED PRECIP               0
HEAVY RAIN                1     RAIN                       5
LIGHT RAIN               10     FREEZING RAIN              0
LT FREEZING RAIN          0     HAIL                       0
HEAVY SNOW                1     SNOW                       2
LIGHT SNOW                8     SLEET                      0
FOG                      11     FOG W/VIS <= 1/4 MILE      0
HAZE                      7

-  INDICATES NEGATIVE NUMBERS.
R  INDICATES RECORD WAS SET OR TIED.
MM INDICATES DATA IS MISSING.
T  INDICATES TRACE AMOUNT.

$$
