000
CXUS53 KGRB 010834
CLMRHI


CLIMATE REPORT
NATIONAL WEATHER SERVICE GREEN BAY
331 AM CDT TUE MAY 1 2018

...................................

...THE RHINELANDER WI CLIMATE SUMMARY FOR THE MONTH OF APRIL 2018...

CLIMATE NORMAL PERIOD 1981 TO 2010
CLIMATE RECORD PERIOD 1908 TO 2018

WEATHER         OBSERVED          NORMAL  DEPART  LAST YEAR`S
                 VALUE   DATE(S)  VALUE   FROM    VALUE  DATE(S)
                                          NORMAL
................................................................
TEMPERATURE (F)
RECORD
 HIGH              92   04/28/1952
 LOW               -4   04/08/2018
                        04/06/2003
                        04/06/1982
HIGHEST            77   04/30        75       2       75  04/25
LOWEST             -4R  04/08        12     -16       24  04/12
                                                          04/01
AVG. MAXIMUM     43.4              53.3    -9.9     55.6
AVG. MINIMUM     19.8              29.8   -10.0     32.8
MEAN             31.6              41.6   -10.0     44.2
DAYS MAX >= 90      0               0.0     0.0        0
DAYS MAX <= 32      9               1.4     7.6        0
DAYS MIN <= 32     28              17.7    10.3       18
DAYS MIN <= 0       2               0.1     1.9        0

PRECIPITATION (INCHES)
RECORD
 MAXIMUM         6.93   2017
 MINIMUM         0.33   1946
TOTALS           2.58              2.58    0.00     6.93
DAILY AVG.       0.09              0.09    0.00     0.23
DAYS >= .01        12                MM      MM       14
DAYS >= .10         5                MM      MM       10
DAYS >= .50         1                MM      MM        6
DAYS >= 1.00        1                MM      MM        2
GREATEST
 STORM TOTAL       MM
 (MM/DD(HH))            MM

SNOWFALL (INCHES)
RECORDS
 TOTAL           28.1   2014
TOTALS           27.8                MM      MM      8.5
SINCE 7/1        99.9                MM      MM     65.8
DAYS >= TRACE      11                MM      MM        4
DAYS >= 1.0         4                MM      MM        2
GREATEST
 SNOW DEPTH        19   04/15                          2  04/27
                                                          04/11
 24 HR TOTAL     16.6   04/15 TO 04/15

DEGREE_DAYS
HEATING TOTAL     994               705     289      616
 SINCE 7/1       8809              8500     309     7279
COOLING TOTAL       0                 1      -1        0
 SINCE 1/1          0                 1      -1        0
.................................................................

WIND (MPH)
AVERAGE WIND SPEED              7.1
HIGHEST WIND SPEED/DIRECTION    25/080    DATE  04/14
HIGHEST GUST SPEED/DIRECTION    36/070    DATE  04/14

SKY COVER
POSSIBLE SUNSHINE (PERCENT)   MM
AVERAGE SKY COVER           0.40
NUMBER OF DAYS FAIR           14
NUMBER OF DAYS PC              9
NUMBER OF DAYS CLOUDY          7

AVERAGE RH (PERCENT)     62

WEATHER CONDITIONS. NUMBER OF DAYS WITH
THUNDERSTORM              0     MIXED PRECIP               0
HEAVY RAIN                0     RAIN                       1
LIGHT RAIN                4     FREEZING RAIN              0
LT FREEZING RAIN          0     HAIL                       0
HEAVY SNOW                2     SNOW                       4
LIGHT SNOW               12     SLEET                      0
FOG                      15     FOG W/VIS <= 1/4 MILE      4
HAZE                     10

-  INDICATES NEGATIVE NUMBERS.
R  INDICATES RECORD WAS SET OR TIED.
MM INDICATES DATA IS MISSING.
T  INDICATES TRACE AMOUNT.

$$
