000
CXUS54 KBMX 030054
CLMTCL


CLIMATE REPORT
NATIONAL WEATHER SERVICE BIRMINGHAM, AL
754 PM CDT MON APR 2 2018

...................................

...THE TUSCALOOSA CLIMATE SUMMARY FOR THE MONTH OF MARCH 2018...

CLIMATE NORMAL PERIOD 1981 TO 2010
CLIMATE RECORD PERIOD 1948 TO 2018

WEATHER         OBSERVED          NORMAL  DEPART  LAST YEAR`S
                 VALUE   DATE(S)  VALUE   FROM    VALUE  DATE(S)
                                          NORMAL
................................................................
TEMPERATURE (F)
RECORD
 HIGH              90   03/23/1995
 LOW               12   03/14/1993
HIGHEST            82   03/17        MM      MM       88  03/21
LOWEST             30   03/15        MM      MM       27  03/16
                        03/09
AVG. MAXIMUM     68.6              68.7    -0.1     70.7
AVG. MINIMUM     45.0              43.5     1.5     46.8
MEAN             56.8                               58.8
DAYS MAX >= 90      0               0.0     0.0        0
DAYS MAX <= 32      0               0.0     0.0        0
DAYS MIN <= 32      3               3.4    -0.4        4
DAYS MIN <= 0       0               0.0     0.0        0

PRECIPITATION (INCHES)
RECORD
 MAXIMUM        19.99   1976
 MINIMUM         1.12   1986
TOTALS           3.82              4.54   -0.72     3.72
DAILY AVG.       0.12              0.15   -0.03
DAYS >= .01        10               9.6     0.4
DAYS >= .10         7               6.9     0.1
DAYS >= .50         3               3.5    -0.5
DAYS >= 1.00        1               1.4    -0.4

DEGREE_DAYS
HEATING TOTAL     275               294     -19      236
 SINCE 7/1       2181              2384    -203     1539
COOLING TOTAL      28                18      10       50
 SINCE 1/1         82                23      59       69
.................................................................

WIND (MPH)
AVERAGE WIND SPEED              6.5
HIGHEST WIND SPEED/DIRECTION    26/200    DATE  03/24
HIGHEST GUST SPEED/DIRECTION    33/210    DATE  03/24

AVERAGE RH (PERCENT)     69

WEATHER CONDITIONS. NUMBER OF DAYS WITH
THUNDERSTORM              4     MIXED PRECIP               0
HEAVY RAIN                6     RAIN                       7
LIGHT RAIN               10     FREEZING RAIN              0
LT FREEZING RAIN          0     HAIL                       0
HEAVY SNOW                0     SNOW                       0
LIGHT SNOW                0     SLEET                      0
FOG                      15     FOG W/VIS <= 1/4 MILE      0
HAZE                      3

-  INDICATES NEGATIVE NUMBERS.
R  INDICATES RECORD WAS SET OR TIED.
MM INDICATES DATA IS MISSING.
T  INDICATES TRACE AMOUNT.

$$
