130
CXUS56 KSEW 011049
CLMUIL


CLIMATE REPORT
NATIONAL WEATHER SERVICE SEATTLE WA
349 AM PDT TUE MAY 1 2018

...................................

...THE QUILLAYUTE WA AIRPORT CLIMATE SUMMARY FOR THE MONTH OF APRIL 2018...

CLIMATE NORMAL PERIOD 1981 TO 2010
CLIMATE RECORD PERIOD 1966 TO 2018

WEATHER         OBSERVED          NORMAL  DEPART  LAST YEAR`S
                 VALUE   DATE(S)  VALUE   FROM    VALUE  DATE(S)
                                          NORMAL
................................................................
TEMPERATURE (F)
RECORD
 HIGH              84   04/30/2014
 LOW               23   04/01/1999
HIGHEST            76   04/24        MM      MM       66  04/16
LOWEST             30   04/22        MM      MM       33  04/11
AVG. MAXIMUM     55.1              54.8     0.3     53.8
AVG. MINIMUM     40.0              38.6     1.4     40.3
MEAN             47.5              46.7     0.8     47.0
DAYS MAX >= 90      0               0.0     0.0        0
DAYS MAX <= 32      0               0.0     0.0        0
DAYS MIN <= 32      3               3.7    -0.7        0
DAYS MIN <= 0       0               0.0     0.0        0

PRECIPITATION (INCHES)
RECORD
 MAXIMUM        14.43   2017
 MINIMUM         1.78   2004
TOTALS          10.95              7.85    3.10    14.43
DAILY AVG.       0.36              0.26    0.10     0.48
DAYS >= .01        22              19.0     3.0       26
DAYS >= .10        15              13.7     1.3       19
DAYS >= .50         7               5.6     1.4       12
DAYS >= 1.00        3               1.9     1.1        3
GREATEST
 24 HR. TOTAL    2.41   04/07 TO 04/07

DEGREE_DAYS
HEATING TOTAL     517               549     -32      532
 SINCE 7/1       4856              5042    -186     5013
COOLING TOTAL       0                 0       0        0
 SINCE 1/1          0                 0       0        0
.................................................................

WIND (MPH)
AVERAGE WIND SPEED              6.1
HIGHEST WIND SPEED/DIRECTION    24/190    DATE  04/10
HIGHEST GUST SPEED/DIRECTION    46/150    DATE  04/07

SKY COVER
POSSIBLE SUNSHINE (PERCENT)   MM
AVERAGE SKY COVER           0.70
NUMBER OF DAYS FAIR            5
NUMBER OF DAYS PC              7
NUMBER OF DAYS CLOUDY         18

AVERAGE RH (PERCENT)     80

WEATHER CONDITIONS. NUMBER OF DAYS WITH
  0
 10
  0
  0
  0
  0
  0
HAZE                      0

-  INDICATES NEGATIVE NUMBERS.
R  INDICATES RECORD WAS SET OR TIED.
MM INDICATES DATA IS MISSING.
T  INDICATES TRACE AMOUNT.

$$
