000
CXUS51 KALY 041308 CCA
CLSGFL

CLIMATE REPORT...CORRECTED SEASONAL PRECIPITATION
NATIONAL WEATHER SERVICE ALBANY NY
808 AM EST SUN MAR 4 2018

...................................

...THE GLENS FALLS NY CLIMATE SUMMARY FOR THE SEASON, FROM
12/1/2017 TO 2/28/2018...

CLIMATE NORMAL PERIOD 1981 TO 2010
CLIMATE RECORD PERIOD 1949 TO 2018

WEATHER         OBSERVED          NORMAL  DEPART  LAST YEAR`S
                 VALUE   DATE(S)  VALUE   FROM    VALUE  DATE(S)
                                          NORMAL
................................................................
TEMPERATURE (F)
HIGHEST            66   02/21                         70  02/25
LOWEST            -25   01/02                         -6  12/16
AVG. MAXIMUM     32.0              31.8     0.2     38.4
AVG. MINIMUM     11.4              11.1     0.3     20.1
MEAN             21.7              21.4     0.3     29.2
DAYS MAX >= 90      0               0.0     0.0        0
DAYS MAX <= 32     44              44.0     0.0       22
DAYS MIN <= 32     85              86.0    -1.0       77
DAYS MIN <= 0      22              19.6     2.4        4

PRECIPITATION (INCHES)
RECORD
 MAXIMUM        13.30   1949
 MINIMUM         3.23   1980
TOTALS           7.08              7.99   -0.91     7.56
DAILY AVG.       0.07              0.09   -0.02     0.09
DAYS >= .01        30              32.3    -2.3       33
DAYS >= .10        13              17.1    -4.1       18
DAYS >= .50         6               5.2     0.8        5
DAYS >= 1.00        0               1.5    -1.5        0
GREATEST
 24 HR. TOTAL    0.92   02/07 TO 02/07

DEGREE_DAYS
HEATING TOTAL    3889              3922     -33
 SINCE 7/1       5300              5620    -320
COOLING TOTAL       0                 0       0
 SINCE 1/1          0                 0       0

FREEZE DATES
RECORD
 EARLIEST     08/29/1982
 LATEST       06/01/2009
EARLIEST                        09/29
LATEST                          05/13
.................................................................

WIND (MPH)
AVERAGE WIND SPEED              5.1
HIGHEST WIND SPEED/DIRECTION    32/010    DATE  01/13
HIGHEST GUST SPEED/DIRECTION    39/020    DATE  01/13


WEATHER CONDITIONS. NUMBER OF DAYS WITH
THUNDERSTORM              0     MIXED PRECIP               0
HEAVY RAIN                1     RAIN                       3
LIGHT RAIN               16     FREEZING RAIN              2
LT FREEZING RAIN          7     HAIL                       0
HEAVY SNOW                2     SNOW                       7
LIGHT SNOW               27     SLEET                      1
FOG                      62     FOG W/VIS <= 1/4 MILE     22
HAZE                     30

-  INDICATES NEGATIVE NUMBERS.
R  INDICATES RECORD WAS SET OR TIED.
MM INDICATES DATA IS MISSING.
T  INDICATES TRACE AMOUNT.

$$
