812
CXUS52 KRAH 021641 RRC
CLSFAY
CLIMATE REPORT
NATIONAL WEATHER SERVICE RALEIGH NC
1128 AM EST WED DEC 02 2020
...................................
...THE FAYETTEVILLE REGL AIRPORT NC CLIMATE SUMMARY FOR THE SEASON, FROM
9/1/2020 TO 11/30/2020...
CLIMATE NORMAL PERIOD 1981 TO 2010
CLIMATE RECORD PERIOD 1910 TO 2020
WEATHER OBSERVED NORMAL DEPART LAST YEAR`S
VALUE DATE(S) VALUE FROM VALUE
NORMAL
..............................................................
TEMPERATURE (F)
RECORD
HIGH 106 09/18/1931
LOW 15 11/26/1950
HIGHEST 97 09/02
09/03
09/04
LOWEST 30 11/19
AVG. MAXIMUM 76.7 75.1 1.6
AVG. MINIMUM 56.0 52.8 3.2
MEAN 66.4 63.9 2.5
DAYS MAX >= 90 6 4.6 1.4
DAYS MAX <= 32 0 0.0 0.0
DAYS MIN <= 32 1 4.0 -3.0
DAYS MIN <= 0 0 0.0 0.0
PRECIPITATION (INCHES)
RECORD
MAXIMUM 26.95 2016
MINIMUM 2.03 1931
TOTALS 13.84 10.38 3.46
DAYS >= .01 29
DAYS >= 1.00 5
GREATEST
24 HR. TOTAL 5.12 11/11 TO 11/12
DEGREE DAYS
HEATING TOTAL 269 448 -179
SINCE 7/1 269 448 -179
COOLING TOTAL 418 352 66
SINCE 1/1 2163 1991 172
..............................................................
WIND (MPH)
AVERAGE WIND SPEED 6.4
HIGHEST WIND SPEED/DIRECTION 33/200 DATE 10/29
HIGHEST GUST SPEED/DIRECTION 49/200 DATE 10/29
SKY COVER
POSSIBLE SUNSHINE (PERCENT) MM
AVERAGE SKY COVER 0.37
NUMBER OF DAYS FAIR 47
NUMBER OF DAYS PC 31
NUMBER OF DAYS CLOUDY 13
AVERAGE RH (PERCENT) 72
WEATHER CONDITIONS. NUMBER OF DAYS WITH
THUNDERSTORM 5 MIXED PRECIP 0
HEAVY RAIN 9 RAIN 12
LIGHT RAIN 32 FREEZING RAIN 0
LT FREEZING RAIN 0 HAIL 0
HEAVY SNOW 0 SNOW 0
LIGHT SNOW 0 SLEET 0
FOG 50 FOG W/VIS <= 1/4 MILE 15
HAZE 4
- INDICATES NEGATIVE NUMBERS.
R INDICATES RECORD WAS SET OR TIED.
MM INDICATES DATA IS MISSING.
T INDICATES TRACE AMOUNT.
$$