842
CXUS54 KJAN 011530
CF6MEI
PRELIMINARY LOCAL CLIMATOLOGICAL DATA (WS FORM: F-6)
STATION: MERIDIAN
MONTH: OCTOBER
YEAR: 2020
LATITUDE: 32 19 N
LONGITUDE: 88 45 W
TEMPERATURE IN F: :PCPN: SNOW: WIND :SUNSHINE: SKY :PK WND
================================================================================
1 2 3 4 5 6A 6B 7 8 9 10 11 12 13 14 15 16 17 18
12Z AVG MX 2MIN
DY MAX MIN AVG DEP HDD CDD WTR SNW DPTH SPD SPD DIR MIN PSBL S-S WX SPD DR
================================================================================
1 84 52 68 -2 0 3 0.00 0.0 0 4.7 17 340 M M 0 23 340
2 76 47 62 -7 3 0 0.00 0.0 0 4.1 15 10 M M 0 19 360
3 76 44 60 -9 5 0 0.00 0.0 0 2.3 12 50 M M 0 16 50
4 81 48 65 -3 0 0 0.00 0.0 0 3.1 10 330 M M 0 14 350
5 81 54 68 0 0 3 0.00 0.0 0 4.2 12 50 M M 1 14 50
6 85 52 69 1 0 4 0.00 0.0 0 3.2 10 20 M M 0 17 30
7 90 59 75 8 0 10 0.00 0.0 0 3.0 10 50 M M 1 17 10
8 87 64 76 9 0 11 0.03 0.0 0 5.4 13 30 M M 1 1 19 50
9 82 68 75 9 0 10 0.82 0.0 0 9.5 18 100 M M 5 1 33 110
10 80 70 75 9 0 10 0.47 0.0 0 14.5 25 210 M M 10 1 37 190
11 76 70 73 7 0 8 0.09 0.0 0 5.4 13 270 M M 10 18 18 270
12 90 64 77 12 0 12 0.00 0.0 0 4.2 14 210 M M 5 12 20 200
13 82 53 68 3 0 3 0.00 0.0 0 5.9 15 350 M M 1 19 350
14 83 48 66 1 0 1 0.00 0.0 0 1.8 7 190 M M 0 8 9 250
15 84 52 68 4 0 3 0.00 0.0 0 3.2 21 10 M M 3 1 29 350
16 72 45 59 -5 6 0 T 0.0 0 10.6 25 20 M M 5 34 20
17 73 42 58 -6 7 0 0.00 0.0 0 4.1 16 80 M M 0 21 80
18 82 47 65 2 0 0 0.00 0.0 0 3.5 13 180 M M 2 17 170
19 87 57 72 9 0 7 0.00 0.0 0 3.1 12 150 M M 0 16 120
20 86 58 72 9 0 7 0.00 0.0 0 3.6 14 80 M M 1 1 18 80
21 87 63 75 13 0 10 0.00 0.0 0 4.8 13 100 M M 0 17 100
22 86 64 75 13 0 10 0.00 0.0 0 4.3 13 100 M M 2 16 100
23 87 64 76 14 0 11 0.16 0.0 0 2.3 12 220 M M 2 1 14 210
24 72 58 65 4 0 0 1.43 0.0 0 6.6 13 340 M M 8 13 17 360
25 70 57 64 3 1 0 0.00 0.0 0 4.3 9 350 M M 8 1 13 360
26 81 60 71 10 0 6 0.00 0.0 0 4.4 12 50 M M 6 1 14 30
27 76 61 69 9 0 4 0.97 0.0 0 5.3 9 60 M M 9 13 13 100
28 79 73 76 16 0 11 3.51 0.0 0 10.1 32 330 M M 9 1 45 330
29 74 50 62 2 3 0 T 0.0 0 11.1 22 290 M M 7 1 33 280
30 62 48 55 -5 10 0 0.00 0.0 0 10.2 20 360 M M 5 30 350
31 72 43 58 -1 7 0 0.00 0.0 0 2.4 9 40 M M 0 12 40
================================================================================
SM 2483 1735 42 144 7.48 0.0 165.2 M 101
================================================================================
AV 80.1 56.0 5.3 FASTST M M 3 MAX(MPH)
MISC ----> # 32 330 # 45 330
================================================================================
NOTES:
# LAST OF SEVERAL OCCURRENCES
COLUMN 17 PEAK WIND IN M.P.H.
PRELIMINARY LOCAL CLIMATOLOGICAL DATA (WS FORM: F-6) , PAGE 2
STATION: MERIDIAN
MONTH: OCTOBER
YEAR: 2020
LATITUDE: 32 19 N
LONGITUDE: 88 45 W
[TEMPERATURE DATA] [PRECIPITATION DATA] SYMBOLS USED IN COLUMN 16
AVERAGE MONTHLY: 68.0 TOTAL FOR MONTH: 7.48 1 = FOG OR MIST
DPTR FM NORMAL: 3.9 DPTR FM NORMAL: 3.72 2 = FOG REDUCING VISIBILITY
HIGHEST: 90 ON 12, 7 GRTST 24HR 3.51 ON 28-28 TO 1/4 MILE OR LESS
LOWEST: 42 ON 17 3 = THUNDER
SNOW, ICE PELLETS, HAIL 4 = ICE PELLETS
TOTAL MONTH: 0.0 INCH 5 = HAIL
GRTST 24HR 0.0 6 = FREEZING RAIN OR DRIZZLE
GRTST DEPTH: 0 7 = DUSTSTORM OR SANDSTORM:
VSBY 1/2 MILE OR LESS
8 = SMOKE OR HAZE
[NO. OF DAYS WITH] [WEATHER - DAYS WITH] 9 = BLOWING SNOW
X = TORNADO
MAX 32 OR BELOW: 0 0.01 INCH OR MORE: 8
MAX 90 OR ABOVE: 2 0.10 INCH OR MORE: 6
MIN 32 OR BELOW: 0 0.50 INCH OR MORE: 4
MIN 0 OR BELOW: 0 1.00 INCH OR MORE: 2
[HDD (BASE 65) ]
TOTAL THIS MO. 42 CLEAR (SCALE 0-3) 19
DPTR FM NORMAL -75 PTCLDY (SCALE 4-7) 7
TOTAL FM JUL 1 43 CLOUDY (SCALE 8-10) 5
DPTR FM NORMAL -81
[CDD (BASE 65) ]
TOTAL THIS MO. 144
DPTR FM NORMAL 54 [PRESSURE DATA]
TOTAL FM JAN 1 2489 HIGHEST SLP M ON M
DPTR FM NORMAL 476 LOWEST SLP 29.40 ON 10
[REMARKS]
#FINAL-10-20#