000
CXUS54 KAMA 250710
CF6DHT
PRELIMINARY LOCAL CLIMATOLOGICAL DATA (WS FORM: F-6)
STATION: DALHART
MONTH: APRIL
YEAR: 2024
LATITUDE: 36 1 N
LONGITUDE: 102 33 W
TEMPERATURE IN F: :PCPN: SNOW: WIND :SUNSHINE: SKY :PK WND
================================================================================
1 2 3 4 5 6A 6B 7 8 9 10 11 12 13 14 15 16 17 18
12Z AVG MX 2MIN
DY MAX MIN AVG DEP HDD CDD WTR SNW DPTH SPD SPD DIR MIN PSBL S-S WX SPD DR
================================================================================
1 69 39 54 2 11 0 0.78 M M 12.0 29 360 M M 4 1 39 360
2 61 36 49 -3 16 0 0.00 M M 16.8 36 360 M M 1 48 10
3 73 37 55 3 10 0 0.00 M M 9.1 20 10 M M 1 28 350
4 82 39 61 9 4 0 0.00 M M 8.6 22 230 M M 0 30 240
5 84 39 62 10 3 0 0.00 M M 19.3 36 180 M M 0 48 180
6 62 44 53 0 12 0 0.00 M M 24.6 41 250 M M 1 8 57 260
7 71 35 53 0 12 0 0.00 M M 14.3 28 250 M M 0 8 39 250
8 61 33 47 -6 18 0 0.00 M M 12.4 24 30 M M 0 34 30
9 51 34 43 -10 22 0 0.00 M M 8.7 17 180 M M 6 24 100
10 69 29 49 -5 16 0 0.00 M M 10.1 26 360 M M 1 1 35 10
11 68 36 52 -2 13 0 0.00 M M 10.0 20 210 M M 1 26 210
12 85 34 60 6 5 0 0.00 M M 12.5 28 200 M M 0 37 200
13 85 40 63 9 2 0 0.00 M M 10.7 24 250 M M 0 8 34 270
14 86 43 65 11 0 0 0.00 M M 8.3 16 190 M M 0 24 210
15 86 40 63 8 2 0 0.00 M M 18.2 39 220 M M 0 58 210
16 78 43 61 6 4 0 0.00 M M 12.7 25 320 M M 0 35 340
17 85 41 63 8 2 0 0.00 M M 10.2 22 250 M M 0 34 240
18 58 43 51 -4 14 0 0.00 M M 19.4 40 360 M M 4 8 55 360
19 63 39 51 -5 14 0 0.00 M M 11.6 21 80 M M 5 27 140
20 58 37 48 -8 17 0 0.00 M M 12.8 23 80 M M 5 31 70
21 65 35 50 -6 15 0 0.00 M M 8.7 21 210 M M 4 31 190
22 83 39 61 5 4 0 0.00 M M 16.7 29 220 M M 0 37 240
23 76 50 63 6 2 0 0.00 M M 16.5 35 20 M M 0 42 20
24 72 54 63 6 2 0 0.00 M M 12.1 20 140 M M 8 8 28 140
================================================================================
SM 1731 939 220 0 0.78 M 316.3 M 41
================================================================================
AV 72.1 39.1 13.2 FASTST M M 2 MAX(MPH)
MISC ----> 41 250 58 210
================================================================================
NOTES:
# LAST OF SEVERAL OCCURRENCES
COLUMN 17 PEAK WIND IN M.P.H.
PRELIMINARY LOCAL CLIMATOLOGICAL DATA (WS FORM: F-6) , PAGE 2
STATION: DALHART
MONTH: APRIL
YEAR: 2024
LATITUDE: 36 1 N
LONGITUDE: 102 33 W
[TEMPERATURE DATA] [PRECIPITATION DATA] SYMBOLS USED IN COLUMN 16
AVERAGE MONTHLY: 55.6 TOTAL FOR MONTH: 0.78 1 = FOG OR MIST
DPTR FM NORMAL: 1.5 DPTR FM NORMAL: -0.17 2 = FOG REDUCING VISIBILITY
HIGHEST: 86 ON 15,14 GRTST 24HR 0.78 ON 1- 1 TO 1/4 MILE OR LESS
LOWEST: 29 ON 10 3 = THUNDER
SNOW, ICE PELLETS, HAIL 4 = ICE PELLETS
TOTAL MONTH: M 5 = HAIL
GRTST 24HR M ON M 6 = FREEZING RAIN OR DRIZZLE
GRTST DEPTH: M ON M 7 = DUSTSTORM OR SANDSTORM:
VSBY 1/2 MILE OR LESS
8 = SMOKE OR HAZE
[NO. OF DAYS WITH] [WEATHER - DAYS WITH] 9 = BLOWING SNOW
X = TORNADO
MAX 32 OR BELOW: 0 0.01 INCH OR MORE: 1
MAX 90 OR ABOVE: 0 0.10 INCH OR MORE: 1
MIN 32 OR BELOW: 1 0.50 INCH OR MORE: 1
MIN 0 OR BELOW: 0 1.00 INCH OR MORE: 0
[HDD (BASE 65) ]
TOTAL THIS MO. 220 CLEAR (SCALE 0-3) 17
DPTR FM NORMAL -43 PTCLDY (SCALE 4-7) 7
TOTAL FM JUL 1 3884 CLOUDY (SCALE 8-10) 0
DPTR FM NORMAL -332
[CDD (BASE 65) ]
TOTAL THIS MO. 0
DPTR FM NORMAL -1 [PRESSURE DATA]
TOTAL FM JAN 1 0 HIGHEST SLP M ON M
DPTR FM NORMAL -2 LOWEST SLP 29.41 ON 15
[REMARKS]