000
CXUS54 KLZK 161230
CF6LRF
PRELIMINARY LOCAL CLIMATOLOGICAL DATA (WS FORM: F-6)
STATION: JACKSONVILLE/LITTLE ROCK AFB
MONTH: APRIL
YEAR: 2024
LATITUDE: 34 55 N
LONGITUDE: 92 9 W
TEMPERATURE IN F: :PCPN: SNOW: WIND :SUNSHINE: SKY :PK WND
================================================================================
1 2 3 4 5 6A 6B 7 8 9 10 11 12 13 14 15 16 17 18
12Z AVG MX 2MIN
DY MAX MIN AVG DEP HDD CDD WTR SNW DPTH SPD SPD DIR MIN PSBL S-S WX SPD DR
================================================================================
1 77 66 72 14 0 7 0.00 0.0 0 8.1 14 230 M M 8 21 230
2 78 50 64 6 1 0 T 0.0 0 14.9 23 280 M M 5 32 280
3 63 37 50 -8 15 0 0.00 0.0 0 8.5 23 300 M M 2 37 300
4 69 33 51 -8 14 0 0.00 0.0 0 6.6 18 260 M M 0 30 290
5 72 33 53 -6 12 0 0.00 0.0 0 3.4 9 110 M M 0 8 M M
6 76 54 65 6 0 0 0.00 0.0 0 8.7 15 140 M M 1 22 140
7 84 55 70 10 0 5 0.00 0.0 0 9.5 22 240 M M 6 32 240
8 85 42 64 4 1 0 0.05 0.0 0 4.4 17 130 M M 2 3 25 160
9 67 57 62 2 3 0 0.42 0.0 0 7.3 18 120 M M 8 1 21 150
10 70 56 63 3 2 0 0.12 0.0 0 6.2 15 320 M M 9 1 20 320
11 77 45 61 0 4 0 0.64 0.0 0 11.5 23 290 M M 3 1 36 290
12 78 37 58 -3 7 0 0.00 0.0 0 5.5 14 280 M M 0 22 280
13 84 45 65 4 0 0 0.00 0.0 0 6.2 17 230 M M 0 25 260
14 80 61 71 10 0 6 0.00 0.0 0 10.6 21 210 M M 5 28 210
15 81 57 69 7 0 4 T 0.0 M 3.3 13 160 M M 5 20 190
================================================================================
SM 1141 728 59 22 1.23 0.0 114.7 M 54
================================================================================
AV 76.1 48.5 7.6 FASTST M M 4 MAX(MPH)
MISC ----> # 23 280 37 300
================================================================================
NOTES:
# LAST OF SEVERAL OCCURRENCES
COLUMN 17 PEAK WIND IN M.P.H.
PRELIMINARY LOCAL CLIMATOLOGICAL DATA (WS FORM: F-6) , PAGE 2
STATION: JACKSONVILLE/LITTLE ROCK AFB
MONTH: APRIL
YEAR: 2024
LATITUDE: 34 55 N
LONGITUDE: 92 9 W
[TEMPERATURE DATA] [PRECIPITATION DATA] SYMBOLS USED IN COLUMN 16
AVERAGE MONTHLY: 62.3 TOTAL FOR MONTH: 1.23 1 = FOG OR MIST
DPTR FM NORMAL: 2.5 DPTR FM NORMAL: -1.28 2 = FOG REDUCING VISIBILITY
HIGHEST: 85 ON 8 GRTST 24HR 0.64 ON 11-11 TO 1/4 MILE OR LESS
LOWEST: 33 ON 5, 4 3 = THUNDER
SNOW, ICE PELLETS, HAIL 4 = ICE PELLETS
TOTAL MONTH: 0.0 INCH 5 = HAIL
GRTST 24HR 0.0 6 = FREEZING RAIN OR DRIZZLE
GRTST DEPTH: 0 7 = DUSTSTORM OR SANDSTORM:
VSBY 1/2 MILE OR LESS
8 = SMOKE OR HAZE
[NO. OF DAYS WITH] [WEATHER - DAYS WITH] 9 = BLOWING SNOW
X = TORNADO
MAX 32 OR BELOW: 0 0.01 INCH OR MORE: 4
MAX 90 OR ABOVE: 0 0.10 INCH OR MORE: 3
MIN 32 OR BELOW: 0 0.50 INCH OR MORE: 1
MIN 0 OR BELOW: 0 1.00 INCH OR MORE: 0
[HDD (BASE 65) ]
TOTAL THIS MO. 59 CLEAR (SCALE 0-3) 8
DPTR FM NORMAL -40 PTCLDY (SCALE 4-7) 5
TOTAL FM JUL 1 2727 CLOUDY (SCALE 8-10) 2
DPTR FM NORMAL -353
[CDD (BASE 65) ]
TOTAL THIS MO. 22
DPTR FM NORMAL 1 [PRESSURE DATA]
TOTAL FM JAN 1 53 HIGHEST SLP M ON M
DPTR FM NORMAL 16 LOWEST SLP M ON M
[REMARKS]