000
CXUS54 KLIX 190810
CF6MCB
PRELIMINARY LOCAL CLIMATOLOGICAL DATA (WS FORM: F-6)
STATION: MCCOMB
MONTH: APRIL
YEAR: 2024
LATITUDE: 31 10 N
LONGITUDE: 90 28 W
TEMPERATURE IN F: :PCPN: SNOW: WIND :SUNSHINE: SKY :PK WND
================================================================================
1 2 3 4 5 6A 6B 7 8 9 10 11 12 13 14 15 16 17 18
12Z AVG MX 2MIN
DY MAX MIN AVG DEP HDD CDD WTR SNW DPTH SPD SPD DIR MIN PSBL S-S WX SPD DR
================================================================================
1 81 67 74 11 0 9 0.00 0.0 M 12.5 22 170 M M 7 32 170
2 84 59 72 9 0 7 0.09 0.0 M 9.0 21 180 M M 8 13 30 190
3 71 49 60 -3 5 0 0.00 0.0 M 13.0 24 320 M M 1 34 310
4 74 34 54 -9 11 0 0.00 0.0 M 5.7 20 300 M M 0 29 310
5 79 41 60 -3 5 0 0.00 0.0 M 3.7 16 300 M M 0 8 24 290
6 77 50 64 0 1 0 0.00 0.0 M 5.0 13 160 M M 0 20 100
7 78 55 67 3 0 2 0.00 0.0 M 8.0 17 150 M M 8 1 24 150
8 73 60 67 3 0 2 0.42 0.0 M 7.6 28 310 M M 9 13 39 310
9 74 64 69 5 0 4 0.00 0.0 M 8.9 17 150 M M 10 1 27 140
10 70 61 66 2 0 1 1.42 0.0 M 8.8 32 250 M M 9 13 49 270
11 72 48 60 -4 5 0 0.06 M M 10.9 28 330 M M 5 1 45 350
12 77 42 60 -5 5 0 0.00 0.0 M 4.2 17 330 M M 0 24 360
13 82 44 63 -2 2 0 0.00 0.0 M 3.9 15 180 M M 0 20 180
14 79 51 65 0 0 0 0.00 0.0 M 6.3 20 160 M M 0 26 160
15 81 53 67 2 0 2 0.00 0.0 M 7.2 17 170 M M 4 12 23 170
16 82 67 75 9 0 10 0.00 0.0 M 11.9 22 150 M M 7 29 170
17 77 67 72 6 0 7 0.00 0.0 M 6.8 17 160 M M 7 18 22 170
18 80 66 73 7 0 8 0.00 0.0 M 7.5 17 170 M M 5 12 22 160
================================================================================
SM 1391 978 34 52 1.99 0.0 140.9 M 80
================================================================================
AV 77.3 54.3 7.8 FASTST M M 4 MAX(MPH)
MISC ----> 32 250 49 270
================================================================================
NOTES:
# LAST OF SEVERAL OCCURRENCES
COLUMN 17 PEAK WIND IN M.P.H.
PRELIMINARY LOCAL CLIMATOLOGICAL DATA (WS FORM: F-6) , PAGE 2
STATION: MCCOMB
MONTH: APRIL
YEAR: 2024
LATITUDE: 31 10 N
LONGITUDE: 90 28 W
[TEMPERATURE DATA] [PRECIPITATION DATA] SYMBOLS USED IN COLUMN 16
AVERAGE MONTHLY: 65.8 TOTAL FOR MONTH: 1.99 1 = FOG OR MIST
DPTR FM NORMAL: 1.5 DPTR FM NORMAL: -1.05 2 = FOG REDUCING VISIBILITY
HIGHEST: 84 ON 2 GRTST 24HR 1.46 ON 10-11 TO 1/4 MILE OR LESS
LOWEST: 34 ON 4 3 = THUNDER
SNOW, ICE PELLETS, HAIL 4 = ICE PELLETS
TOTAL MONTH: 0.0 INCH 5 = HAIL
GRTST 24HR 0.0 6 = FREEZING RAIN OR DRIZZLE
GRTST DEPTH: M ON M 7 = DUSTSTORM OR SANDSTORM:
VSBY 1/2 MILE OR LESS
8 = SMOKE OR HAZE
[NO. OF DAYS WITH] [WEATHER - DAYS WITH] 9 = BLOWING SNOW
X = TORNADO
MAX 32 OR BELOW: 0 0.01 INCH OR MORE: 4
MAX 90 OR ABOVE: 0 0.10 INCH OR MORE: 2
MIN 32 OR BELOW: 0 0.50 INCH OR MORE: 1
MIN 0 OR BELOW: 0 1.00 INCH OR MORE: 1
[HDD (BASE 65) ]
TOTAL THIS MO. 34 CLEAR (SCALE 0-3) 7
DPTR FM NORMAL -27 PTCLDY (SCALE 4-7) 8
TOTAL FM JUL 1 1792 CLOUDY (SCALE 8-10) 3
DPTR FM NORMAL -102
[CDD (BASE 65) ]
TOTAL THIS MO. 52
DPTR FM NORMAL 6 [PRESSURE DATA]
TOTAL FM JAN 1 98 HIGHEST SLP M ON M
DPTR FM NORMAL -7 LOWEST SLP 29.52 ON 10
[REMARKS]