000
CXUS54 KFWD 190731
CF6PSN
PRELIMINARY LOCAL CLIMATOLOGICAL DATA (WS FORM: F-6)
STATION: PALESTINE
MONTH: APRIL
YEAR: 2024
LATITUDE: 31 46 N
LONGITUDE: 95 42 W
TEMPERATURE IN F: :PCPN: SNOW: WIND :SUNSHINE: SKY :PK WND
================================================================================
1 2 3 4 5 6A 6B 7 8 9 10 11 12 13 14 15 16 17 18
12Z AVG MX 2MIN
DY MAX MIN AVG DEP HDD CDD WTR SNW DPTH SPD SPD DIR MIN PSBL S-S WX SPD DR
================================================================================
1 81 70 76 16 0 11 M M M 10.1 16 190 M M 7 18 30 170
2 73 54 64 3 1 0 0.01 M M 10.3 20 300 M M 4 18 28 300
3 73 41 57 -4 8 0 0.00 M M 6.5 18 270 M M 0 8 25 270
4 81 39 60 -1 5 0 0.00 M M 2.8 9 270 M M 0 8 16 270
5 84 50 67 6 0 2 0.00 M M 5.4 10 170 M M 0 16 170
6 82 55 69 7 0 4 0.00 M M 10.5 20 180 M M 3 28 180
7 79 61 70 8 0 5 0.00 M M 5.1 12 330 M M 5 1 17 300
8 82 61 72 10 0 7 0.55 M M 4.7 9 130 M M 8 138 17 90
9 70 61 66 4 0 1 3.35 M M 9.2 16 90 M M 7 123 24 80
10 66 55 61 -2 4 0 0.93 M M 8.9 18 270 M M 8 1 28 290
11 73 46 60 -3 5 0 0.00 M M 6.7 14 310 M M 1 22 310
12 79 45 62 -1 3 0 0.00 M M 3.6 8 190 M M 0 18 14 210
13 82 54 68 5 0 3 0.00 M M 8.1 17 190 M M 0 8 23 190
14 81 63 72 8 0 7 0.00 M M 8.6 15 190 M M 8 20 190
15 81 68 75 11 0 10 0.00 M M 8.7 15 140 M M 10 8 28 150
16 79 68 74 10 0 9 0.00 M M 6.9 17 190 M M 9 18 23 190
17 84 70 77 13 0 12 0.00 M M 5.7 14 130 M M 6 18 22 130
18 86 72 79 14 0 14 0.00 M M 5.5 8 M M M 8 18 15 160
================================================================================
SM 1416 1033 26 85 4.84 M 127.3 M 84
================================================================================
AV 78.7 57.4 7.1 FASTST M M 5 MAX(MPH)
MISC ----> # 20 300 30 170
================================================================================
NOTES:
# LAST OF SEVERAL OCCURRENCES
COLUMN 17 PEAK WIND IN M.P.H.
PRELIMINARY LOCAL CLIMATOLOGICAL DATA (WS FORM: F-6) , PAGE 2
STATION: PALESTINE
MONTH: APRIL
YEAR: 2024
LATITUDE: 31 46 N
LONGITUDE: 95 42 W
[TEMPERATURE DATA] [PRECIPITATION DATA] SYMBOLS USED IN COLUMN 16
AVERAGE MONTHLY: 68.0 TOTAL FOR MONTH: 4.84 1 = FOG OR MIST
DPTR FM NORMAL: 5.5 DPTR FM NORMAL: 2.99 2 = FOG REDUCING VISIBILITY
HIGHEST: 86 ON 18 GRTST 24HR 3.35 ON 9- 9 TO 1/4 MILE OR LESS
LOWEST: 39 ON 4 3 = THUNDER
SNOW, ICE PELLETS, HAIL 4 = ICE PELLETS
TOTAL MONTH: M 5 = HAIL
GRTST 24HR M ON M 6 = FREEZING RAIN OR DRIZZLE
GRTST DEPTH: M ON M 7 = DUSTSTORM OR SANDSTORM:
VSBY 1/2 MILE OR LESS
8 = SMOKE OR HAZE
[NO. OF DAYS WITH] [WEATHER - DAYS WITH] 9 = BLOWING SNOW
X = TORNADO
MAX 32 OR BELOW: 0 0.01 INCH OR MORE: 4
MAX 90 OR ABOVE: 0 0.10 INCH OR MORE: 3
MIN 32 OR BELOW: 0 0.50 INCH OR MORE: 3
MIN 0 OR BELOW: 0 1.00 INCH OR MORE: 1
[HDD (BASE 65) ]
TOTAL THIS MO. 26 CLEAR (SCALE 0-3) 7
DPTR FM NORMAL -55 PTCLDY (SCALE 4-7) 8
TOTAL FM JUL 1 1762 CLOUDY (SCALE 8-10) 3
DPTR FM NORMAL -574
[CDD (BASE 65) ]
TOTAL THIS MO. 85
DPTR FM NORMAL 49 [PRESSURE DATA]
TOTAL FM JAN 1 176 HIGHEST SLP M ON M
DPTR FM NORMAL 110 LOWEST SLP M ON M
[REMARKS]