000
CXUS55 KABQ 231010
CF6SAF
PRELIMINARY LOCAL CLIMATOLOGICAL DATA (WS FORM: F-6)
STATION: SANTA FE NM
MONTH: APRIL
YEAR: 2024
LATITUDE: 35 37 N
LONGITUDE: 106 5 W
TEMPERATURE IN F: :PCPN: SNOW: WIND :SUNSHINE: SKY :PK WND
================================================================================
1 2 3 4 5 6A 6B 7 8 9 10 11 12 13 14 15 16 17 18
12Z AVG MX 2MIN
DY MAX MIN AVG DEP HDD CDD WTR SNW DPTH SPD SPD DIR MIN PSBL S-S WX SPD DR
================================================================================
1 47 31 39 -8 26 0 T M M 9.4 22 360 M M 9 28 10
2 60 25 43 -4 22 0 0.00 M M 8.1 24 350 M M 1 33 350
3 69 29 49 1 16 0 0.00 M M 8.1 20 270 M M 0 27 250
4 72 31 52 4 13 0 0.00 M M 8.3 22 230 M M 0 29 230
5 72 38 55 7 10 0 0.00 M M 14.5 35 210 M M 1 57 190
6 55 29 42 -6 23 0 0.10 M M 20.5 38 300 M M 5 1 53 260
7 60 26 43 -5 22 0 0.00 M M 11.5 26 240 M M 0 37 250
8 61 31 46 -2 19 0 0.00 M M 12.2 29 170 M M 1 36 160
9 61 32 47 -2 18 0 T M M 9.6 22 130 M M 6 28 230
10 65 28 47 -2 18 0 0.00 M M 10.2 24 10 M M 0 30 10
11 69 34 52 3 13 0 0.00 M M 7.8 21 220 M M 0 34 230
12 79 37 58 9 7 0 0.00 M M 10.7 23 170 M M 0 31 180
13 74 36 55 5 10 0 0.00 M M 8.1 23 250 M M 0 33 250
14 74 38 56 6 9 0 0.00 M M 8.0 18 210 M M 0 25 240
15 65 33 49 -1 16 0 0.00 M M 12.7 38 280 M M 0 57 290
16 72 38 55 5 10 0 0.00 M M 9.2 20 250 M M 0 30 10
17 77 37 57 7 8 0 0.00 M M 10.9 28 250 M M 0 41 240
18 77 38 58 8 7 0 0.00 M M 11.1 29 120 M M 0 38 120
19 76 43 60 9 5 0 0.00 M M 15.3 36 120 M M 1 47 120
20 67 44 56 5 9 0 T M M 19.1 33 110 M M 3 3 43 110
21 66 37 52 1 13 0 0.00 M M 17.5 26 140 M M 1 36 140
22 78 33 56 4 9 0 0.00 M M 8.3 25 230 M M 1 38 240
================================================================================
SM 1496 748 303 0 0.10 M 251.1 M 29
================================================================================
AV 68.0 34.0 11.4 FASTST M M 1 MAX(MPH)
MISC ----> # 38 300 # 57 190
================================================================================
NOTES:
# LAST OF SEVERAL OCCURRENCES
COLUMN 17 PEAK WIND IN M.P.H.
PRELIMINARY LOCAL CLIMATOLOGICAL DATA (WS FORM: F-6) , PAGE 2
STATION: SANTA FE NM
MONTH: APRIL
YEAR: 2024
LATITUDE: 35 37 N
LONGITUDE: 106 5 W
[TEMPERATURE DATA] [PRECIPITATION DATA] SYMBOLS USED IN COLUMN 16
AVERAGE MONTHLY: 51.0 TOTAL FOR MONTH: 0.10 1 = FOG OR MIST
DPTR FM NORMAL: 1.8 DPTR FM NORMAL: -0.29 2 = FOG REDUCING VISIBILITY
HIGHEST: 79 ON 12 GRTST 24HR 0.10 ON 6- 6 TO 1/4 MILE OR LESS
LOWEST: 25 ON 2 3 = THUNDER
SNOW, ICE PELLETS, HAIL 4 = ICE PELLETS
TOTAL MONTH: M 5 = HAIL
GRTST 24HR M ON M 6 = FREEZING RAIN OR DRIZZLE
GRTST DEPTH: M ON M 7 = DUSTSTORM OR SANDSTORM:
VSBY 1/2 MILE OR LESS
8 = SMOKE OR HAZE
[NO. OF DAYS WITH] [WEATHER - DAYS WITH] 9 = BLOWING SNOW
X = TORNADO
MAX 32 OR BELOW: 0 0.01 INCH OR MORE: 1
MAX 90 OR ABOVE: 0 0.10 INCH OR MORE: 1
MIN 32 OR BELOW: 9 0.50 INCH OR MORE: 0
MIN 0 OR BELOW: 0 1.00 INCH OR MORE: 0
[HDD (BASE 65) ]
TOTAL THIS MO. 303 CLEAR (SCALE 0-3) 19
DPTR FM NORMAL -45 PTCLDY (SCALE 4-7) 2
TOTAL FM JUL 1 4548 CLOUDY (SCALE 8-10) 1
DPTR FM NORMAL -534
[CDD (BASE 65) ]
TOTAL THIS MO. 0
DPTR FM NORMAL 0 [PRESSURE DATA]
TOTAL FM JAN 1 0 HIGHEST SLP M ON M
DPTR FM NORMAL 0 LOWEST SLP 29.43 ON 6
[REMARKS]