000
CXUS53 KARX 010955
CLALSE
CLIMATE REPORT
NATIONAL WEATHER SERVICE LA CROSSE WI
355 AM CST MON JAN 01 2024
...................................
...THE LA CROSSE WI CLIMATE SUMMARY FOR THE YEAR OF 2023...
CLIMATE NORMAL PERIOD 1991 TO 2020
CLIMATE RECORD PERIOD 1872 TO 2023
WEATHER OBSERVED NORMAL DEPART LAST YEAR`S
VALUE DATE(S) VALUE FROM VALUE DATE(S)
NORMAL
................................................................
TEMPERATURE (F)
RECORD
HIGH 108 07/13/1995
07/14/1936
LOW -43 01/18/1873
HIGHEST 104 08/23 98 06/14
06/20
LOWEST -12 01/31 -18 01/26
AVG. MAXIMUM 60.6 58.6 2.0 57.1
AVG. MINIMUM 41.4 39.1 2.3 37.5
MEAN 51.0 48.9 2.1 47.3
DAYS MAX >= 90 30 17.5 12.5 15
DAYS MAX <= 32 37 59.4 -22.4 62
DAYS MIN <= 32 136 140.7 -4.7 140
DAYS MIN <= 0 5 19.6 -14.6 32
PRECIPITATION (INCHES)
RECORD
MAXIMUM 44.76 2016
MINIMUM 16.77 1910
TOTALS 27.67 35.23 -7.56 29.92
DAYS >= .01 112 122.9 -10.9 120
DAYS >= .10 61 67.7 -6.7 58
DAYS >= .50 15 23.1 -8.1 21
DAYS >= 1.00 6 8.2 -2.2 7
GREATEST
24 HR. TOTAL 1.93 10/12 TO 10/13 2.09 06/13 TO 06/13
SNOWFALL (INCHES)
RECORDS
TOTAL 91.4 1959
24 HR TOTAL 16.7 MM
TOTALS 47.9 46.3 1.6 34.9
DAYS >= TRACE 56 33.3 22.7 70
DAYS >= 1.0 17 13.3 3.7 13
GREATEST
SNOW DEPTH 10 02/24 9 12/22
02/25
12/23
12/24
24 HR TOTAL 6.5 0MM22 TO 02/22 0.3
DEGREE DAYS
HEATING TOTAL 6015 6788 -773 7308
COOLING TOTAL 1052 942 110 1019
................................................................
WIND (MPH)
AVERAGE WIND SPEED 7.9
HIGHEST GUST SPEED/DIRECTION 68/330 DATE 08/11
WEATHER CONDITIONS. NUMBER OF DAYS WITH
THUNDERSTORM 35 MIXED PRECIP 0
HEAVY RAIN 21 RAIN 27
LIGHT RAIN 102 FREEZING RAIN 1
LT FREEZING RAIN 4 HAIL 0
HEAVY SNOW 1 SNOW 8
LIGHT SNOW 52 SLEET 0
FOG 145 FOG W/VIS <= 1/4 MILE 19
HAZE 51
- INDICATES NEGATIVE NUMBERS.
R INDICATES RECORD WAS SET OR TIED.
MM INDICATES DATA IS MISSING.
T INDICATES TRACE AMOUNT.
$$