000
CXUS55 KABQ 011131
CLMCAO
CLIMATE REPORT
NATIONAL WEATHER SERVICE ALBUQUERQUE NM
431 AM MST FRI MAR 01 2024
...................................
...THE CLAYTON NM CLIMATE SUMMARY FOR THE MONTH OF FEBRUARY 2024...
CLIMATE NORMAL PERIOD 1991 TO 2020
CLIMATE RECORD PERIOD 1896 TO 2024
WEATHER OBSERVED NORMAL DEPART LAST YEAR`S
VALUE DATE(S) VALUE FROM VALUE DATE(S)
NORMAL
................................................................
TEMPERATURE (F)
RECORD
HIGH 83 02/11/2017
02/07/2015
LOW -18 02/11/1899
HIGHEST 74 02/25 MM MM 70 02/26
LOWEST 14 02/28 24 -10 6 02/16
02/24
AVG. MAXIMUM 55.0 52.0 3.0 53.8
AVG. MINIMUM 27.8 23.0 4.8 22.0
MEAN 41.4 37.5 3.9 37.9
DAYS MAX >= 90 0 0.0 0.0 0
DAYS MAX <= 32 2 2.1 -0.1 2
DAYS MIN <= 32 21 23.8 -2.8 26
DAYS MIN <= 0 0 0.3 -0.3 0
PRECIPITATION (INCHES)
TOTALS 0.58 0.30 0.28 0.42
DAILY AVG. 0.02 NAN NAN 0.02
DAYS >= .01 5 3.3 1.7 4
DAYS >= .10 2 1.2 0.8 1
DAYS >= .50 0 0.1 -0.1 0
DAYS >= 1.00 0 0.0 0.0 0
GREATEST
24 HR. TOTAL 0.40 02/10 TO 02/11 0.31
SNOWFALL (INCHES)
TOTALS 5.8 2.7 3.1 5.7
SINCE 7/1 19.6 17.1 2.5 MM
DAYS >= 1.0 1 1.0 0.0 1
GREATEST
SNOW DEPTH 4R 02/11 3 02/16
24 HR TOTAL MM 5.7
DEGREE DAYS
HEATING TOTAL 679 770 -91 749
SINCE 7/1 3313 3702 -389 MM
COOLING TOTAL 0 0 0 0
SINCE 1/1 0 0 0 MM
................................................................
WIND (MPH)
AVERAGE WIND SPEED 13.1
HIGHEST WIND SPEED/DIRECTION 46/270 DATE 02/27
HIGHEST GUST SPEED/DIRECTION 67/260 DATE 02/27
SKY COVER
AVERAGE SKY COVER 0.20
AVERAGE RH (PERCENT) 53
WEATHER CONDITIONS. NUMBER OF DAYS WITH
THUNDERSTORM 1 MIXED PRECIP 0
HEAVY RAIN 0 RAIN 1
LIGHT RAIN 4 FREEZING RAIN 0
LT FREEZING RAIN 1 HAIL 0
HEAVY SNOW 1 SNOW 1
LIGHT SNOW 3 SLEET 0
FOG 6 FOG W/VIS <= 1/4 MILE 2
HAZE 0
- INDICATES NEGATIVE NUMBERS.
R INDICATES RECORD WAS SET OR TIED.
MM INDICATES DATA IS MISSING.
T INDICATES TRACE AMOUNT.
$$