000
CXUS51 KCTP 010735
CLMJST
CLIMATE REPORT
NATIONAL WEATHER SERVICE STATE COLLEGE PA
235 AM EST FRI MAR 01 2024
...................................
...THE JOHNSTOWN CLIMATE SUMMARY FOR THE MONTH OF FEBRUARY 2024...
CLIMATE NORMAL PERIOD 1991 TO 2020
CLIMATE RECORD PERIOD 1892 TO 2024
WEATHER OBSERVED NORMAL DEPART LAST YEAR`S
VALUE DATE(S) VALUE FROM VALUE DATE(S)
NORMAL
................................................................
TEMPERATURE (F)
RECORD
HIGH 77 02/11/1932
LOW -17 02/10/1899
HIGHEST 60 02/27 67 02/15
LOWEST 14 02/17 2 02/04
02/18
AVG. MAXIMUM 44.1 36.3 7.8 47.3
AVG. MINIMUM 27.2 21.2 6.0 27.1
MEAN 35.7 28.7 7.0 37.2
DAYS MAX >= 90 0 0.0 0.0 0
DAYS MAX <= 32 4 13.0 -9.0 3
DAYS MIN <= 32 22 24.5 -2.5 21
DAYS MIN <= 0 0 0.9 -0.9 0
PRECIPITATION (INCHES)
RECORD
MAXIMUM 7.64 1893
MINIMUM 0.66 1968
TOTALS 2.76 2.53 0.23 2.78
DAILY AVG. 0.10 NAN NAN 0.10
DAYS >= .01 11 14.0 -3.0 9
DAYS >= .10 7 6.3 0.7 7
DAYS >= .50 2 1.3 0.7 1
DAYS >= 1.00 1 0.2 0.8 0
GREATEST
24 HR. TOTAL 1.12 02/28 TO 02/28 0.99 02/27 TO 02/28
DEGREE DAYS
HEATING TOTAL 843 1015 -172 769
SINCE 7/1 4028 4698 -670 MM
COOLING TOTAL 0 0 0 0
SINCE 1/1 0 0 0 MM
................................................................
WIND (MPH)
AVERAGE WIND SPEED 9.6
HIGHEST WIND SPEED/DIRECTION 38/290 DATE 02/28
HIGHEST GUST SPEED/DIRECTION 57/270 DATE 02/28
SKY COVER
POSSIBLE SUNSHINE (PERCENT) MM
AVERAGE SKY COVER 0.44
NUMBER OF DAYS FAIR 11
NUMBER OF DAYS PC 10
NUMBER OF DAYS CLOUDY 8
AVERAGE RH (PERCENT) 66
WEATHER CONDITIONS. NUMBER OF DAYS WITH
THUNDERSTORM 1 MIXED PRECIP 0
HEAVY RAIN 1 RAIN 3
LIGHT RAIN 10 FREEZING RAIN 0
LT FREEZING RAIN 1 HAIL 0
HEAVY SNOW 1 SLEET 0
FOG 9 FOG W/VIS <= 1/4 MILE 4
HAZE 3
- INDICATES NEGATIVE NUMBERS.
R INDICATES RECORD WAS SET OR TIED.
MM INDICATES DATA IS MISSING.
T INDICATES TRACE AMOUNT.
$$