000
CXUS51 KALY 012349
CLSDDH
CLIMATE REPORT
NATIONAL WEATHER SERVICE ALBANY NY
649 PM EST FRI MAR 01 2024
...................................
...THE BENNINGTON VT CLIMATE SUMMARY FOR THE SEASON, FROM
12/1/2023 TO 2/29/2024...
CLIMATE NORMAL PERIOD: 1991 TO 2020
CLIMATE RECORD PERIOD: 9999 TO 9999
WEATHER OBSERVED NORMAL DEPART LAST YEAR`S
VALUE DATE(S) VALUE FROM VALUE DATE(S)
NORMAL
................................................................
TEMPERATURE (F)
HIGHEST 66 02/27 62 02/15
LOWEST -3 01/21 -19 02/04
AVG. MAXIMUM 39.4 34.9 4.5 39.5
AVG. MINIMUM 23.6 16.0 7.6 21.5
MEAN 31.5 25.5 6.0 30.5
DAYS MAX >= 90 0 0.0 0.0 0
DAYS MAX <= 32 20 39.4 -19.4 18
DAYS MIN <= 32 73 81.5 -8.5 78
DAYS MIN <= 0 4 10.3 -6.3 2
PRECIPITATION (INCHES)
TOTALS MM 7.21 MM MM
DAILY AVG. 0.11 MM
DAYS >= .01 13 MM
DAYS >= .10 8 MM
DAYS >= .50 2 MM
DAYS >= 1.00 1 MM
GREATEST
24 HR. TOTAL 2.31 12/17 TO 12/18
DEGREE DAYS
HEATING TOTAL 3005 3554 -549 3081
SINCE 7/1 4373 5153 -780 MM
COOLING TOTAL 0 0 0 0
SINCE 1/1 0 0 0 MM
................................................................
WIND (MPH)
AVERAGE WIND SPEED 4.8
HIGHEST WIND SPEED/DIRECTION 37/150 DATE 01/13
HIGHEST GUST SPEED/DIRECTION 55/140 DATE 01/13
WEATHER CONDITIONS. NUMBER OF DAYS WITH
THUNDERSTORM 0 MIXED PRECIP 0
HEAVY RAIN 5 RAIN 10
LIGHT RAIN 24 FREEZING RAIN 0
LT FREEZING RAIN 1 HAIL 0
HEAVY SNOW 1 SNOW 3
LIGHT SNOW 30 SLEET 0
FOG 44 FOG W/VIS <= 1/4 MILE 6
HAZE 22
- INDICATES NEGATIVE NUMBERS.
R INDICATES RECORD WAS SET OR TIED.
MM INDICATES DATA IS MISSING.
T INDICATES TRACE AMOUNT.
$$