000
CXUS52 KRAH 032019 RRC
CLSFAY
CLIMATE REPORT
NATIONAL WEATHER SERVICE RALEIGH NC
304 PM EST WED MAR 03 2021
...................................
...THE FAYETTEVILLE REGL AIRPORT NC CLIMATE SUMMARY FOR THE SEASON, FROM
12/1/2020 TO 2/28/2021...
CLIMATE NORMAL PERIOD 1981 TO 2010
CLIMATE RECORD PERIOD 1910 TO 2021
WEATHER OBSERVED NORMAL DEPART LAST YEAR`S
VALUE DATE(S) VALUE FROM VALUE
NORMAL
..............................................................
TEMPERATURE (F)
RECORD
HIGH 86 12/20/1931
LOW 01/22/1985
01/21/1985
HIGHEST 83 02/28
LOWEST 21 12/26
AVG. MAXIMUM 55.0 56.1 -1.1
AVG. MINIMUM 35.0 34.6 0.4
MEAN 45.0 45.3 -0.3
DAYS MAX >= 90 0 0.0 0.0
DAYS MAX <= 32 0 0.6 -0.6
DAYS MIN <= 32 38 37.8 0.2
DAYS MIN <= 0 0 0.0 0.0
PRECIPITATION (INCHES)
RECORD
MAXIMUM 17.79 1997
MINIMUM 3.03 2004
TOTALS 14.58 8.71 5.87
DAYS >= .01 36
DAYS >= 1.00 1
GREATEST
24 HR. TOTAL 1.46 02/18 TO 02/19
DEGREE DAYS
HEATING TOTAL 1785 1777 8
SINCE 7/1 2054 2226 -172
..............................................................
WIND (MPH)
AVERAGE WIND SPEED 6.9
HIGHEST WIND SPEED/DIRECTION 41/230 DATE 12/24
HIGHEST GUST SPEED/DIRECTION 53/230 DATE 12/24
SKY COVER
POSSIBLE SUNSHINE (PERCENT) MM
AVERAGE SKY COVER 0.44
NUMBER OF DAYS FAIR 39
NUMBER OF DAYS PC 29
NUMBER OF DAYS CLOUDY 22
AVERAGE RH (PERCENT) 69
WEATHER CONDITIONS. NUMBER OF DAYS WITH
THUNDERSTORM 3 MIXED PRECIP 0
HEAVY RAIN 13 RAIN 18
LIGHT RAIN 41 FREEZING RAIN 0
LT FREEZING RAIN 0 HAIL 0
HEAVY SNOW 0 SNOW 0
LIGHT SNOW 3 SLEET 0
FOG 50 FOG W/VIS <= 1/4 MILE 13
HAZE 7
- INDICATES NEGATIVE NUMBERS.
R INDICATES RECORD WAS SET OR TIED.
MM INDICATES DATA IS MISSING.
T INDICATES TRACE AMOUNT.
&&
2020-2021 DECEMBER-JANUARY-FEBRUARY(DJF) WAS THE 9TH WETTEST DJF ON RECORD.
$$