000
CXUS51 KPHI 011246
CLM55N
CLIMATE REPORT
NATIONAL WEATHER SERVICE MOUNT HOLLY NJ
846 AM EDT FRI SEP 01 2023
...................................
...THE ATLANTIC CITY MARINA NJ CLIMATE SUMMARY FOR THE MONTH OF AUGUST 2023...
CLIMATE NORMAL PERIOD: 1991 TO 2020
CLIMATE RECORD PERIOD: 1873 TO 2023
WEATHER OBSERVED NORMAL DEPART LAST YEAR`S
VALUE DATE(S) VALUE FROM VALUE
NORMAL
..............................................................
TEMPERATURE (F)
RECORD
HIGH 104 08/07/1918
LOW 48 08/24/1890
HIGHEST 88 08/13 MM MM 89
08/15
LOWEST 64 08/02 MM MM 63
08/19
08/23
AVG. MAXIMUM 78.9 79.2 -0.3 80.5
AVG. MINIMUM 70.3 70.3 0.0 71.7
MEAN 74.6 74.8 -0.2 76.1
DAYS MAX >= 90 0 1.4 -1.4 0
DAYS MAX <= 32 0 0.0 0.0 0
DAYS MIN <= 32 0 0.0 0.0 0
DAYS MIN <= 0 0 0.0 0.0 0
PRECIPITATION (INCHES)
RECORD
MAXIMUM 14.87 1882
MINIMUM 0.16 1895
TOTALS 2.46 4.13 -1.67 0.71
DAILY AVG. 0.08 0.13 -0.05 0.02
DAYS >= .01 8 7.9 0.1 6
DAYS >= .10 5 5.3 -0.3 1
DAYS >= .50 1 2.7 -1.7 0
DAYS >= 1.00 1 1.3 -0.3 0
GREATEST
24 HR. TOTAL 1.30 08/30 TO 08/30 0.48
DEGREE DAYS
HEATING TOTAL 0 0 0 0
SINCE 7/1 0 0 0 MM
COOLING TOTAL 305 302 3 350
SINCE 1/1 816 823 -7 MM
..............................................................
WIND (MPH)
AVERAGE WIND SPEED 8.0
HIGHEST WIND SPEED/DIRECTION 20/240 DATE 08/07
20/080 08/22
- INDICATES NEGATIVE NUMBERS.
R INDICATES RECORD WAS SET OR TIED.
MM INDICATES DATA IS MISSING.
T INDICATES TRACE AMOUNT.
$$