000
CXUS53 KFSD 091752
CF6SPW
PRELIMINARY LOCAL CLIMATOLOGICAL DATA (WS FORM: F-6)
STATION: SPENCER
MONTH: FEBRUARY
YEAR: 2022
LATITUDE: 43 10 N
LONGITUDE: 95 9 W
TEMPERATURE IN F: :PCPN: SNOW: WIND :SUNSHINE: SKY :PK WND
================================================================================
1 2 3 4 5 6A 6B 7 8 9 10 11 12 13 14 15 16 17 18
12Z AVG MX 2MIN
DY MAX MIN AVG DEP HDD CDD WTR SNW DPTH SPD SPD DIR MIN PSBL S-S WX SPD DR
================================================================================
1 39 8 24 6 41 0 0.00 0.0 4 19.2 31 310 M M 1 41 320
2 8 -3 3 -15 62 0 0.00 0.0 4 16.6 25 350 M M 0 32 360
3 6 -9 -1 -19 66 0 0.00 0.0 4 7.0 16 360 M M 1 21 10
4 15 -6 5 -13 60 0 T T 4 11.9 24 330 M M 3 36 320
5 42 1 22 4 43 0 0.00 0.0 3 11.8 21 200 M M 2 35 190
6 32 1 17 -1 48 0 T T 3 10.3 23 340 M M 4 37 330
7 36 3 20 1 45 0 0.00 0.0 3 6.9 12 150 M M 5 M M
8 50 15 33 14 32 0 0.00 0.0 2 9.1 23 330 M M 2 30 330
9 40 26 33 14 32 0 0.00 0.0 2 19.2 33 320 M M 9 50 330
10 46 15 31 11 34 0 0.19 0.0 T 14.7 25 220 M M 7 41 240
11 41 4 23 3 42 0 T T T 26.5 36 330 M M 5 51 330
12 17 -3 7 -13 58 0 0.03 0.3 T 8.2 22 340 M M 5 30 340
13 17 0 9 -11 56 0 T T T 9.9 20 180 M M 4 26 360
14 26 11 19 -2 46 0 T T T 10.1 22 350 M M 2 8 27 360
15 46 15 31 10 34 0 0.00 0.0 T 14.0 29 140 M M 0 1 39 150
16 30 16 23 2 42 0 0.00 0.0 T 18.1 29 350 M M 5 18 38 340
17 19 4 12 -10 53 0 0.00 0.0 T 12.7 31 350 M M 2 43 340
18 49 11 30 8 35 0 T 0.0 0 18.9 40 330 M M 3 51 330
19 33 1 17 -5 48 0 0.00 0.0 0 15.4 32 190 M M 1 41 190
20 57 24 41 18 24 0 0.00 0.0 0 16.8 26 210 M M 0 40 210
21 32 18 25 2 40 0 T T T 20.4 30 20 M M 7 168 38 20
22 18 -2 8 -15 57 0 0.03 0.2 T 24.4 33 340 M M 9 89 44 350
23 9 -6 2 -22 63 0 0.00 0.0 T 11.7 22 340 M M 5 8 29 340
24 10 -1 5 -19 60 0 0.09 1.0 1 12.0 20 20 M M 7 23 20
25 15 -10 3 -21 62 0 T T 1 7.4 13 330 M M 1 16 330
26 42 0 21 -4 44 0 0.00 0.0 T 11.7 21 270 M M 0 26 270
27 50 14 32 7 33 0 0.00 0.0 0 6.2 14 260 M M 0 20 220
28 60 23 42 16 23 0 0.00 0.0 0 10.5 29 270 M M 1 8 40 270
================================================================================
SM 885 170 1283 0 0.34 1.5 381.6 M 91
================================================================================
AV 31.6 6.1 13.6 FASTST M M 3 MAX(MPH)
MISC ----> 40 330 51 330
================================================================================
NOTES:
# LAST OF SEVERAL OCCURRENCES
COLUMN 17 PEAK WIND IN M.P.H.
PRELIMINARY LOCAL CLIMATOLOGICAL DATA (WS FORM: F-6) , PAGE 2
STATION: SPENCER
MONTH: FEBRUARY
YEAR: 2022
LATITUDE: 43 10 N
LONGITUDE: 95 9 W
[TEMPERATURE DATA] [PRECIPITATION DATA] SYMBOLS USED IN COLUMN 16
AVERAGE MONTHLY: 18.8 TOTAL FOR MONTH: 0.34 1 = FOG OR MIST
DPTR FM NORMAL: -2.3 DPTR FM NORMAL: -0.01 2 = FOG REDUCING VISIBILITY
HIGHEST: 60 ON 28 GRTST 24HR 0.19 ON 10-10 TO 1/4 MILE OR LESS
LOWEST: -10 ON 25 3 = THUNDER
SNOW, ICE PELLETS, HAIL 4 = ICE PELLETS
TOTAL MONTH: 1.5 INCHES 5 = HAIL
GRTST 24HR 1.0 ON 24-24 6 = FREEZING RAIN OR DRIZZLE
GRTST DEPTH: 4 ON 4, 3 7 = DUSTSTORM OR SANDSTORM:
VSBY 1/2 MILE OR LESS
8 = SMOKE OR HAZE
[NO. OF DAYS WITH] [WEATHER - DAYS WITH] 9 = BLOWING SNOW
X = TORNADO
MAX 32 OR BELOW: 14 0.01 INCH OR MORE: 4
MAX 90 OR ABOVE: 0 0.10 INCH OR MORE: 1
MIN 32 OR BELOW: 28 0.50 INCH OR MORE: 0
MIN 0 OR BELOW: 10 1.00 INCH OR MORE: 0
[HDD (BASE 65) ]
TOTAL THIS MO. 1283 CLEAR (SCALE 0-3) 16
DPTR FM NORMAL 54 PTCLDY (SCALE 4-7) 10
TOTAL FM JUL 1 5095 CLOUDY (SCALE 8-10) 2
DPTR FM NORMAL -744
[CDD (BASE 65) ]
TOTAL THIS MO. 0
DPTR FM NORMAL 0 [PRESSURE DATA]
TOTAL FM JAN 1 0 HIGHEST SLP 30.76 ON 23
DPTR FM NORMAL 0 LOWEST SLP 29.48 ON 10
[REMARKS]
#FINAL-02-22#