000
CXUS51 KPHI 280815
CF655N
PRELIMINARY LOCAL CLIMATOLOGICAL DATA (WS FORM: F-6)
STATION: ATLANTIC CITY MARINA NJ
MONTH: MARCH
YEAR: 2024
LATITUDE: 39 22 N
LONGITUDE: 74 25 W
TEMPERATURE IN F: :PCPN: SNOW: WIND :SUNSHINE: SKY :PK WND
================================================================================
1 2 3 4 5 6A 6B 7 8 9 10 11 12 13 14 15 16 17 18
12Z AVG MX 2MIN
DY MAX MIN AVG DEP HDD CDD WTR SNW DPTH SPD SPD DIR MIN PSBL S-S WX SPD DR
================================================================================
1 43 34 39 -1 26 0 0.00 M M 8.2 14 150 M M M 21 150
2 52 43 48 8 17 0 1.14 M M 11.4 23 170 M M M 39 170
3 58 47 53 13 12 0 0.00 M M 6.7 11 230 M M M 19 290
4 52 43 48 8 17 0 0.00 M M 9.3 20 90 M M M 25 90
5 52 43 48 8 17 0 0.70 M M 10.7 18 70 M M M 34 70
6 55 45 50 10 15 0 1.60 M M 6.5 17 50 M M M 27 50
7 53 48 51 10 14 0 0.34 M M 6.5 12 40 M M M 26 30
8 50 42 46 5 19 0 0.00 M M 9.8 16 90 M M M 25 50
9 53 41 47 6 18 0 0.61 M M 15.1 26 170 M M M 42 170
10 53 36 45 4 20 0 0.00 M M 15.5 29 290 M M M 50 300
11 52 38 45 4 20 0 0.00 M M 14.1 21 290 M M M 46 290
12 66 42 54 12 11 0 0.00 M M 9.1 15 290 M M M 31 300
13 65 48 57 15 8 0 0.00 M M 5.4 14 230 M M M 21 230
14 66 52 59 17 6 0 0.00 M M 8.4 16 210 M M M 29 220
15 72 48 60 18 5 0 0.19 M M 9.5 16 80 M M M 26 290
16 52 46 49 7 16 0 0.00 M M 8.6 19 220 M M M 30 230
17 64 49 57 14 8 0 0.00 M M 8.9 18 220 M M M 31 210
18 53 38 46 3 19 0 0.00 M M 9.6 15 330 M M M 30 300
19 46 35 41 -2 24 0 0.00 M M 10.2 18 260 M M M 33 310
20 62 39 51 8 14 0 0.00 M M 12.7 27 330 M M M 44 330
21 44 32 38 -6 27 0 0.00 M M 7.8 14 290 M M M 28 320
22 46 32 39 -5 26 0 0.00 M M 8.1 13 120 M M M 19 120
23 55 34 45 1 20 0 1.22 M M 15.2 25 330 M M M 45 330
24 43 32 38 -6 27 0 0.00 M M 11.5 19 330 M M M 36 330
25 45 38 42 -3 23 0 0.00 M M 13.6 19 70 M M M 33 60
26 43 40 42 -3 23 0 0.00 M M 13.1 22 80 M M M 30 70
27 45 42 44 -1 21 0 0.28 M M 6.0 16 90 M M M 21 90
================================================================================
SM 1440 1107 473 0 6.08 M 271.5 M M
================================================================================
AV 53.3 41.0 10.1 FASTST M M M MAX(MPH)
MISC ----> 29 290 50 300
================================================================================
NOTES:
# LAST OF SEVERAL OCCURRENCES
COLUMN 17 PEAK WIND IN M.P.H.
PRELIMINARY LOCAL CLIMATOLOGICAL DATA (WS FORM: F-6) , PAGE 2
STATION: ATLANTIC CITY MARINA NJ
MONTH: MARCH
YEAR: 2024
LATITUDE: 39 22 N
LONGITUDE: 74 25 W
[TEMPERATURE DATA] [PRECIPITATION DATA] SYMBOLS USED IN COLUMN 16
AVERAGE MONTHLY: 47.2 TOTAL FOR MONTH: 6.08 1 = FOG OR MIST
DPTR FM NORMAL: 5.0 DPTR FM NORMAL: 2.33 2 = FOG REDUCING VISIBILITY
HIGHEST: 72 ON 15 GRTST 24HR 1.60 ON 6- 6 TO 1/4 MILE OR LESS
LOWEST: 32 ON 24,22 3 = THUNDER
SNOW, ICE PELLETS, HAIL 4 = ICE PELLETS
TOTAL MONTH: M 5 = HAIL
GRTST 24HR M ON M 6 = FREEZING RAIN OR DRIZZLE
GRTST DEPTH: M ON M 7 = DUSTSTORM OR SANDSTORM:
VSBY 1/2 MILE OR LESS
8 = SMOKE OR HAZE
[NO. OF DAYS WITH] [WEATHER - DAYS WITH] 9 = BLOWING SNOW
X = TORNADO
MAX 32 OR BELOW: 0 0.01 INCH OR MORE: 8
MAX 90 OR ABOVE: 0 0.10 INCH OR MORE: 8
MIN 32 OR BELOW: 3 0.50 INCH OR MORE: 5
MIN 0 OR BELOW: 0 1.00 INCH OR MORE: 3
[HDD (BASE 65) ]
TOTAL THIS MO. 473 CLEAR (SCALE 0-3) 0
DPTR FM NORMAL -144 PTCLDY (SCALE 4-7) 0
TOTAL FM JUL 1 3256 CLOUDY (SCALE 8-10) 27
DPTR FM NORMAL -498
[CDD (BASE 65) ]
TOTAL THIS MO. 0
DPTR FM NORMAL 0 [PRESSURE DATA]
TOTAL FM JAN 1 0 HIGHEST SLP M ON M
DPTR FM NORMAL 0 LOWEST SLP 31.99 ON 1
[REMARKS]